{"id":5411,"date":"2022-05-24T06:18:11","date_gmt":"2022-05-24T04:18:11","guid":{"rendered":"https:\/\/wegeblw.pl\/index.php\/produkt\/miasto-trumien\/"},"modified":"2026-04-06T23:50:17","modified_gmt":"2026-04-06T21:50:17","slug":"miasto-trumien","status":"publish","type":"product","link":"https:\/\/wegeblw.pl\/index.php\/produkt\/miasto-trumien\/","title":{"rendered":"Miasto Trumien"},"content":{"rendered":"<p>Siedem si\u00f3str<\/p>\n<p>Nastrojowa, pe\u0142na magii saga rodzinna. Ka\u017cda z nich jest inna. Ka\u017cda urodzi\u0142a si\u0119 w innej cz\u0119\u015bci \u015bwiata i u\u0142o\u017cy\u0142a sobie \u017cycie z dala od pozosta\u0142ych si\u00f3str. Przybrany ojciec tajemniczy Pa Salt nada\u0142 im imiona mitycznych Plejad. Kiedy sze\u015b\u0107 m\u0142odych kobiet dowiaduje si\u0119 o jego \u015bmierci, wszystkie, niczym ptaki do gniazda, sfruwaj\u0105 do rodzinnego domu bajecznego zameczku nad Jeziorem Genewskim a tam czekaj\u0105 na nie zaszyfrowane wiadomo\u015bci na temat ich pochodzenia.Najstarsza z si\u00f3str, id\u0105c za wskaz\u00f3wkami Pa Salta, dociera do Rio de Janeiro, gdzie przystojny brazylijski pisarz pokazuje jej uroki miasta i pomaga odkry\u0107 zagmatwan\u0105 przesz\u0142o\u015b\u0107 jej rodziny. Osiemdziesi\u0105t lat wcze\u015bniej jej prababka Izabela, c\u00f3rka plantatora kawy, na \u017cyczenie ojca zar\u0119czy\u0142a si\u0119 z arystokrat\u0105, kt\u00f3rego nie kocha\u0142a.Narzeczony by\u0142 na tyle wspania\u0142omy\u015blny, \u017ce zgodzi\u0142 si\u0119 na jej wyjazd z przyjaci\u00f3\u0142k\u0105 do Pary\u017ca. W t\u0119tni\u0105cym \u017cyciem Mie\u015bcie \u015awiat\u0142a spragniona przyg\u00f3d dziewczyna spotka\u0142a ambitnego m\u0142odego rze\u017abiarza. I poczu\u0142a, \u017ce nic ju\u017c nie b\u0119dzie takie jak wcze\u015bniej. Czy historia prababki i matki pozwoli Mai odnale\u017a\u0107 drog\u0119 do w\u0142asnego szcz\u0119\u015bcia?<\/p>\n<p>Powie\u015bci i opowiadania<\/p>\n<p>ry\u017c b\u0142yskawiczny, przyprawa do tacos, zupa tajska tom yum, kominek na olej<\/p>\n<p>yyyyy<\/p>\n","protected":false},"excerpt":{"rendered":"<p>Siedem si\u00f3str Nastrojowa, pe\u0142na magii saga rodzinna. Ka\u017cda z nich jest inna. Ka\u017cda urodzi\u0142a si\u0119 w innej cz\u0119\u015bci \u015bwiata i&hellip;<\/p>\n","protected":false},"featured_media":5412,"comment_status":"closed","ping_status":"open","template":"","meta":[],"product_cat":[383],"product_tag":[815,777,792],"class_list":["post-5411","product","type-product","status-publish","has-post-thumbnail","hentry","product_cat-literatura-sensacyjna-i-grozy","product_tag-margaryny-bez-oleju-palmowego","product_tag-mieso-wege","product_tag-vigo"],"_links":{"self":[{"href":"https:\/\/wegeblw.pl\/index.php\/wp-json\/wp\/v2\/product\/5411","targetHints":{"allow":["GET"]}}],"collection":[{"href":"https:\/\/wegeblw.pl\/index.php\/wp-json\/wp\/v2\/product"}],"about":[{"href":"https:\/\/wegeblw.pl\/index.php\/wp-json\/wp\/v2\/types\/product"}],"replies":[{"embeddable":true,"href":"https:\/\/wegeblw.pl\/index.php\/wp-json\/wp\/v2\/comments?post=5411"}],"wp:featuredmedia":[{"embeddable":true,"href":"https:\/\/wegeblw.pl\/index.php\/wp-json\/wp\/v2\/media\/5412"}],"wp:attachment":[{"href":"https:\/\/wegeblw.pl\/index.php\/wp-json\/wp\/v2\/media?parent=5411"}],"wp:term":[{"taxonomy":"product_cat","embeddable":true,"href":"https:\/\/wegeblw.pl\/index.php\/wp-json\/wp\/v2\/product_cat?post=5411"},{"taxonomy":"product_tag","embeddable":true,"href":"https:\/\/wegeblw.pl\/index.php\/wp-json\/wp\/v2\/product_tag?post=5411"}],"curies":[{"name":"wp","href":"https:\/\/api.w.org\/{rel}","templated":true}]}}