{"id":5458,"date":"2022-07-07T15:48:32","date_gmt":"2022-07-07T13:48:32","guid":{"rendered":"https:\/\/wegeblw.pl\/index.php\/produkt\/mapa-babia-gora-zawoja-130-000\/"},"modified":"2026-04-10T04:24:05","modified_gmt":"2026-04-10T02:24:05","slug":"mapa-babia-gora-zawoja-130-000","status":"publish","type":"product","link":"https:\/\/wegeblw.pl\/index.php\/produkt\/mapa-babia-gora-zawoja-130-000\/","title":{"rendered":"Mapa &#8211; Babia G\u00f3ra, Zawoja 1:30 000"},"content":{"rendered":"<p>Okulary S\u0142oneczne Vogue Kids<\/p>\n<p>Okulary przeciws\u0142oneczne damskie<\/p>\n<p>kolorowy liquid, stawosan q7 krem laurowy, zio\u0142a na oskrzela, bob snail gdzie kupi\u0107, kurkuma w kroplach, ro\u015blina czystek, leki na pozbycie si\u0119 wody z organizmu, pektyny czy s\u0105 zdrowe, kolendra, kwas kaprylowy zastosowanie, pomys\u0142y na obiad wege, mucha, propolis w kroplach<\/p>\n<p><a href=\"https:\/\/enklawa-institute.pl\/zabiegi\/laser-diodowy-depilacja\/\">depilacja laserowa szczecin<\/a><\/p>\n","protected":false},"excerpt":{"rendered":"<p>Okulary S\u0142oneczne Vogue Kids Okulary przeciws\u0142oneczne damskie kolorowy liquid, stawosan q7 krem laurowy, zio\u0142a na oskrzela, bob snail gdzie kupi\u0107,&hellip;<\/p>\n","protected":false},"featured_media":5459,"comment_status":"closed","ping_status":"open","template":"","meta":[],"product_cat":[393],"product_tag":[627,780,743],"class_list":["post-5458","product","type-product","status-publish","has-post-thumbnail","hentry","product_cat-literatura-podroznicza-i-przewodniki","product_tag-agnieszka-cegielska-blog","product_tag-b12","product_tag-siemie-lniane"],"_links":{"self":[{"href":"https:\/\/wegeblw.pl\/index.php\/wp-json\/wp\/v2\/product\/5458","targetHints":{"allow":["GET"]}}],"collection":[{"href":"https:\/\/wegeblw.pl\/index.php\/wp-json\/wp\/v2\/product"}],"about":[{"href":"https:\/\/wegeblw.pl\/index.php\/wp-json\/wp\/v2\/types\/product"}],"replies":[{"embeddable":true,"href":"https:\/\/wegeblw.pl\/index.php\/wp-json\/wp\/v2\/comments?post=5458"}],"wp:featuredmedia":[{"embeddable":true,"href":"https:\/\/wegeblw.pl\/index.php\/wp-json\/wp\/v2\/media\/5459"}],"wp:attachment":[{"href":"https:\/\/wegeblw.pl\/index.php\/wp-json\/wp\/v2\/media?parent=5458"}],"wp:term":[{"taxonomy":"product_cat","embeddable":true,"href":"https:\/\/wegeblw.pl\/index.php\/wp-json\/wp\/v2\/product_cat?post=5458"},{"taxonomy":"product_tag","embeddable":true,"href":"https:\/\/wegeblw.pl\/index.php\/wp-json\/wp\/v2\/product_tag?post=5458"}],"curies":[{"name":"wp","href":"https:\/\/api.w.org\/{rel}","templated":true}]}}