{"id":5550,"date":"2013-07-10T05:29:19","date_gmt":"2013-07-10T03:29:19","guid":{"rendered":"https:\/\/wegeblw.pl\/index.php\/produkt\/explore-guide-light-albania-przewodnik-mapa\/"},"modified":"2026-04-08T19:14:23","modified_gmt":"2026-04-08T17:14:23","slug":"explore-guide-light-albania-przewodnik-mapa","status":"publish","type":"product","link":"https:\/\/wegeblw.pl\/index.php\/produkt\/explore-guide-light-albania-przewodnik-mapa\/","title":{"rendered":"Explore! guide light Albania przewodnik + mapa"},"content":{"rendered":"<p>Witamina D: D3 z olejem lnianym, 180 kapsu\u0142ek<\/p>\n<p>Minera\u0142y i witaminy<\/p>\n<p>jak zrobi\u0107 peeling sk\u00f3ry g\u0142owy, goodness, syrop z agawy zamiennik, worek na muchy, la cuisine, naturalny naw\u00f3z do winogron, kurkuma na watrobe, aloes ferox, olej z pestek moreli dawkowanie, niedobory cynku, m\u0105ka \u017cytnia razowa typ 2000 do czego, 50 g cukru<\/p>\n<p><a href=\"https:\/\/enklawa-institute.pl\/zabiegi\/laser-frakcyjny\/\">laser szczecin<\/a><\/p>\n","protected":false},"excerpt":{"rendered":"<p>Witamina D: D3 z olejem lnianym, 180 kapsu\u0142ek Minera\u0142y i witaminy jak zrobi\u0107 peeling sk\u00f3ry g\u0142owy, goodness, syrop z agawy&hellip;<\/p>\n","protected":false},"featured_media":5551,"comment_status":"closed","ping_status":"open","template":"","meta":[],"product_cat":[393],"product_tag":[621,675,858,784,735,796],"class_list":["post-5550","product","type-product","status-publish","has-post-thumbnail","hentry","product_cat-literatura-podroznicza-i-przewodniki","product_tag-ekowital","product_tag-limonki","product_tag-majonez-vitapol","product_tag-mieso-weganskie","product_tag-na-dobranoc","product_tag-pasta-misi"],"_links":{"self":[{"href":"https:\/\/wegeblw.pl\/index.php\/wp-json\/wp\/v2\/product\/5550","targetHints":{"allow":["GET"]}}],"collection":[{"href":"https:\/\/wegeblw.pl\/index.php\/wp-json\/wp\/v2\/product"}],"about":[{"href":"https:\/\/wegeblw.pl\/index.php\/wp-json\/wp\/v2\/types\/product"}],"replies":[{"embeddable":true,"href":"https:\/\/wegeblw.pl\/index.php\/wp-json\/wp\/v2\/comments?post=5550"}],"wp:featuredmedia":[{"embeddable":true,"href":"https:\/\/wegeblw.pl\/index.php\/wp-json\/wp\/v2\/media\/5551"}],"wp:attachment":[{"href":"https:\/\/wegeblw.pl\/index.php\/wp-json\/wp\/v2\/media?parent=5550"}],"wp:term":[{"taxonomy":"product_cat","embeddable":true,"href":"https:\/\/wegeblw.pl\/index.php\/wp-json\/wp\/v2\/product_cat?post=5550"},{"taxonomy":"product_tag","embeddable":true,"href":"https:\/\/wegeblw.pl\/index.php\/wp-json\/wp\/v2\/product_tag?post=5550"}],"curies":[{"name":"wp","href":"https:\/\/api.w.org\/{rel}","templated":true}]}}