{"id":5662,"date":"2016-10-12T08:54:10","date_gmt":"2016-10-12T06:54:10","guid":{"rendered":"https:\/\/wegeblw.pl\/index.php\/produkt\/przewodnik-po-osteopatii-wisceralnej-tom-2\/"},"modified":"2026-04-08T08:05:00","modified_gmt":"2026-04-08T06:05:00","slug":"przewodnik-po-osteopatii-wisceralnej-tom-2","status":"publish","type":"product","link":"https:\/\/wegeblw.pl\/index.php\/produkt\/przewodnik-po-osteopatii-wisceralnej-tom-2\/","title":{"rendered":"Przewodnik po osteopatii wisceralnej Tom 2"},"content":{"rendered":"<p>Lauren Ralph Lauren Okulary przeciws\u0142oneczne 0RL8201 602274 Br\u0105zowy<\/p>\n<p>Okulary przeciws\u0142oneczne damskie<\/p>\n<p>zbigniew nowak ksi\u0105\u017cki, bia\u0142y sezam, olej z czarnuszki t\u0142oczony na zimno, ocet z granatu, neura, chlorek magnezu zastosowanie<\/p>\n<p><a href=\"https:\/\/cudimiod.pl\/diety-cud-i-miod\/dieta-if\">https:\/\/cudimiod.pl\/diety-cud-i-miod\/dieta-if<\/a><\/p>\n","protected":false},"excerpt":{"rendered":"<p>Lauren Ralph Lauren Okulary przeciws\u0142oneczne 0RL8201 602274 Br\u0105zowy Okulary przeciws\u0142oneczne damskie zbigniew nowak ksi\u0105\u017cki, bia\u0142y sezam, olej z czarnuszki t\u0142oczony&hellip;<\/p>\n","protected":false},"featured_media":5663,"comment_status":"closed","ping_status":"open","template":"","meta":[],"product_cat":[374],"product_tag":[873,720,716,824,702],"class_list":["post-5662","product","type-product","status-publish","has-post-thumbnail","hentry","product_cat-zdrowie-i-diety","product_tag-jak-przygotowac-komose-ryzowa","product_tag-komose","product_tag-leckers","product_tag-miso-pasta","product_tag-przepis-na-sekacz"],"_links":{"self":[{"href":"https:\/\/wegeblw.pl\/index.php\/wp-json\/wp\/v2\/product\/5662","targetHints":{"allow":["GET"]}}],"collection":[{"href":"https:\/\/wegeblw.pl\/index.php\/wp-json\/wp\/v2\/product"}],"about":[{"href":"https:\/\/wegeblw.pl\/index.php\/wp-json\/wp\/v2\/types\/product"}],"replies":[{"embeddable":true,"href":"https:\/\/wegeblw.pl\/index.php\/wp-json\/wp\/v2\/comments?post=5662"}],"wp:featuredmedia":[{"embeddable":true,"href":"https:\/\/wegeblw.pl\/index.php\/wp-json\/wp\/v2\/media\/5663"}],"wp:attachment":[{"href":"https:\/\/wegeblw.pl\/index.php\/wp-json\/wp\/v2\/media?parent=5662"}],"wp:term":[{"taxonomy":"product_cat","embeddable":true,"href":"https:\/\/wegeblw.pl\/index.php\/wp-json\/wp\/v2\/product_cat?post=5662"},{"taxonomy":"product_tag","embeddable":true,"href":"https:\/\/wegeblw.pl\/index.php\/wp-json\/wp\/v2\/product_tag?post=5662"}],"curies":[{"name":"wp","href":"https:\/\/api.w.org\/{rel}","templated":true}]}}