{"id":5682,"date":"2021-07-13T09:11:26","date_gmt":"2021-07-13T07:11:26","guid":{"rendered":"https:\/\/wegeblw.pl\/index.php\/produkt\/samoleczenie-wzroku-metoda-dr-batesa\/"},"modified":"2026-04-10T03:20:10","modified_gmt":"2026-04-10T01:20:10","slug":"samoleczenie-wzroku-metoda-dr-batesa","status":"publish","type":"product","link":"https:\/\/wegeblw.pl\/index.php\/produkt\/samoleczenie-wzroku-metoda-dr-batesa\/","title":{"rendered":"Samoleczenie wzroku metod\u0105 dr Batesa"},"content":{"rendered":"<p>R\u0119kawiczki Winylowo &#8211; Nitrylowe bezpudrowe roz. XL 100szt renomowanego producenta. Idealne po\u0142\u0105czenie zalet r\u0119kawiczek winylowych oraz nitrylowych.R\u0119kawice zarejestrowane jako wyr\u00f3b medyczny, daje to pewno\u015b\u0107 \u017ce r\u0119kawiczki spe\u0142niaj\u0105 najwy\u017csze standardy dotycz\u0105ce ochrony osobistej.W\u0142a\u015bciwo\u015bci:wyr\u00f3b medyczny \u2013 klasa I oraz \u015brodek ochrony indywidualnej &#8211; kategoria III, typ Bbezpudrowe, pozwalaj\u0105ce wyeliminowa\u0107 podra\u017cnienia sk\u00f3ry wywo\u0142ywane przez pudertest przepuszczalno\u015bci wody minimum &#8211; AQL 1.5rolowany mankiet u\u0142atwiaj\u0105cy zak\u0142adaniewykonane z syntetycznych polimer\u00f3w na bazie winylu i nitryluZgodne z norm\u0105 ISO 374-1\/typBZgodne z norm\u0105 ISO 374-5:2016 (virus)Zgodne z norm\u0105 EN455Produkt dopuszczony do kontaktu z \u017cywno\u015bci\u0105uniwersalny kszta\u0142t pasuj\u0105cy na praw\u0105 i lew\u0105 d\u0142o\u0144kolor niebieski.<\/p>\n<p>Wyposa\u017cenie medyczne<\/p>\n<p>ziele miodunki w\u0142a\u015bciwo\u015bci, metylokobalamina, tofu lidl sk\u0142ad, eko sklep szczecin, yerba mate kubek<\/p>\n<p>yyyyy<\/p>\n","protected":false},"excerpt":{"rendered":"<p>R\u0119kawiczki Winylowo &#8211; Nitrylowe bezpudrowe roz. XL 100szt renomowanego producenta. Idealne po\u0142\u0105czenie zalet r\u0119kawiczek winylowych oraz nitrylowych.R\u0119kawice zarejestrowane jako wyr\u00f3b&hellip;<\/p>\n","protected":false},"featured_media":5683,"comment_status":"closed","ping_status":"open","template":"","meta":[],"product_cat":[374],"product_tag":[635,744,796],"class_list":["post-5682","product","type-product","status-publish","has-post-thumbnail","hentry","product_cat-zdrowie-i-diety","product_tag-4-her","product_tag-haagen-dazs","product_tag-pasta-misi"],"_links":{"self":[{"href":"https:\/\/wegeblw.pl\/index.php\/wp-json\/wp\/v2\/product\/5682","targetHints":{"allow":["GET"]}}],"collection":[{"href":"https:\/\/wegeblw.pl\/index.php\/wp-json\/wp\/v2\/product"}],"about":[{"href":"https:\/\/wegeblw.pl\/index.php\/wp-json\/wp\/v2\/types\/product"}],"replies":[{"embeddable":true,"href":"https:\/\/wegeblw.pl\/index.php\/wp-json\/wp\/v2\/comments?post=5682"}],"wp:featuredmedia":[{"embeddable":true,"href":"https:\/\/wegeblw.pl\/index.php\/wp-json\/wp\/v2\/media\/5683"}],"wp:attachment":[{"href":"https:\/\/wegeblw.pl\/index.php\/wp-json\/wp\/v2\/media?parent=5682"}],"wp:term":[{"taxonomy":"product_cat","embeddable":true,"href":"https:\/\/wegeblw.pl\/index.php\/wp-json\/wp\/v2\/product_cat?post=5682"},{"taxonomy":"product_tag","embeddable":true,"href":"https:\/\/wegeblw.pl\/index.php\/wp-json\/wp\/v2\/product_tag?post=5682"}],"curies":[{"name":"wp","href":"https:\/\/api.w.org\/{rel}","templated":true}]}}