{"id":571,"date":"2018-11-28T18:44:27","date_gmt":"2018-11-28T17:44:27","guid":{"rendered":"https:\/\/wegeblw.pl\/index.php\/produkt\/acuvue-oasys-for-astigmatism-6-sztuk-8-6-2-75-1-75-120\/"},"modified":"2026-04-08T07:27:15","modified_gmt":"2026-04-08T05:27:15","slug":"acuvue-oasys-for-astigmatism-6-sztuk-8-6-2-75-1-75-120","status":"publish","type":"product","link":"https:\/\/wegeblw.pl\/index.php\/produkt\/acuvue-oasys-for-astigmatism-6-sztuk-8-6-2-75-1-75-120\/","title":{"rendered":"ACUVUE OASYS FOR ASTIGMATISM 6 SZTUK \/8.6\/+2.75\/-1.75\/120"},"content":{"rendered":"<p>Aktywny \u017cel do mycia twarzy Iwostin Purritin jest przeznaczony do oczyszczania sk\u00f3ry twarzy &#8211; mieszanej, t\u0142ustej i tr\u0105dzikowej.Potwierdzona skuteczno\u015b\u0107:- Oczyszcza, od\u015bwie\u017ca, widocznie matuje i zw\u0119\u017ca pory.- Regularne stosowanie daje odczuwalny efekt delikatnego z\u0142uszczenia, dzi\u0119ki czemu sk\u00f3ra jest g\u0142adka i mi\u0119kka w dotyku.- Zmniejsza widoczno\u015b\u0107 i sk\u0142onno\u015b\u0107 do powstawania niedoskona\u0142o\u015bci poprzez zmniejszenie wydzielania sebum.Potr\u00f3jna formu\u0142a (oczyszczenie + nawil\u017cenie + ograniczenie rozwoju bakterii):- Zincidone zmniejsza wydzielanie sebum- Wyci\u0105g z aloesu wzmacnia dermo-odporno\u015b\u0107 oraz \u0142agodzi i koi podra\u017cnienia.- Physiogenyl dzia\u0142a energizuj\u0105co, wspomagaj\u0105c proces odnowy nask\u00f3rka. Stanowi doskona\u0142e \u017ar\u00f3d\u0142o cennych pierwiastk\u00f3w \u015bladowych, takich jak cynk i mangan. Zapewnia r\u00f3wnie\u017c odpowiedni poziom nawil\u017cenia.- Innowacyjny Cobiostab 400 wykazuje dzia\u0142anie ograniczaj\u0105ce rozw\u00f3j bakterii.Przebadany dermatologicznie.<\/p>\n<p>Dermokosmetyki<\/p>\n<p>chlorek magnezu, kratka do grillowania, jedzenie wegetaria\u0144skie, colagen visanto, co to jest guarana, co mo\u017cna kupi\u0107 w sklepie spo\u017cywczym, ocet jab\u0142kowy m\u0119tny, bialko jaj, violife mozzarella, m\u0105ki ekologiczne<\/p>\n<p>yyyyy<\/p>\n","protected":false},"excerpt":{"rendered":"<p>Aktywny \u017cel do mycia twarzy Iwostin Purritin jest przeznaczony do oczyszczania sk\u00f3ry twarzy &#8211; mieszanej, t\u0142ustej i tr\u0105dzikowej.Potwierdzona skuteczno\u015b\u0107:- Oczyszcza,&hellip;<\/p>\n","protected":false},"featured_media":572,"comment_status":"closed","ping_status":"open","template":"","meta":[],"product_cat":[76],"product_tag":[748,880,849,641],"class_list":["post-571","product","type-product","status-publish","has-post-thumbnail","hentry","product_cat-soczewki-kontaktowe","product_tag-czerwona-soczewica","product_tag-kotlet-weganski-linda-mccartney","product_tag-mogli","product_tag-smieci-w-oceanach"],"_links":{"self":[{"href":"https:\/\/wegeblw.pl\/index.php\/wp-json\/wp\/v2\/product\/571","targetHints":{"allow":["GET"]}}],"collection":[{"href":"https:\/\/wegeblw.pl\/index.php\/wp-json\/wp\/v2\/product"}],"about":[{"href":"https:\/\/wegeblw.pl\/index.php\/wp-json\/wp\/v2\/types\/product"}],"replies":[{"embeddable":true,"href":"https:\/\/wegeblw.pl\/index.php\/wp-json\/wp\/v2\/comments?post=571"}],"wp:featuredmedia":[{"embeddable":true,"href":"https:\/\/wegeblw.pl\/index.php\/wp-json\/wp\/v2\/media\/572"}],"wp:attachment":[{"href":"https:\/\/wegeblw.pl\/index.php\/wp-json\/wp\/v2\/media?parent=571"}],"wp:term":[{"taxonomy":"product_cat","embeddable":true,"href":"https:\/\/wegeblw.pl\/index.php\/wp-json\/wp\/v2\/product_cat?post=571"},{"taxonomy":"product_tag","embeddable":true,"href":"https:\/\/wegeblw.pl\/index.php\/wp-json\/wp\/v2\/product_tag?post=571"}],"curies":[{"name":"wp","href":"https:\/\/api.w.org\/{rel}","templated":true}]}}