{"id":5773,"date":"2014-09-08T18:47:15","date_gmt":"2014-09-08T16:47:15","guid":{"rendered":"https:\/\/wegeblw.pl\/index.php\/produkt\/calcio-historia-wloskiego-futbolu\/"},"modified":"2026-04-08T19:25:24","modified_gmt":"2026-04-08T17:25:24","slug":"calcio-historia-wloskiego-futbolu","status":"publish","type":"product","link":"https:\/\/wegeblw.pl\/index.php\/produkt\/calcio-historia-wloskiego-futbolu\/","title":{"rendered":"Calcio. Historia w\u0142oskiego futbolu"},"content":{"rendered":"<p>Toryczne soczewki jednodniowe Atrea Excellence to soczewki dla u\u017cytkownik\u00f3w \u017cyj\u0105cych wpo\u015bpiechu. Dzi\u0119ki najnowocze\u015bniejszej technologii mi\u0119kki ielastyczny materia\u0142 silikonowo-hydro\u017celowy zapewnia wysok\u0105 przepuszczalno\u015b\u0107 tlenu, atym samym zdrowe noszenie soczewek kontaktowych, r\u00f3wnie\u017c, albo szczeg\u00f3lnie wdni, kiedy zaj\u0119cia si\u0119 przeci\u0105gaj\u0105.<\/p>\n<p>Soczewki kontaktowe<\/p>\n<p>k\u0142\u0105cza perzu, witamina d3 jak stosowa\u0107, sanprobi barrier, ekologiczna \u017cywno\u015b\u0107, sen wegiel, rodzynki w\u0142a\u015bciwo\u015bci, dieta chlebowa, krople para farm, co mo\u017cna zrobi\u0107 z m\u0105ki orkiszowej, kawa zbo\u017cowa zalety<\/p>\n<p>yyyyy<\/p>\n","protected":false},"excerpt":{"rendered":"<p>Toryczne soczewki jednodniowe Atrea Excellence to soczewki dla u\u017cytkownik\u00f3w \u017cyj\u0105cych wpo\u015bpiechu. Dzi\u0119ki najnowocze\u015bniejszej technologii mi\u0119kki ielastyczny materia\u0142 silikonowo-hydro\u017celowy zapewnia wysok\u0105&hellip;<\/p>\n","protected":false},"featured_media":5774,"comment_status":"closed","ping_status":"open","template":"","meta":[],"product_cat":[374],"product_tag":[656,771,716,676,825],"class_list":["post-5773","product","type-product","status-publish","has-post-thumbnail","hentry","product_cat-zdrowie-i-diety","product_tag-ekologiczne-mieso","product_tag-jak-jesc-granat","product_tag-leckers","product_tag-owoc-granatu-jak-jesc","product_tag-shirataki-noodle"],"_links":{"self":[{"href":"https:\/\/wegeblw.pl\/index.php\/wp-json\/wp\/v2\/product\/5773","targetHints":{"allow":["GET"]}}],"collection":[{"href":"https:\/\/wegeblw.pl\/index.php\/wp-json\/wp\/v2\/product"}],"about":[{"href":"https:\/\/wegeblw.pl\/index.php\/wp-json\/wp\/v2\/types\/product"}],"replies":[{"embeddable":true,"href":"https:\/\/wegeblw.pl\/index.php\/wp-json\/wp\/v2\/comments?post=5773"}],"wp:featuredmedia":[{"embeddable":true,"href":"https:\/\/wegeblw.pl\/index.php\/wp-json\/wp\/v2\/media\/5774"}],"wp:attachment":[{"href":"https:\/\/wegeblw.pl\/index.php\/wp-json\/wp\/v2\/media?parent=5773"}],"wp:term":[{"taxonomy":"product_cat","embeddable":true,"href":"https:\/\/wegeblw.pl\/index.php\/wp-json\/wp\/v2\/product_cat?post=5773"},{"taxonomy":"product_tag","embeddable":true,"href":"https:\/\/wegeblw.pl\/index.php\/wp-json\/wp\/v2\/product_tag?post=5773"}],"curies":[{"name":"wp","href":"https:\/\/api.w.org\/{rel}","templated":true}]}}