{"id":5829,"date":"2016-04-29T12:33:55","date_gmt":"2016-04-29T10:33:55","guid":{"rendered":"https:\/\/wegeblw.pl\/index.php\/produkt\/kot-bob-i-ja-jak-kocur-i-czlowiek-znalezli-szczescie-na-ulicy-james-bowen\/"},"modified":"2026-04-07T08:23:58","modified_gmt":"2026-04-07T06:23:58","slug":"kot-bob-i-ja-jak-kocur-i-czlowiek-znalezli-szczescie-na-ulicy-james-bowen","status":"publish","type":"product","link":"https:\/\/wegeblw.pl\/index.php\/produkt\/kot-bob-i-ja-jak-kocur-i-czlowiek-znalezli-szczescie-na-ulicy-james-bowen\/","title":{"rendered":"Kot Bob i ja Jak kocur i cz\u0142owiek znale\u017ali szcz\u0119\u015bcie na ulicy &#8211; James Bowen"},"content":{"rendered":"<p>Z zio\u0142ami i miodem manuka Gotowe do spo\u017cycia ampu\u0142ki s\u0105 szczeg\u00f3lnie przydatne jako uzupe\u0142nienie zbilansowanej diety. Receptura zi\u00f3\u0142 tj. rumianek, any\u017c, kminek i pio\u0142un jest uszlachetniona miodem manuka. Syrop mo\u017cna pi\u0107 w czystej postaci lub rozcie\u0144cza\u0107 z napojem. Praktyczne i \u0142atwe w \u017cyciu codziennym. Zalecenia dotycz\u0105ce spo\u017cycia: Wstrz\u0105sn\u0105\u0107 przed otwarciem. Pi\u0107 1 ampu\u0142k\u0119 dziennie, je\u015bli to konieczne, \u0142ykami, czyst\u0105 lub rozcie\u0144czon\u0105 niewielk\u0105 ilo\u015bci\u0105 p\u0142ynu. Porada: Zm\u0119tnienie lub osad s\u0105 oznakami naturalnych sk\u0142adnik\u00f3w. Nie przechowywa\u0107 w temperaturze powy\u017cej 25\u00b0C. Trzyma\u0107 z dala od ma\u0142ych dzieci. Nie nale\u017cy przekracza\u0107 zalecanej porcji do spo\u017cycia w ci\u0105gu dnia.<\/p>\n<p>Uk\u0142ad pokarmowy i trawienie<\/p>\n<p>bez w\u0142a\u015bciwo\u015bci, babka p\u0142esznik a jajowata, \u017celazo z kwasem foliowym, naturalne olejki zapachowe, chlebek swietojanski, kalendarz adwentowy english tea shop, jak zacz\u0105\u0107 odchudzanie, visantol, czy w ci\u0105\u017cy mo\u017cna je\u015b\u0107 mi\u00f3d, oliwia z oliwek, co to soja<\/p>\n<p>yyyyy<\/p>\n","protected":false},"excerpt":{"rendered":"<p>Z zio\u0142ami i miodem manuka Gotowe do spo\u017cycia ampu\u0142ki s\u0105 szczeg\u00f3lnie przydatne jako uzupe\u0142nienie zbilansowanej diety. Receptura zi\u00f3\u0142 tj. rumianek,&hellip;<\/p>\n","protected":false},"featured_media":5830,"comment_status":"closed","ping_status":"open","template":"","meta":[],"product_cat":[387],"product_tag":[808,763,628,777,850,797,740],"class_list":["post-5829","product","type-product","status-publish","has-post-thumbnail","hentry","product_cat-powiesci-i-opowiadania","product_tag-ciasto-sekacz","product_tag-jak-spozywac-kurkume-leczniczo","product_tag-mieso-roslinne","product_tag-mieso-wege","product_tag-mleko-ekologiczne","product_tag-organic-farma-zdrowia","product_tag-siemie-lniane-na-co"],"_links":{"self":[{"href":"https:\/\/wegeblw.pl\/index.php\/wp-json\/wp\/v2\/product\/5829","targetHints":{"allow":["GET"]}}],"collection":[{"href":"https:\/\/wegeblw.pl\/index.php\/wp-json\/wp\/v2\/product"}],"about":[{"href":"https:\/\/wegeblw.pl\/index.php\/wp-json\/wp\/v2\/types\/product"}],"replies":[{"embeddable":true,"href":"https:\/\/wegeblw.pl\/index.php\/wp-json\/wp\/v2\/comments?post=5829"}],"wp:featuredmedia":[{"embeddable":true,"href":"https:\/\/wegeblw.pl\/index.php\/wp-json\/wp\/v2\/media\/5830"}],"wp:attachment":[{"href":"https:\/\/wegeblw.pl\/index.php\/wp-json\/wp\/v2\/media?parent=5829"}],"wp:term":[{"taxonomy":"product_cat","embeddable":true,"href":"https:\/\/wegeblw.pl\/index.php\/wp-json\/wp\/v2\/product_cat?post=5829"},{"taxonomy":"product_tag","embeddable":true,"href":"https:\/\/wegeblw.pl\/index.php\/wp-json\/wp\/v2\/product_tag?post=5829"}],"curies":[{"name":"wp","href":"https:\/\/api.w.org\/{rel}","templated":true}]}}