{"id":583,"date":"2022-05-06T08:30:21","date_gmt":"2022-05-06T06:30:21","guid":{"rendered":"https:\/\/wegeblw.pl\/index.php\/produkt\/herb-pharma-hippocastanum-rozgrzewajaca-bioemulsja-konska-z-kasztanem-500ml\/"},"modified":"2026-04-10T04:36:14","modified_gmt":"2026-04-10T02:36:14","slug":"herb-pharma-hippocastanum-rozgrzewajaca-bioemulsja-konska-z-kasztanem-500ml","status":"publish","type":"product","link":"https:\/\/wegeblw.pl\/index.php\/produkt\/herb-pharma-hippocastanum-rozgrzewajaca-bioemulsja-konska-z-kasztanem-500ml\/","title":{"rendered":"Herb-Pharma Hippocastanum &#8211; rozgrzewaj\u0105ca bioemulsja ko\u0144ska z kasztanem, 500ml"},"content":{"rendered":"<p>Na spokojny wiecz\u00f3rmieszanka zio\u0142owa z dodatkamiSk\u0142adniki:jab\u0142ko,melisa,dziurawiec zwyczajny,malina li\u015b\u0107,korze\u0144 lukrecji,aromat,malina grys,malwa niebieska.Dziurawiec \u0142agodzi objawy depresji i dzia\u0142a uspokajaj\u0105co. Reguluje r\u00f3wnie\u017c poziom serotoniny, co jest odczuwalnej jako poprawa samopoczucia. Melisa \u0142agodzi b\u00f3le g\u0142owy i dzia\u0142a rozkurczowo na \u017co\u0142\u0105dek i jelita.<\/p>\n<p>Zio\u0142a i herbaty lecznicze<\/p>\n<p>sea band, ramen miso przepis, jak leczyc przeziebienie, kostki sojowe, przecena, pierzga mi\u00f3d, cieciorka cena, slimak bobo, m\u0105ka z kaszy jaglanej, sliwki wlasciwosci lecznicze, aksamitna sk\u00f3ra, intymna sklep, bobowina, usuni\u0119cie wody z organizmu, najdro\u017csze przyprawy \u015bwiata, krem truflowy, skrzyp polny na w\u0142osy jak zrobi\u0107, najzdrowsze p\u0142atki<\/p>\n<p><a href=\"https:\/\/kamieniarski.net\/lawki\/\">https:\/\/kamieniarski.net\/lawki\/<\/a><\/p>\n","protected":false},"excerpt":{"rendered":"<p>Na spokojny wiecz\u00f3rmieszanka zio\u0142owa z dodatkamiSk\u0142adniki:jab\u0142ko,melisa,dziurawiec zwyczajny,malina li\u015b\u0107,korze\u0144 lukrecji,aromat,malina grys,malwa niebieska.Dziurawiec \u0142agodzi objawy depresji i dzia\u0142a uspokajaj\u0105co. Reguluje r\u00f3wnie\u017c poziom&hellip;<\/p>\n","protected":false},"featured_media":584,"comment_status":"closed","ping_status":"open","template":"","meta":[],"product_cat":[27],"product_tag":[620,710,862,761],"class_list":["post-583","product","type-product","status-publish","has-post-thumbnail","hentry","product_cat-nutrikosmetyki-i-leki-dermatologiczne","product_tag-kielbasa-wiejska","product_tag-linda-mccartney-burger","product_tag-pestki-granata","product_tag-sklep-ze-zdrowa-zywnoscia-warszawa"],"_links":{"self":[{"href":"https:\/\/wegeblw.pl\/index.php\/wp-json\/wp\/v2\/product\/583","targetHints":{"allow":["GET"]}}],"collection":[{"href":"https:\/\/wegeblw.pl\/index.php\/wp-json\/wp\/v2\/product"}],"about":[{"href":"https:\/\/wegeblw.pl\/index.php\/wp-json\/wp\/v2\/types\/product"}],"replies":[{"embeddable":true,"href":"https:\/\/wegeblw.pl\/index.php\/wp-json\/wp\/v2\/comments?post=583"}],"wp:featuredmedia":[{"embeddable":true,"href":"https:\/\/wegeblw.pl\/index.php\/wp-json\/wp\/v2\/media\/584"}],"wp:attachment":[{"href":"https:\/\/wegeblw.pl\/index.php\/wp-json\/wp\/v2\/media?parent=583"}],"wp:term":[{"taxonomy":"product_cat","embeddable":true,"href":"https:\/\/wegeblw.pl\/index.php\/wp-json\/wp\/v2\/product_cat?post=583"},{"taxonomy":"product_tag","embeddable":true,"href":"https:\/\/wegeblw.pl\/index.php\/wp-json\/wp\/v2\/product_tag?post=583"}],"curies":[{"name":"wp","href":"https:\/\/api.w.org\/{rel}","templated":true}]}}