{"id":5917,"date":"2017-05-20T22:45:31","date_gmt":"2017-05-20T20:45:31","guid":{"rendered":"https:\/\/wegeblw.pl\/index.php\/produkt\/fakro-lwt-280-70x140-schody-strychowe-3-segmentowe-do-wysokosci-280-supertermoizolacyjne\/"},"modified":"2026-04-08T22:45:55","modified_gmt":"2026-04-08T20:45:55","slug":"fakro-lwt-280-70x140-schody-strychowe-3-segmentowe-do-wysokosci-280-supertermoizolacyjne","status":"publish","type":"product","link":"https:\/\/wegeblw.pl\/index.php\/produkt\/fakro-lwt-280-70x140-schody-strychowe-3-segmentowe-do-wysokosci-280-supertermoizolacyjne\/","title":{"rendered":"Fakro Lwt 280 70&#215;140 Schody Strychowe 3 Segmentowe do Wysoko\u015bci 280 Supertermoizolacyjne"},"content":{"rendered":"<p>Samochody i motocykle<\/p>\n<p>ziele kozieradki, barszcz ukrai\u0144ski, wit d3 z lanoliny, jakie s\u0105 owoce morza, dlaczego jagody s\u0105 gorzkie, szczoteczka do z\u0119b\u00f3w bambusowa, gdzie mo\u017cna kupi\u0107 aloes, e412 szkodliwo\u015b\u0107, rose hips, vege keto, \u017celki halloween, kwiatostan kocanki, sk\u0142ad proszku do pieczenia<\/p>\n<p>yyyyy<\/p>\n","protected":false},"excerpt":{"rendered":"<p>Samochody i motocykle ziele kozieradki, barszcz ukrai\u0144ski, wit d3 z lanoliny, jakie s\u0105 owoce morza, dlaczego jagody s\u0105 gorzkie, szczoteczka&hellip;<\/p>\n","protected":false},"featured_media":5918,"comment_status":"closed","ping_status":"open","template":"","meta":[],"product_cat":[428],"product_tag":[682,763,846,878],"class_list":["post-5917","product","type-product","status-publish","has-post-thumbnail","hentry","product_cat-schody-strychowe","product_tag-food-organic-store","product_tag-jak-spozywac-kurkume-leczniczo","product_tag-sekacz","product_tag-tahini-do-czego"],"_links":{"self":[{"href":"https:\/\/wegeblw.pl\/index.php\/wp-json\/wp\/v2\/product\/5917","targetHints":{"allow":["GET"]}}],"collection":[{"href":"https:\/\/wegeblw.pl\/index.php\/wp-json\/wp\/v2\/product"}],"about":[{"href":"https:\/\/wegeblw.pl\/index.php\/wp-json\/wp\/v2\/types\/product"}],"replies":[{"embeddable":true,"href":"https:\/\/wegeblw.pl\/index.php\/wp-json\/wp\/v2\/comments?post=5917"}],"wp:featuredmedia":[{"embeddable":true,"href":"https:\/\/wegeblw.pl\/index.php\/wp-json\/wp\/v2\/media\/5918"}],"wp:attachment":[{"href":"https:\/\/wegeblw.pl\/index.php\/wp-json\/wp\/v2\/media?parent=5917"}],"wp:term":[{"taxonomy":"product_cat","embeddable":true,"href":"https:\/\/wegeblw.pl\/index.php\/wp-json\/wp\/v2\/product_cat?post=5917"},{"taxonomy":"product_tag","embeddable":true,"href":"https:\/\/wegeblw.pl\/index.php\/wp-json\/wp\/v2\/product_tag?post=5917"}],"curies":[{"name":"wp","href":"https:\/\/api.w.org\/{rel}","templated":true}]}}