{"id":6097,"date":"2014-01-30T00:20:44","date_gmt":"2014-01-29T23:20:44","guid":{"rendered":"https:\/\/wegeblw.pl\/index.php\/produkt\/acuvue-oasys-for-astigmatism-6-sztuk-8-6-2-25-2-25-140\/"},"modified":"2026-04-10T14:29:31","modified_gmt":"2026-04-10T12:29:31","slug":"acuvue-oasys-for-astigmatism-6-sztuk-8-6-2-25-2-25-140","status":"publish","type":"product","link":"https:\/\/wegeblw.pl\/index.php\/produkt\/acuvue-oasys-for-astigmatism-6-sztuk-8-6-2-25-2-25-140\/","title":{"rendered":"ACUVUE OASYS FOR ASTIGMATISM 6 SZTUK \/8.6\/+2.25\/-2.25\/140"},"content":{"rendered":"<p>Oprawy okularowe Burberry<\/p>\n<p>Okulary oprawki i szk\u0142a<\/p>\n<p>daktyle a por\u00f3d, nale\u015bniki na mleku ry\u017cowym, chleb ryzowy, ziemniaki ekologiczne, s\u0142odki kr\u0105\u017cek, msm opinie forum<\/p>\n<p>yyyyy<\/p>\n","protected":false},"excerpt":{"rendered":"<p>Oprawy okularowe Burberry Okulary oprawki i szk\u0142a daktyle a por\u00f3d, nale\u015bniki na mleku ry\u017cowym, chleb ryzowy, ziemniaki ekologiczne, s\u0142odki kr\u0105\u017cek,&hellip;<\/p>\n","protected":false},"featured_media":6098,"comment_status":"closed","ping_status":"open","template":"","meta":[],"product_cat":[76],"product_tag":[774,802,848,721,789,668],"class_list":["post-6097","product","type-product","status-publish","has-post-thumbnail","hentry","product_cat-soczewki-kontaktowe","product_tag-cytryny-ekologiczne","product_tag-czy-pestki-granatu-sa-jadalne","product_tag-granat-z-pestki","product_tag-naturli-margaryna","product_tag-pestki-granatu","product_tag-wolowina-ekologiczna"],"_links":{"self":[{"href":"https:\/\/wegeblw.pl\/index.php\/wp-json\/wp\/v2\/product\/6097","targetHints":{"allow":["GET"]}}],"collection":[{"href":"https:\/\/wegeblw.pl\/index.php\/wp-json\/wp\/v2\/product"}],"about":[{"href":"https:\/\/wegeblw.pl\/index.php\/wp-json\/wp\/v2\/types\/product"}],"replies":[{"embeddable":true,"href":"https:\/\/wegeblw.pl\/index.php\/wp-json\/wp\/v2\/comments?post=6097"}],"wp:featuredmedia":[{"embeddable":true,"href":"https:\/\/wegeblw.pl\/index.php\/wp-json\/wp\/v2\/media\/6098"}],"wp:attachment":[{"href":"https:\/\/wegeblw.pl\/index.php\/wp-json\/wp\/v2\/media?parent=6097"}],"wp:term":[{"taxonomy":"product_cat","embeddable":true,"href":"https:\/\/wegeblw.pl\/index.php\/wp-json\/wp\/v2\/product_cat?post=6097"},{"taxonomy":"product_tag","embeddable":true,"href":"https:\/\/wegeblw.pl\/index.php\/wp-json\/wp\/v2\/product_tag?post=6097"}],"curies":[{"name":"wp","href":"https:\/\/api.w.org\/{rel}","templated":true}]}}