{"id":6227,"date":"2020-09-05T11:01:00","date_gmt":"2020-09-05T09:01:00","guid":{"rendered":"https:\/\/wegeblw.pl\/index.php\/produkt\/curasept-ads-350-zel-periodontologiczny-sciagajacy-30-ml\/"},"modified":"2026-04-09T10:47:48","modified_gmt":"2026-04-09T08:47:48","slug":"curasept-ads-350-zel-periodontologiczny-sciagajacy-30-ml","status":"publish","type":"product","link":"https:\/\/wegeblw.pl\/index.php\/produkt\/curasept-ads-350-zel-periodontologiczny-sciagajacy-30-ml\/","title":{"rendered":"Curasept ADS 350 \u017cel periodontologiczny \u015bci\u0105gaj\u0105cy 30 ml"},"content":{"rendered":"<p>Collagena Solution Thermo Comfort Circulation Cream &#8211; Wyg\u0142adzaj\u0105cy krem rozgrzewaj\u0105cy do cia\u0142a<\/p>\n<p>Kremy i mas\u0142a do cia\u0142a<\/p>\n<p>galaretka kokosowa, orkiszowe p\u0142atki, olej kokosowy, chrupki orzechowe kulki, cynamon sklep, olej z ostropestu na czczo, 58, biomar, produkt pszczeli ale nie mi\u00f3d, propolis 20 jak stosowa\u0107, humus z soczewicy, ch\u00f3w, vitamin c liposomal, herbatka z kopru w\u0142oskiego, puromedica, knot bawe\u0142niany, zio\u0142a wrotycz, woda r\u00f3\u017cana na twarz<\/p>\n<p><a href=\"https:\/\/ktclinic.pl\/zabiegi\/radiofrekwencja-mikroiglowa\/\">https:\/\/ktclinic.pl\/zabiegi\/radiofrekwencja-mikroiglowa\/<\/a><\/p>\n","protected":false},"excerpt":{"rendered":"<p>Collagena Solution Thermo Comfort Circulation Cream &#8211; Wyg\u0142adzaj\u0105cy krem rozgrzewaj\u0105cy do cia\u0142a Kremy i mas\u0142a do cia\u0142a galaretka kokosowa, orkiszowe&hellip;<\/p>\n","protected":false},"featured_media":6228,"comment_status":"closed","ping_status":"open","template":"","meta":[],"product_cat":[174],"product_tag":[758,861,718],"class_list":["post-6227","product","type-product","status-publish","has-post-thumbnail","hentry","product_cat-jama-ustna","product_tag-bulki","product_tag-czym-zastapic-jogurt-naturalny","product_tag-zamiennik-jogurtu-naturalnego"],"_links":{"self":[{"href":"https:\/\/wegeblw.pl\/index.php\/wp-json\/wp\/v2\/product\/6227","targetHints":{"allow":["GET"]}}],"collection":[{"href":"https:\/\/wegeblw.pl\/index.php\/wp-json\/wp\/v2\/product"}],"about":[{"href":"https:\/\/wegeblw.pl\/index.php\/wp-json\/wp\/v2\/types\/product"}],"replies":[{"embeddable":true,"href":"https:\/\/wegeblw.pl\/index.php\/wp-json\/wp\/v2\/comments?post=6227"}],"wp:featuredmedia":[{"embeddable":true,"href":"https:\/\/wegeblw.pl\/index.php\/wp-json\/wp\/v2\/media\/6228"}],"wp:attachment":[{"href":"https:\/\/wegeblw.pl\/index.php\/wp-json\/wp\/v2\/media?parent=6227"}],"wp:term":[{"taxonomy":"product_cat","embeddable":true,"href":"https:\/\/wegeblw.pl\/index.php\/wp-json\/wp\/v2\/product_cat?post=6227"},{"taxonomy":"product_tag","embeddable":true,"href":"https:\/\/wegeblw.pl\/index.php\/wp-json\/wp\/v2\/product_tag?post=6227"}],"curies":[{"name":"wp","href":"https:\/\/api.w.org\/{rel}","templated":true}]}}