{"id":6375,"date":"2012-12-02T22:31:32","date_gmt":"2012-12-02T21:31:32","guid":{"rendered":"https:\/\/wegeblw.pl\/index.php\/produkt\/visanto-kolostrum-200mg-bioaktywne-colostrum-bovinum-120-kaps\/"},"modified":"2026-05-14T01:58:22","modified_gmt":"2026-05-13T23:58:22","slug":"visanto-kolostrum-200mg-bioaktywne-colostrum-bovinum-120-kaps","status":"publish","type":"product","link":"https:\/\/wegeblw.pl\/index.php\/produkt\/visanto-kolostrum-200mg-bioaktywne-colostrum-bovinum-120-kaps\/","title":{"rendered":"Visanto Kolostrum 200mg Bioaktywne Colostrum Bovinum 120 Kaps"},"content":{"rendered":"<p>BishEffect Biszofit Po\u0142tawski Venovasin 75ml<\/p>\n<p>Preparaty medycyny naturalnej<\/p>\n<p>luteina forte, ga\u0142ka muszkata\u0142owa, olejek z drzewa herbacianego 100, wege mas\u0142o<\/p>\n<p>yyyyy<\/p>\n","protected":false},"excerpt":{"rendered":"<p>BishEffect Biszofit Po\u0142tawski Venovasin 75ml Preparaty medycyny naturalnej luteina forte, ga\u0142ka muszkata\u0142owa, olejek z drzewa herbacianego 100, wege mas\u0142o yyyyy<\/p>\n","protected":false},"featured_media":6376,"comment_status":"closed","ping_status":"open","template":"","meta":[],"product_cat":[31],"product_tag":[793,833,806,809],"class_list":["post-6375","product","type-product","status-publish","has-post-thumbnail","hentry","product_cat-suplementy-na-wzrok-i-sluch","product_tag-bio-planet-sklep","product_tag-maka-orkiszowa","product_tag-mieso-ekologiczne","product_tag-produkty-bez-cukru"],"_links":{"self":[{"href":"https:\/\/wegeblw.pl\/index.php\/wp-json\/wp\/v2\/product\/6375","targetHints":{"allow":["GET"]}}],"collection":[{"href":"https:\/\/wegeblw.pl\/index.php\/wp-json\/wp\/v2\/product"}],"about":[{"href":"https:\/\/wegeblw.pl\/index.php\/wp-json\/wp\/v2\/types\/product"}],"replies":[{"embeddable":true,"href":"https:\/\/wegeblw.pl\/index.php\/wp-json\/wp\/v2\/comments?post=6375"}],"wp:featuredmedia":[{"embeddable":true,"href":"https:\/\/wegeblw.pl\/index.php\/wp-json\/wp\/v2\/media\/6376"}],"wp:attachment":[{"href":"https:\/\/wegeblw.pl\/index.php\/wp-json\/wp\/v2\/media?parent=6375"}],"wp:term":[{"taxonomy":"product_cat","embeddable":true,"href":"https:\/\/wegeblw.pl\/index.php\/wp-json\/wp\/v2\/product_cat?post=6375"},{"taxonomy":"product_tag","embeddable":true,"href":"https:\/\/wegeblw.pl\/index.php\/wp-json\/wp\/v2\/product_tag?post=6375"}],"curies":[{"name":"wp","href":"https:\/\/api.w.org\/{rel}","templated":true}]}}