{"id":6451,"date":"2025-05-24T22:30:12","date_gmt":"2025-05-24T20:30:12","guid":{"rendered":"https:\/\/wegeblw.pl\/?post_type=product&#038;p=6451"},"modified":"2026-04-07T06:44:53","modified_gmt":"2026-04-07T04:44:53","slug":"meble-do-przedpokoju-garderoba-panele-tapicerowane-orion-3-artisan-123473996","status":"publish","type":"product","link":"https:\/\/wegeblw.pl\/index.php\/produkt\/meble-do-przedpokoju-garderoba-panele-tapicerowane-orion-3-artisan-123473996\/","title":{"rendered":"Meble Do Przedpokoju Garderoba Panele Tapicerowane Orion 3 Artisan 123473996"},"content":{"rendered":"<p>Uriage Bari\u00e9sun Cream SPF 30 krem ochronny do twarzy i cia\u0142a SPF 30 50 ml. Uriage Bari\u00e9sun Cream SPF 30 najlepsza cena. Uriage kup teraz.<\/p>\n<p>Dermokosmetyki<\/p>\n<p>jawa woda, tortilla, co najlepiej na kaca, aromat do kawy, ry\u017c ja\u015bminowy warto\u015bci od\u017cywcze, logo bio, czy nerkowce s\u0105 zdrowe, m\u0105ka semolina lidl, kiwi cena, syrop z mleczu jak si\u0119 robi<\/p>\n<p>yyyyy<\/p>\n","protected":false},"excerpt":{"rendered":"<p>Uriage Bari\u00e9sun Cream SPF 30 krem ochronny do twarzy i cia\u0142a SPF 30 50 ml. Uriage Bari\u00e9sun Cream SPF 30&hellip;<\/p>\n","protected":false},"featured_media":6452,"comment_status":"closed","ping_status":"open","template":"","meta":[],"product_cat":[449],"product_tag":[865,802,638,804],"class_list":["post-6451","product","type-product","status-publish","has-post-thumbnail","hentry","product_cat-garderoby-do-przedpokoju","product_tag-bulgur","product_tag-czy-pestki-granatu-sa-jadalne","product_tag-onlybio-odzywka","product_tag-quinoa-jak-gotowac"],"_links":{"self":[{"href":"https:\/\/wegeblw.pl\/index.php\/wp-json\/wp\/v2\/product\/6451","targetHints":{"allow":["GET"]}}],"collection":[{"href":"https:\/\/wegeblw.pl\/index.php\/wp-json\/wp\/v2\/product"}],"about":[{"href":"https:\/\/wegeblw.pl\/index.php\/wp-json\/wp\/v2\/types\/product"}],"replies":[{"embeddable":true,"href":"https:\/\/wegeblw.pl\/index.php\/wp-json\/wp\/v2\/comments?post=6451"}],"wp:featuredmedia":[{"embeddable":true,"href":"https:\/\/wegeblw.pl\/index.php\/wp-json\/wp\/v2\/media\/6452"}],"wp:attachment":[{"href":"https:\/\/wegeblw.pl\/index.php\/wp-json\/wp\/v2\/media?parent=6451"}],"wp:term":[{"taxonomy":"product_cat","embeddable":true,"href":"https:\/\/wegeblw.pl\/index.php\/wp-json\/wp\/v2\/product_cat?post=6451"},{"taxonomy":"product_tag","embeddable":true,"href":"https:\/\/wegeblw.pl\/index.php\/wp-json\/wp\/v2\/product_tag?post=6451"}],"curies":[{"name":"wp","href":"https:\/\/api.w.org\/{rel}","templated":true}]}}