{"id":6633,"date":"2016-07-22T04:03:12","date_gmt":"2016-07-22T02:03:12","guid":{"rendered":"https:\/\/wegeblw.pl\/index.php\/produkt\/lego-ninjago-70670-klasztor-spinjitzu\/"},"modified":"2026-04-09T02:55:19","modified_gmt":"2026-04-09T00:55:19","slug":"lego-ninjago-70670-klasztor-spinjitzu","status":"publish","type":"product","link":"https:\/\/wegeblw.pl\/index.php\/produkt\/lego-ninjago-70670-klasztor-spinjitzu\/","title":{"rendered":"LEGO Ninjago 70670 Klasztor Spinjitzu"},"content":{"rendered":"<p>Woda Kwiatowa Hydrolat z Mi\u0119ty Kej<\/p>\n<p>Toniki i hydrolaty do twarzy<\/p>\n<p>mleko kokosowe w proszku, cukier waniliowy, krem na odparzenia dla niemowl\u0105t, herbata krwawnik, krosno pu\u017caka, madara krem, mgie\u0142ka solankowa jak u\u017cywa\u0107, do czego s\u0142u\u017cy kubek menstruacyjny, tw\u00f3j cel to biotyna efekty, czekolada ritter, produkty z konopii z czech, ma\u015b\u0107 alpenkrauter-emulsion zastosowanie, mas\u0142o orzechowe ig<\/p>\n<p><a href=\"https:\/\/tendoktor.pl\/\">https:\/\/tendoktor.pl\/<\/a><\/p>\n","protected":false},"excerpt":{"rendered":"<p>Woda Kwiatowa Hydrolat z Mi\u0119ty Kej Toniki i hydrolaty do twarzy mleko kokosowe w proszku, cukier waniliowy, krem na odparzenia&hellip;<\/p>\n","protected":false},"featured_media":6634,"comment_status":"closed","ping_status":"open","template":"","meta":[],"product_cat":[125],"product_tag":[759,775,837,683],"class_list":["post-6633","product","type-product","status-publish","has-post-thumbnail","hentry","product_cat-klocki","product_tag-kurkuma","product_tag-kwasna-smietana","product_tag-soczewica-czerwona","product_tag-ziola-regenerujace-nadnercza"],"_links":{"self":[{"href":"https:\/\/wegeblw.pl\/index.php\/wp-json\/wp\/v2\/product\/6633","targetHints":{"allow":["GET"]}}],"collection":[{"href":"https:\/\/wegeblw.pl\/index.php\/wp-json\/wp\/v2\/product"}],"about":[{"href":"https:\/\/wegeblw.pl\/index.php\/wp-json\/wp\/v2\/types\/product"}],"replies":[{"embeddable":true,"href":"https:\/\/wegeblw.pl\/index.php\/wp-json\/wp\/v2\/comments?post=6633"}],"wp:featuredmedia":[{"embeddable":true,"href":"https:\/\/wegeblw.pl\/index.php\/wp-json\/wp\/v2\/media\/6634"}],"wp:attachment":[{"href":"https:\/\/wegeblw.pl\/index.php\/wp-json\/wp\/v2\/media?parent=6633"}],"wp:term":[{"taxonomy":"product_cat","embeddable":true,"href":"https:\/\/wegeblw.pl\/index.php\/wp-json\/wp\/v2\/product_cat?post=6633"},{"taxonomy":"product_tag","embeddable":true,"href":"https:\/\/wegeblw.pl\/index.php\/wp-json\/wp\/v2\/product_tag?post=6633"}],"curies":[{"name":"wp","href":"https:\/\/api.w.org\/{rel}","templated":true}]}}