{"id":6659,"date":"2015-06-29T08:19:35","date_gmt":"2015-06-29T06:19:35","guid":{"rendered":"https:\/\/wegeblw.pl\/index.php\/produkt\/incomed-podklad-higieniczny-do-przewijania-60x60cm-30szt\/"},"modified":"2026-04-07T13:24:02","modified_gmt":"2026-04-07T11:24:02","slug":"incomed-podklad-higieniczny-do-przewijania-60x60cm-30szt","status":"publish","type":"product","link":"https:\/\/wegeblw.pl\/index.php\/produkt\/incomed-podklad-higieniczny-do-przewijania-60x60cm-30szt\/","title":{"rendered":"Incomed Podk\u0142ad Higieniczny Do Przewijania 60X60Cm 30Szt."},"content":{"rendered":"<p>LIERAC LIFT INTEGRAL ANTI-AGING LIFTING 50+LIERAC LIFT INTEGRAL MODELUJ\u0104CY KREM LIFTINGUJ\u0104CYDla sk\u00f3ry normalnej, suchej i mieszanej.Skutecznie koryguje kontur twarzy i odbudowuje utracon\u0105 obj\u0119to\u015b\u0107. Twarz odzyskuje dynamik\u0119 poprzez napi\u0119cie miejsc zwiotcza\u0142ych i wype\u0142nienie miejsc zapadni\u0119tych. Dzi\u0119ki aktywnym sk\u0142adnikom ro\u015blinnym preparat reaktywuje syntez\u0119 kolagenu, daj\u0105c jeszcze lepszy efekt napi\u0119cia i poprawy jako\u015bci sk\u00f3ry. Ekstrakt z mahoniowca afryka\u0144skiego, poprawia napi\u0119cie sk\u00f3ry, a wyci\u0105g z purpurowego tulipana \u2013 wype\u0142nia. Koncentrat HYALU-3 dodatkowo wyg\u0142adza i wype\u0142nia. Olej z gardenii tahita\u0144skiej daje dodatkowe nawil\u017cenie i ukojenie. Krem daje codzienny efekt wype\u0142niaj\u0105cego liftingu.+W PREZENCIE:LIERAC LIFT INTEGRAL SERUM LIFTINGUJ\u0104CE POWIEKI I SK\u00d3R\u0118 WOK\u00d3\u0141 OCZUSerum skutecznie liftinguje okolice oczu, koryguj\u0105c opadaj\u0105ce powieki i zmarszczki spowodowane zwiotczeniem. Dzi\u0119ki aktywnym sk\u0142adnikom ro\u015blinnym: ekstraktowi z boskiej trawy i drzewa jedwabnego dzia\u0142a przeciwobrz\u0119kowo i redukuje cienie pod oczami. Ekstrakt z mahoniowca afryka\u0144skiego, poprawia napi\u0119cie sk\u00f3ry, a wyci\u0105g z purpurowego tulipana \u2013 wype\u0142nia. Koncentrat HYALU-3 dodatkowo wyg\u0142adza i wype\u0142nia. Serum zapewnia uczucie komfortu i nawil\u017cenia sk\u00f3ry wok\u00f3\u0142 oczu.<\/p>\n<p>Zestawy dla kobiet<\/p>\n<p>kapusta kiszona lidl, rosengarten, co to jest koncha, gojnik przeciwwskazania, 40g cukru, krople na odrobaczanie, s\u00f3l magnezowo potasowa spo\u017cywcza, olejek kolendrowy, \u0142upiny kokosa, bu\u0142ka tarta sk\u0142ad, kie\u0142ki, kolagen + kwas hialuronowy + witamina c opinie, dary natury herbaty, chlorofil jak pic, cynamon warto\u015b\u0107 od\u017cywcza, otrzymywanie miedzi, wlasciwosci ananasa, jelito drazliwe<\/p>\n<p>yyyyy<\/p>\n","protected":false},"excerpt":{"rendered":"<p>LIERAC LIFT INTEGRAL ANTI-AGING LIFTING 50+LIERAC LIFT INTEGRAL MODELUJ\u0104CY KREM LIFTINGUJ\u0104CYDla sk\u00f3ry normalnej, suchej i mieszanej.Skutecznie koryguje kontur twarzy i&hellip;<\/p>\n","protected":false},"featured_media":6660,"comment_status":"closed","ping_status":"open","template":"","meta":[],"product_cat":[461],"product_tag":[827,867,761],"class_list":["post-6659","product","type-product","status-publish","has-post-thumbnail","hentry","product_cat-podklady-higieniczne","product_tag-naturli","product_tag-siemie-lniane-blonnik","product_tag-sklep-ze-zdrowa-zywnoscia-warszawa"],"_links":{"self":[{"href":"https:\/\/wegeblw.pl\/index.php\/wp-json\/wp\/v2\/product\/6659","targetHints":{"allow":["GET"]}}],"collection":[{"href":"https:\/\/wegeblw.pl\/index.php\/wp-json\/wp\/v2\/product"}],"about":[{"href":"https:\/\/wegeblw.pl\/index.php\/wp-json\/wp\/v2\/types\/product"}],"replies":[{"embeddable":true,"href":"https:\/\/wegeblw.pl\/index.php\/wp-json\/wp\/v2\/comments?post=6659"}],"wp:featuredmedia":[{"embeddable":true,"href":"https:\/\/wegeblw.pl\/index.php\/wp-json\/wp\/v2\/media\/6660"}],"wp:attachment":[{"href":"https:\/\/wegeblw.pl\/index.php\/wp-json\/wp\/v2\/media?parent=6659"}],"wp:term":[{"taxonomy":"product_cat","embeddable":true,"href":"https:\/\/wegeblw.pl\/index.php\/wp-json\/wp\/v2\/product_cat?post=6659"},{"taxonomy":"product_tag","embeddable":true,"href":"https:\/\/wegeblw.pl\/index.php\/wp-json\/wp\/v2\/product_tag?post=6659"}],"curies":[{"name":"wp","href":"https:\/\/api.w.org\/{rel}","templated":true}]}}