{"id":6683,"date":"2021-03-18T03:45:23","date_gmt":"2021-03-18T02:45:23","guid":{"rendered":"https:\/\/wegeblw.pl\/index.php\/produkt\/drewniane-lozko-elena-kolor-niebieski-szuflady-dwie-mniejsze-szuflady-rozmiar-180-x-90-barierka-dol-dodatkowa-zdejmowana-barierka\/"},"modified":"2026-04-08T16:08:01","modified_gmt":"2026-04-08T14:08:01","slug":"drewniane-lozko-elena-kolor-niebieski-szuflady-dwie-mniejsze-szuflady-rozmiar-180-x-90-barierka-dol-dodatkowa-zdejmowana-barierka","status":"publish","type":"product","link":"https:\/\/wegeblw.pl\/index.php\/produkt\/drewniane-lozko-elena-kolor-niebieski-szuflady-dwie-mniejsze-szuflady-rozmiar-180-x-90-barierka-dol-dodatkowa-zdejmowana-barierka\/","title":{"rendered":"Drewniane \u0141\u00f3\u017cko Elena Kolor Niebieski Szuflady Dwie Mniejsze Szuflady Rozmiar 180 X 90 Barierka D\u00f3\u0142 Dodatkowa Zdejmowana Barierka"},"content":{"rendered":"<p>Gurmar na odpowiedni poziom glukozy we krwiGymnema sylvestre zwana inaczej gurmar, to ro\u015blina tropikalna znana jako &#8222;pogromca cukru&#8221;. Gurmar pomaga utrzyma\u0107 prawid\u0142owy poziom cukru w organizmie. Ponadto blokuje receptory smakowe, kt\u00f3re odpowiadaj\u0105 za rozpoznawanie s\u0142odkiego smaku. Suplement ogranicza apetyt, dzi\u0119ki czemu mo\u017cna skutecznie zwalczy\u0107 nadprogramowe kilogramy i kontrolowa\u0107 mas\u0119 cia\u0142a.Korzy\u015bci dla Ciebie:regulowanie poziomu cukru w organizmieobni\u017cenie poziomu cholesteroluzmniejszenie apetytu na s\u0142odyczezmniejszenie wch\u0142aniania cukru w jelitachotrzymasz produkt zgodny z opisem i zdj\u0119ciamidostarczona paczka b\u0119dzie w oryginalnym i dyskretnym opakowaniuSpos\u00f3b u\u017cycia:Zalecana porcja produktu do spo\u017cycia w ci\u0105gu dnia niezb\u0119dna do uzyskania korzystnego dzia\u0142ania produktu: Spo\u017cywa\u0107 1 kapsu\u0142k\u0119 dziennie. Popi\u0107 wod\u0105 (250 ml).Zalecana porcja dzienna to 1 kapsu\u0142ka.Sk\u0142adniki w porcji dziennej (1 kapsu\u0142ka):GS4 Plus\u00ae ekstrakt z li\u015bci Gymnema sylvestre(Gymnema sylvestre) 360,00 mg- w tym kwas gymnemowy 90,00 mgSk\u0142adniki:GS4 Plus\u00ae ekstrakt z li\u015bci gymnema sylvestre standaryzowany na 25% kwasu gymnemowego; otoczka kapsu\u0142ki: \u017celatyna.Gs4 Plus\u00ae jest zastrze\u017conym znakiem towarowym firmy SABINSA.\u015arodki ostro\u017cno\u015bci:Nie nale\u017cy przekracza\u0107 zalecanej porcji do spo\u017cycia w ci\u0105gu dnia. Nie stosowa\u0107 w przypadku uczulenia na kt\u00f3rykolwiek ze sk\u0142adnik\u00f3w. Produkt dla doros\u0142ych. Spo\u017cywania produktu nie zaleca si\u0119 kobietom w ci\u0105\u017cy i karmi\u0105cym piersi\u0105. Produkt nie mo\u017ce by\u0107 stosowany jako substytut zr\u00f3\u017cnicowanej diety. Wa\u017cne jest prowadzenie zdrowego trybu \u017cycia i zr\u00f3wnowa\u017conego sposobu \u017cywienia.<\/p>\n<p>Uk\u0142ad pokarmowy i trawienie<\/p>\n<p>owoce na k, neo bio, mas\u0142o kakaowe do jedzenia, gdzie jest selen, ryz z czym, askorbinian sodu visanto, bio oleje, li\u015bcie moringa gdzie kupi\u0107, soczewica dla niemowlaka, 500g m\u0105ki, soczewica gotowana, makaron chitarra, bio jedzenie<\/p>\n<p><a href=\"https:\/\/www.dom-lazienka.pl\/drzwi-prysznicowe-rozsuwane-cat-14\">drzwi prysznicowe przesuwne 110<\/a><\/p>\n","protected":false},"excerpt":{"rendered":"<p>Gurmar na odpowiedni poziom glukozy we krwiGymnema sylvestre zwana inaczej gurmar, to ro\u015blina tropikalna znana jako &#8222;pogromca cukru&#8221;. Gurmar pomaga&hellip;<\/p>\n","protected":false},"featured_media":6684,"comment_status":"closed","ping_status":"open","template":"","meta":[],"product_cat":[465],"product_tag":[642,769,628,831],"class_list":["post-6683","product","type-product","status-publish","has-post-thumbnail","hentry","product_cat-lozeczka-dzieciece","product_tag-granat","product_tag-mieso-mielone-wege","product_tag-mieso-roslinne","product_tag-rozgryzanie-pestek-granatu"],"_links":{"self":[{"href":"https:\/\/wegeblw.pl\/index.php\/wp-json\/wp\/v2\/product\/6683","targetHints":{"allow":["GET"]}}],"collection":[{"href":"https:\/\/wegeblw.pl\/index.php\/wp-json\/wp\/v2\/product"}],"about":[{"href":"https:\/\/wegeblw.pl\/index.php\/wp-json\/wp\/v2\/types\/product"}],"replies":[{"embeddable":true,"href":"https:\/\/wegeblw.pl\/index.php\/wp-json\/wp\/v2\/comments?post=6683"}],"wp:featuredmedia":[{"embeddable":true,"href":"https:\/\/wegeblw.pl\/index.php\/wp-json\/wp\/v2\/media\/6684"}],"wp:attachment":[{"href":"https:\/\/wegeblw.pl\/index.php\/wp-json\/wp\/v2\/media?parent=6683"}],"wp:term":[{"taxonomy":"product_cat","embeddable":true,"href":"https:\/\/wegeblw.pl\/index.php\/wp-json\/wp\/v2\/product_cat?post=6683"},{"taxonomy":"product_tag","embeddable":true,"href":"https:\/\/wegeblw.pl\/index.php\/wp-json\/wp\/v2\/product_tag?post=6683"}],"curies":[{"name":"wp","href":"https:\/\/api.w.org\/{rel}","templated":true}]}}