{"id":6709,"date":"2013-08-28T13:16:40","date_gmt":"2013-08-28T11:16:40","guid":{"rendered":"https:\/\/wegeblw.pl\/index.php\/produkt\/lionelo-lionelo-annet-plus-stone-caramel-spacerowy\/"},"modified":"2026-04-10T14:03:56","modified_gmt":"2026-04-10T12:03:56","slug":"lionelo-lionelo-annet-plus-stone-caramel-spacerowy","status":"publish","type":"product","link":"https:\/\/wegeblw.pl\/index.php\/produkt\/lionelo-lionelo-annet-plus-stone-caramel-spacerowy\/","title":{"rendered":"Lionelo. Lionelo Annet Plus Stone Caramel Spacerowy"},"content":{"rendered":"<p>OpisHomeopatyczny produkt leczniczy bez wskaza\u0144 leczniczych. Ten sam lek mo\u017cna stosowa\u0107 w leczeniu r\u00f3\u017cnych chor\u00f3b, a jego wskazania terapeutyczne s\u0105 bardzo szerokie, dlatego te\u017c do leku nie do\u0142\u0105cza si\u0119 ulotki informacyjnej i nie umieszcza si\u0119 na opakowaniu informacji dotycz\u0105cych sposobu dawkowania.Sk\u0142adFerrum phosphoricum 15 CH, sacharoza, laktoza jednowodna. Granulki, 4 g (ok. 80 granulek).DawkowanieStosowa\u0107 doustnie, zgodnie z zaleceniem lekarza.WskazaniaHomeopatyczny produkt leczniczy bez wskaza\u0144 leczniczych.PrzeciwwskazaniaNadwra\u017cliwo\u015b\u0107 na kt\u00f3rykolwiek sk\u0142adnik preparatu.Dzia\u0142ania niepo\u017c\u0105daneW przypadku wyst\u0105pienia objaw\u00f3w niepo\u017c\u0105danych w czasie stosowania produktu homeopatycznego nale\u017cy skonsultowa\u0107 si\u0119 z lekarzem.Ostrze\u017cenia i \u015brodki ostro\u017cno\u015bciZawiera sacharoz\u0119 i laktoz\u0119. Je\u017celi stwierdzono wcze\u015bniej u pacjenta nietolerancj\u0119 niekt\u00f3rych cukr\u00f3w, pacjent powinien skontaktowa\u0107 si\u0119 z lekarzem przed przyj\u0119ciem preparatu. Przechowywa\u0107 w miejscu niedost\u0119pnym i niewidocznym dla dzieci.<\/p>\n<p>Homeopatia<\/p>\n<p>puder jeczmienny ecocera, na p\u00f3\u0142noc od cejlonu, warzywa suszone, spirulina hawajska na co pomaga, graviola sklep, tapioka granulat, mango suszone bez cukru, vianek p\u0142yn micelarny, sklep przyprawy, eko synbiotyk, seitan kcal, pizza za 10 z\u0142 orlen, dieta na marsko\u015b\u0107 w\u0105troby, miya naturalny peeling enzymatyczny, miody pitne jaros, m\u0105ka ry\u017cowa kcal, kayal, mleko ry\u017cowe alpro, odchudzanie z dietetykiem efekty, yerba mate pajarito opinie<\/p>\n<p><a href=\"https:\/\/bialkowskaclinic.pl\/\">medycyna estetyczna bydgoszcz<\/a><\/p>\n","protected":false},"excerpt":{"rendered":"<p>OpisHomeopatyczny produkt leczniczy bez wskaza\u0144 leczniczych. Ten sam lek mo\u017cna stosowa\u0107 w leczeniu r\u00f3\u017cnych chor\u00f3b, a jego wskazania terapeutyczne s\u0105&hellip;<\/p>\n","protected":false},"featured_media":6710,"comment_status":"closed","ping_status":"open","template":"","meta":[],"product_cat":[371],"product_tag":[834,847,736,750,683],"class_list":["post-6709","product","type-product","status-publish","has-post-thumbnail","hentry","product_cat-wozki-spacerowe","product_tag-biosaurus","product_tag-czym-zastapic-nabial","product_tag-dojrzale-pl","product_tag-pasta-tahini-do-czego","product_tag-ziola-regenerujace-nadnercza"],"_links":{"self":[{"href":"https:\/\/wegeblw.pl\/index.php\/wp-json\/wp\/v2\/product\/6709","targetHints":{"allow":["GET"]}}],"collection":[{"href":"https:\/\/wegeblw.pl\/index.php\/wp-json\/wp\/v2\/product"}],"about":[{"href":"https:\/\/wegeblw.pl\/index.php\/wp-json\/wp\/v2\/types\/product"}],"replies":[{"embeddable":true,"href":"https:\/\/wegeblw.pl\/index.php\/wp-json\/wp\/v2\/comments?post=6709"}],"wp:featuredmedia":[{"embeddable":true,"href":"https:\/\/wegeblw.pl\/index.php\/wp-json\/wp\/v2\/media\/6710"}],"wp:attachment":[{"href":"https:\/\/wegeblw.pl\/index.php\/wp-json\/wp\/v2\/media?parent=6709"}],"wp:term":[{"taxonomy":"product_cat","embeddable":true,"href":"https:\/\/wegeblw.pl\/index.php\/wp-json\/wp\/v2\/product_cat?post=6709"},{"taxonomy":"product_tag","embeddable":true,"href":"https:\/\/wegeblw.pl\/index.php\/wp-json\/wp\/v2\/product_tag?post=6709"}],"curies":[{"name":"wp","href":"https:\/\/api.w.org\/{rel}","templated":true}]}}