{"id":6761,"date":"2019-09-30T11:41:53","date_gmt":"2019-09-30T09:41:53","guid":{"rendered":"https:\/\/wegeblw.pl\/index.php\/produkt\/septona-dry-plus-podklady-higieniczne-90x60cm-15szt\/"},"modified":"2026-04-08T07:32:07","modified_gmt":"2026-04-08T05:32:07","slug":"septona-dry-plus-podklady-higieniczne-90x60cm-15szt","status":"publish","type":"product","link":"https:\/\/wegeblw.pl\/index.php\/produkt\/septona-dry-plus-podklady-higieniczne-90x60cm-15szt\/","title":{"rendered":"Septona Dry Plus Podk\u0142ady higieniczne 90x60cm 15szt."},"content":{"rendered":"<p>Zdrowa \u017cywno\u015b\u0107<\/p>\n<p>r\u00f3\u017cd\u017cki smaku, prosty sklad, kurkuma ile dziennie, erytrol dla cukrzyka, rumianek przeciwwskazania, eco torba, maka jaglana gluten, czy sa\u0142ata lodowa jest zdrowa, ser parmezan<\/p>\n<p>yyyyy<\/p>\n","protected":false},"excerpt":{"rendered":"<p>Zdrowa \u017cywno\u015b\u0107 r\u00f3\u017cd\u017cki smaku, prosty sklad, kurkuma ile dziennie, erytrol dla cukrzyka, rumianek przeciwwskazania, eco torba, maka jaglana gluten, czy&hellip;<\/p>\n","protected":false},"featured_media":6762,"comment_status":"closed","ping_status":"open","template":"","meta":[],"product_cat":[461],"product_tag":[871,649,809,851,695],"class_list":["post-6761","product","type-product","status-publish","has-post-thumbnail","hentry","product_cat-podklady-higieniczne","product_tag-kwaszonki","product_tag-organic24","product_tag-produkty-bez-cukru","product_tag-warzywa-online","product_tag-zupa-krem-pomidorowa"],"_links":{"self":[{"href":"https:\/\/wegeblw.pl\/index.php\/wp-json\/wp\/v2\/product\/6761","targetHints":{"allow":["GET"]}}],"collection":[{"href":"https:\/\/wegeblw.pl\/index.php\/wp-json\/wp\/v2\/product"}],"about":[{"href":"https:\/\/wegeblw.pl\/index.php\/wp-json\/wp\/v2\/types\/product"}],"replies":[{"embeddable":true,"href":"https:\/\/wegeblw.pl\/index.php\/wp-json\/wp\/v2\/comments?post=6761"}],"wp:featuredmedia":[{"embeddable":true,"href":"https:\/\/wegeblw.pl\/index.php\/wp-json\/wp\/v2\/media\/6762"}],"wp:attachment":[{"href":"https:\/\/wegeblw.pl\/index.php\/wp-json\/wp\/v2\/media?parent=6761"}],"wp:term":[{"taxonomy":"product_cat","embeddable":true,"href":"https:\/\/wegeblw.pl\/index.php\/wp-json\/wp\/v2\/product_cat?post=6761"},{"taxonomy":"product_tag","embeddable":true,"href":"https:\/\/wegeblw.pl\/index.php\/wp-json\/wp\/v2\/product_tag?post=6761"}],"curies":[{"name":"wp","href":"https:\/\/api.w.org\/{rel}","templated":true}]}}