{"id":6917,"date":"2020-12-30T04:45:55","date_gmt":"2020-12-30T03:45:55","guid":{"rendered":"https:\/\/wegeblw.pl\/index.php\/produkt\/dante-interaktywny-globus-z-aplikacja-zwierzeta-led-21cm\/"},"modified":"2026-04-08T19:26:22","modified_gmt":"2026-04-08T17:26:22","slug":"dante-interaktywny-globus-z-aplikacja-zwierzeta-led-21cm","status":"publish","type":"product","link":"https:\/\/wegeblw.pl\/index.php\/produkt\/dante-interaktywny-globus-z-aplikacja-zwierzeta-led-21cm\/","title":{"rendered":"Dante Interaktywny Globus Z Aplikacj\u0105 Zwierz\u0119ta Led 21Cm"},"content":{"rendered":"<p>Ibument bez zalecenia lekarza mo\u017ce by\u0107 stosowany w leczeniu: b\u00f3lu i obrz\u0119k\u00f3w wskutek uszkodze\u0144 powysi\u0142kowych, uraz\u00f3w staw\u00f3w z naderwaniem wi\u0119zade\u0142 (skr\u0119ce\u0144 staw\u00f3w), kontuzji sportowych. Tylko po konsultacji z lekarzem mo\u017ce by\u0107 stosowany r\u00f3wnie\u017c w leczeniu: b\u00f3l\u00f3w reumatycznych, w tym b\u00f3lu staw\u00f3w spowodowanych zmianami zapalnymi i zwyrodnieniowymi; b\u00f3lu plec\u00f3w, lumbago, b\u00f3l\u00f3w mi\u0119\u015bniowych, b\u00f3l\u00f3w w tkance w\u0142\u00f3knistej, \u015bci\u0119gnach i wi\u0119zad\u0142ach. Je\u015bli po up\u0142ywie 7 dni nie nast\u0105pi\u0142a poprawa lub pacjent czuje si\u0119 gorzej, nale\u017cy zwr\u00f3ci\u0107 si\u0119 do lekarza.<\/p>\n<p>Przeciwb\u00f3lowe<\/p>\n<p>produkty ro\u015blinne bogate w bia\u0142ko, maka ryzowa, migda\u0142y zdrowie, dania dla niemowl\u0105t, pierogi z truskawkami, cedron, kurkuma z miodem jak stosowa\u0107, nerkowce orzechy, farsz do krokietow, mszyce na papryce, keto dieta efekty, d\u017cem bez dodatku cukru, tymianek jak wyglada, eko mi\u0119so, witamina d3 i k2, mugi, polecane bia\u0142ko, sklep wega\u0144ski krak\u00f3w<\/p>\n<p>yyyyy<\/p>\n","protected":false},"excerpt":{"rendered":"<p>Ibument bez zalecenia lekarza mo\u017ce by\u0107 stosowany w leczeniu: b\u00f3lu i obrz\u0119k\u00f3w wskutek uszkodze\u0144 powysi\u0142kowych, uraz\u00f3w staw\u00f3w z naderwaniem wi\u0119zade\u0142&hellip;<\/p>\n","protected":false},"featured_media":6918,"comment_status":"closed","ping_status":"open","template":"","meta":[],"product_cat":[489],"product_tag":[874,620,629,750],"class_list":["post-6917","product","type-product","status-publish","has-post-thumbnail","hentry","product_cat-pomoce-naukowe","product_tag-czym-mozna-zastapic-jogurt-naturalny","product_tag-kielbasa-wiejska","product_tag-maka-z-ciecierzycy","product_tag-pasta-tahini-do-czego"],"_links":{"self":[{"href":"https:\/\/wegeblw.pl\/index.php\/wp-json\/wp\/v2\/product\/6917","targetHints":{"allow":["GET"]}}],"collection":[{"href":"https:\/\/wegeblw.pl\/index.php\/wp-json\/wp\/v2\/product"}],"about":[{"href":"https:\/\/wegeblw.pl\/index.php\/wp-json\/wp\/v2\/types\/product"}],"replies":[{"embeddable":true,"href":"https:\/\/wegeblw.pl\/index.php\/wp-json\/wp\/v2\/comments?post=6917"}],"wp:featuredmedia":[{"embeddable":true,"href":"https:\/\/wegeblw.pl\/index.php\/wp-json\/wp\/v2\/media\/6918"}],"wp:attachment":[{"href":"https:\/\/wegeblw.pl\/index.php\/wp-json\/wp\/v2\/media?parent=6917"}],"wp:term":[{"taxonomy":"product_cat","embeddable":true,"href":"https:\/\/wegeblw.pl\/index.php\/wp-json\/wp\/v2\/product_cat?post=6917"},{"taxonomy":"product_tag","embeddable":true,"href":"https:\/\/wegeblw.pl\/index.php\/wp-json\/wp\/v2\/product_tag?post=6917"}],"curies":[{"name":"wp","href":"https:\/\/api.w.org\/{rel}","templated":true}]}}