{"id":6989,"date":"2012-10-31T18:02:51","date_gmt":"2012-10-31T17:02:51","guid":{"rendered":"https:\/\/wegeblw.pl\/index.php\/produkt\/diamant-cukier-trzcinowy-nierafinowany-1000-g\/"},"modified":"2026-04-07T01:22:07","modified_gmt":"2026-04-06T23:22:07","slug":"diamant-cukier-trzcinowy-nierafinowany-1000-g","status":"publish","type":"product","link":"https:\/\/wegeblw.pl\/index.php\/produkt\/diamant-cukier-trzcinowy-nierafinowany-1000-g\/","title":{"rendered":"Diamant Cukier trzcinowy nierafinowany 1000 g"},"content":{"rendered":"<p>Zegarek Lorus RM395FX9 czarny na pasku<\/p>\n<p>Zegarki<\/p>\n<p>kwa\u015bna odmiana jab\u0142ek, soda oczyszczona a zdrowie, stanlab chlorek magnezu, menty, bio planet sa, mleko kokosowe konsystencja, beyond meat warszawa, domowy s\u0119kacz, asparagus racemosus, szpinakowe tagliatelle, w legutko, falefel, buraczki cena za kg, kie\u0142kownica bio natura, suszone owoce i warzywa, oliwka po angielsku, pasta kokosowa, zupa miso w\u0142a\u015bciwo\u015bci, zio\u0142o kozieradka, co to jest czosnek nied\u017awiedzi, jako\u015b\u0107 \u017cywno\u015bci<\/p>\n<p><a href=\"https:\/\/kamieniarski.net\/grobowce\/\">grobowiec rodzinny<\/a><\/p>\n","protected":false},"excerpt":{"rendered":"<p>Zegarek Lorus RM395FX9 czarny na pasku Zegarki kwa\u015bna odmiana jab\u0142ek, soda oczyszczona a zdrowie, stanlab chlorek magnezu, menty, bio planet&hellip;<\/p>\n","protected":false},"featured_media":6990,"comment_status":"closed","ping_status":"open","template":"","meta":[],"product_cat":[248],"product_tag":[833,629,768],"class_list":["post-6989","product","type-product","status-publish","has-post-thumbnail","hentry","product_cat-cukier-i-slodziki","product_tag-maka-orkiszowa","product_tag-maka-z-ciecierzycy","product_tag-pasztet-z-soczewicy-z-suszonymi-pomidorami"],"_links":{"self":[{"href":"https:\/\/wegeblw.pl\/index.php\/wp-json\/wp\/v2\/product\/6989","targetHints":{"allow":["GET"]}}],"collection":[{"href":"https:\/\/wegeblw.pl\/index.php\/wp-json\/wp\/v2\/product"}],"about":[{"href":"https:\/\/wegeblw.pl\/index.php\/wp-json\/wp\/v2\/types\/product"}],"replies":[{"embeddable":true,"href":"https:\/\/wegeblw.pl\/index.php\/wp-json\/wp\/v2\/comments?post=6989"}],"wp:featuredmedia":[{"embeddable":true,"href":"https:\/\/wegeblw.pl\/index.php\/wp-json\/wp\/v2\/media\/6990"}],"wp:attachment":[{"href":"https:\/\/wegeblw.pl\/index.php\/wp-json\/wp\/v2\/media?parent=6989"}],"wp:term":[{"taxonomy":"product_cat","embeddable":true,"href":"https:\/\/wegeblw.pl\/index.php\/wp-json\/wp\/v2\/product_cat?post=6989"},{"taxonomy":"product_tag","embeddable":true,"href":"https:\/\/wegeblw.pl\/index.php\/wp-json\/wp\/v2\/product_tag?post=6989"}],"curies":[{"name":"wp","href":"https:\/\/api.w.org\/{rel}","templated":true}]}}