{"id":7185,"date":"2016-06-23T17:17:03","date_gmt":"2016-06-23T15:17:03","guid":{"rendered":"https:\/\/wegeblw.pl\/index.php\/produkt\/korolev-farm-skoncentrowany-zel-balsam-na-stawy-12-ziol-leczniczych-200ml\/"},"modified":"2026-04-08T07:55:48","modified_gmt":"2026-04-08T05:55:48","slug":"korolev-farm-skoncentrowany-zel-balsam-na-stawy-12-ziol-leczniczych-200ml","status":"publish","type":"product","link":"https:\/\/wegeblw.pl\/index.php\/produkt\/korolev-farm-skoncentrowany-zel-balsam-na-stawy-12-ziol-leczniczych-200ml\/","title":{"rendered":"Korolev Farm Skoncentrowany \u017cel balsam na stawy 12 zi\u00f3\u0142 leczniczych 200ml"},"content":{"rendered":"<p>OstroVit Supreme Pure Glutamine 500 g Glutamina<\/p>\n<p>Aminokwasy i glutaminy<\/p>\n<p>czym zastapic mleko, b15 witamina, gotowanie ryzu brazowego, czekolada z pomara\u0144cz\u0105<\/p>\n<p><a href=\"https:\/\/wsuniterra.pl\/kierunek\/gimnastyka-korekcyjno-kompensacyjna-z-odnowa-biologiczna\/\">wsuniterra.pl<\/a><\/p>\n","protected":false},"excerpt":{"rendered":"<p>OstroVit Supreme Pure Glutamine 500 g Glutamina Aminokwasy i glutaminy czym zastapic mleko, b15 witamina, gotowanie ryzu brazowego, czekolada z&hellip;<\/p>\n","protected":false},"featured_media":7186,"comment_status":"closed","ping_status":"open","template":"","meta":[],"product_cat":[17],"product_tag":[671,629,731,839,849],"class_list":["post-7185","product","type-product","status-publish","has-post-thumbnail","hentry","product_cat-stawy-miesnie-i-kosci","product_tag-jogurt-bez-mleka","product_tag-maka-z-ciecierzycy","product_tag-margaryna-bez-oleju-palmowego","product_tag-mleko-niepasteryzowane","product_tag-mogli"],"_links":{"self":[{"href":"https:\/\/wegeblw.pl\/index.php\/wp-json\/wp\/v2\/product\/7185","targetHints":{"allow":["GET"]}}],"collection":[{"href":"https:\/\/wegeblw.pl\/index.php\/wp-json\/wp\/v2\/product"}],"about":[{"href":"https:\/\/wegeblw.pl\/index.php\/wp-json\/wp\/v2\/types\/product"}],"replies":[{"embeddable":true,"href":"https:\/\/wegeblw.pl\/index.php\/wp-json\/wp\/v2\/comments?post=7185"}],"wp:featuredmedia":[{"embeddable":true,"href":"https:\/\/wegeblw.pl\/index.php\/wp-json\/wp\/v2\/media\/7186"}],"wp:attachment":[{"href":"https:\/\/wegeblw.pl\/index.php\/wp-json\/wp\/v2\/media?parent=7185"}],"wp:term":[{"taxonomy":"product_cat","embeddable":true,"href":"https:\/\/wegeblw.pl\/index.php\/wp-json\/wp\/v2\/product_cat?post=7185"},{"taxonomy":"product_tag","embeddable":true,"href":"https:\/\/wegeblw.pl\/index.php\/wp-json\/wp\/v2\/product_tag?post=7185"}],"curies":[{"name":"wp","href":"https:\/\/api.w.org\/{rel}","templated":true}]}}