{"id":7283,"date":"2018-06-16T16:43:42","date_gmt":"2018-06-16T14:43:42","guid":{"rendered":"https:\/\/wegeblw.pl\/index.php\/produkt\/kofola-napoj-original-puszka-250ml-cola-gazowany\/"},"modified":"2026-04-10T06:21:46","modified_gmt":"2026-04-10T04:21:46","slug":"kofola-napoj-original-puszka-250ml-cola-gazowany","status":"publish","type":"product","link":"https:\/\/wegeblw.pl\/index.php\/produkt\/kofola-napoj-original-puszka-250ml-cola-gazowany\/","title":{"rendered":"KOFOLA Nap\u00f3j Original puszka 250ml Cola gazowany"},"content":{"rendered":"<p>Sanprobi Osteo to suplement diety dla os\u00f3b doros\u0142ych, uzupe\u0142nia niedobory witaminy D3 i wpiera mikrobiot\u0119 jelitow\u0105.Po\u0142\u0105czenie bakterii kwasu mlekowego i witaminy D wspiera funkcjonowanie uk\u0142adu odporno\u015bciowego, pokarmowego i zapewnia zachowani mocnych i zdrowych ko\u015bci.Bakterie probiotyczne:pomagaj\u0105 w regeneracji flory bakteryjnej przewodu pokarmowego w tracie i po antybiotykoterapii,chroni\u0105 przez nadka\u017ceniami grzybiczymi i wirusowymi,wspomagaj\u0105 leczenie biegunek infekcyjnych, poantybiotykowych oraz zaburze\u0144 trawiennych wyst\u0119puj\u0105cych w czasie podr\u00f3\u017cy i zmian klimatu.Witamina D3:pomaga w prawid\u0142owym wch\u0142anianiu i wykorzystywaniu wapnia i fosforu oraz utrzymaniu prawid\u0142owego poziomu wapnia we krwi,wpiera w utrzymywanie zdrowych ko\u015bci i z\u0119b\u00f3w,pomaga w prawid\u0142owym funkcjonowaniu uk\u0142adu odporno\u015bciowego oraz mi\u0119\u015bni,bierze udzia\u0142 w procesie podzia\u0142u kom\u00f3rek.<\/p>\n<p>Stawy mi\u0119\u015bnie i ko\u015bci<\/p>\n<p>krem z orzeszk\u00f3w ziemnych, nagietek lekarski nasiona, radziowi, ro\u015bliny ameryki po\u0142udniowej, memoryme, szklana maselniczka, ziarna kardamonu, ecolab pianka nawil\u017caj\u0105ca, mro\u017conek, babka p\u0142esznik zastosowanie, nap\u00f3j red-ox, herbals, s\u00f3\u0142 k\u0142odawska, kwas l-askorbinowy stanlab, kiszonki warszawa, od\u017cywka bio, fasola p\u0142aska, sklep ze zdrow\u0105 \u017cywno\u015bci\u0105 zielona g\u00f3ra, zakwasownia pozna\u0144, zale\u017cy, go\u017adziki herbaciane<\/p>\n<p>yyyyy<\/p>\n","protected":false},"excerpt":{"rendered":"<p>Sanprobi Osteo to suplement diety dla os\u00f3b doros\u0142ych, uzupe\u0142nia niedobory witaminy D3 i wpiera mikrobiot\u0119 jelitow\u0105.Po\u0142\u0105czenie bakterii kwasu mlekowego i&hellip;<\/p>\n","protected":false},"featured_media":7284,"comment_status":"closed","ping_status":"open","template":"","meta":[],"product_cat":[509],"product_tag":[623,755,803],"class_list":["post-7283","product","type-product","status-publish","has-post-thumbnail","hentry","product_cat-napoje","product_tag-mleko-roslinne","product_tag-olej-ryzowy-do-smazenia","product_tag-rodzaje-orzechow"],"_links":{"self":[{"href":"https:\/\/wegeblw.pl\/index.php\/wp-json\/wp\/v2\/product\/7283","targetHints":{"allow":["GET"]}}],"collection":[{"href":"https:\/\/wegeblw.pl\/index.php\/wp-json\/wp\/v2\/product"}],"about":[{"href":"https:\/\/wegeblw.pl\/index.php\/wp-json\/wp\/v2\/types\/product"}],"replies":[{"embeddable":true,"href":"https:\/\/wegeblw.pl\/index.php\/wp-json\/wp\/v2\/comments?post=7283"}],"wp:featuredmedia":[{"embeddable":true,"href":"https:\/\/wegeblw.pl\/index.php\/wp-json\/wp\/v2\/media\/7284"}],"wp:attachment":[{"href":"https:\/\/wegeblw.pl\/index.php\/wp-json\/wp\/v2\/media?parent=7283"}],"wp:term":[{"taxonomy":"product_cat","embeddable":true,"href":"https:\/\/wegeblw.pl\/index.php\/wp-json\/wp\/v2\/product_cat?post=7283"},{"taxonomy":"product_tag","embeddable":true,"href":"https:\/\/wegeblw.pl\/index.php\/wp-json\/wp\/v2\/product_tag?post=7283"}],"curies":[{"name":"wp","href":"https:\/\/api.w.org\/{rel}","templated":true}]}}