{"id":7285,"date":"2016-10-24T03:02:48","date_gmt":"2016-10-24T01:02:48","guid":{"rendered":"https:\/\/wegeblw.pl\/index.php\/produkt\/amg-musztarda-w-proszku-colmans-113g-ostra\/"},"modified":"2026-04-10T05:53:30","modified_gmt":"2026-04-10T03:53:30","slug":"amg-musztarda-w-proszku-colmans-113g-ostra","status":"publish","type":"product","link":"https:\/\/wegeblw.pl\/index.php\/produkt\/amg-musztarda-w-proszku-colmans-113g-ostra\/","title":{"rendered":"[amg] Musztarda w proszku Colman&#8217;s 113g Ostra"},"content":{"rendered":"<p>Oprawy okularowe Burberry<\/p>\n<p>Okulary oprawki i szk\u0142a<\/p>\n<p>daktyle a por\u00f3d, nale\u015bniki na mleku ry\u017cowym, chleb ryzowy, ziemniaki ekologiczne, s\u0142odki kr\u0105\u017cek, msm opinie forum<\/p>\n<p><a href=\"https:\/\/multisalon24.pl\/baza-wiedzy\/dopata-do-samochodu-elektrycznego-jak-ja-uzyskac\">multisalon24.pl\/baza-wiedzy\/dopata-do-samochodu-elektrycznego-jak-ja-uzyskac<\/a><\/p>\n","protected":false},"excerpt":{"rendered":"<p>Oprawy okularowe Burberry Okulary oprawki i szk\u0142a daktyle a por\u00f3d, nale\u015bniki na mleku ry\u017cowym, chleb ryzowy, ziemniaki ekologiczne, s\u0142odki kr\u0105\u017cek,&hellip;<\/p>\n","protected":false},"featured_media":7286,"comment_status":"closed","ping_status":"open","template":"","meta":[],"product_cat":[514],"product_tag":[737,730,819,648,878],"class_list":["post-7285","product","type-product","status-publish","has-post-thumbnail","hentry","product_cat-pozostale-przyprawy-i-sosy","product_tag-jablka-jonaprince","product_tag-jogody","product_tag-kosze-prezentowe","product_tag-maki-ekologiczne","product_tag-tahini-do-czego"],"_links":{"self":[{"href":"https:\/\/wegeblw.pl\/index.php\/wp-json\/wp\/v2\/product\/7285","targetHints":{"allow":["GET"]}}],"collection":[{"href":"https:\/\/wegeblw.pl\/index.php\/wp-json\/wp\/v2\/product"}],"about":[{"href":"https:\/\/wegeblw.pl\/index.php\/wp-json\/wp\/v2\/types\/product"}],"replies":[{"embeddable":true,"href":"https:\/\/wegeblw.pl\/index.php\/wp-json\/wp\/v2\/comments?post=7285"}],"wp:featuredmedia":[{"embeddable":true,"href":"https:\/\/wegeblw.pl\/index.php\/wp-json\/wp\/v2\/media\/7286"}],"wp:attachment":[{"href":"https:\/\/wegeblw.pl\/index.php\/wp-json\/wp\/v2\/media?parent=7285"}],"wp:term":[{"taxonomy":"product_cat","embeddable":true,"href":"https:\/\/wegeblw.pl\/index.php\/wp-json\/wp\/v2\/product_cat?post=7285"},{"taxonomy":"product_tag","embeddable":true,"href":"https:\/\/wegeblw.pl\/index.php\/wp-json\/wp\/v2\/product_tag?post=7285"}],"curies":[{"name":"wp","href":"https:\/\/api.w.org\/{rel}","templated":true}]}}