{"id":7373,"date":"2015-03-07T09:27:25","date_gmt":"2015-03-07T08:27:25","guid":{"rendered":"https:\/\/wegeblw.pl\/index.php\/produkt\/granvital-sok-z-granatu-100-980ml\/"},"modified":"2026-04-07T08:03:04","modified_gmt":"2026-04-07T06:03:04","slug":"granvital-sok-z-granatu-100-980ml","status":"publish","type":"product","link":"https:\/\/wegeblw.pl\/index.php\/produkt\/granvital-sok-z-granatu-100-980ml\/","title":{"rendered":"Granvital Sok Z Granatu 100% 980ml"},"content":{"rendered":"<p>BishEffect Biszofit Po\u0142tawski Venovasin 75ml<\/p>\n<p>Preparaty medycyny naturalnej<\/p>\n<p>luteina forte, ga\u0142ka muszkata\u0142owa, olejek z drzewa herbacianego 100, wege mas\u0142o<\/p>\n<p>yyyyy<\/p>\n","protected":false},"excerpt":{"rendered":"<p>BishEffect Biszofit Po\u0142tawski Venovasin 75ml Preparaty medycyny naturalnej luteina forte, ga\u0142ka muszkata\u0142owa, olejek z drzewa herbacianego 100, wege mas\u0142o yyyyy<\/p>\n","protected":false},"featured_media":7374,"comment_status":"closed","ping_status":"open","template":"","meta":[],"product_cat":[442],"product_tag":[808,806,817,686,832],"class_list":["post-7373","product","type-product","status-publish","has-post-thumbnail","hentry","product_cat-soki-syropy-i-nektary","product_tag-ciasto-sekacz","product_tag-mieso-ekologiczne","product_tag-niepasteryzowane-mleko","product_tag-sekacz-skad","product_tag-vitapol-majonez"],"_links":{"self":[{"href":"https:\/\/wegeblw.pl\/index.php\/wp-json\/wp\/v2\/product\/7373","targetHints":{"allow":["GET"]}}],"collection":[{"href":"https:\/\/wegeblw.pl\/index.php\/wp-json\/wp\/v2\/product"}],"about":[{"href":"https:\/\/wegeblw.pl\/index.php\/wp-json\/wp\/v2\/types\/product"}],"replies":[{"embeddable":true,"href":"https:\/\/wegeblw.pl\/index.php\/wp-json\/wp\/v2\/comments?post=7373"}],"wp:featuredmedia":[{"embeddable":true,"href":"https:\/\/wegeblw.pl\/index.php\/wp-json\/wp\/v2\/media\/7374"}],"wp:attachment":[{"href":"https:\/\/wegeblw.pl\/index.php\/wp-json\/wp\/v2\/media?parent=7373"}],"wp:term":[{"taxonomy":"product_cat","embeddable":true,"href":"https:\/\/wegeblw.pl\/index.php\/wp-json\/wp\/v2\/product_cat?post=7373"},{"taxonomy":"product_tag","embeddable":true,"href":"https:\/\/wegeblw.pl\/index.php\/wp-json\/wp\/v2\/product_tag?post=7373"}],"curies":[{"name":"wp","href":"https:\/\/api.w.org\/{rel}","templated":true}]}}