{"id":7480,"date":"2020-03-19T22:10:25","date_gmt":"2020-03-19T21:10:25","guid":{"rendered":"https:\/\/wegeblw.pl\/index.php\/produkt\/uriage-bariesun-spray-do-opalania-dla-dzieci-spf-50-water-resistant-very-high-protection-spray-200ml\/"},"modified":"2026-04-07T08:07:46","modified_gmt":"2026-04-07T06:07:46","slug":"uriage-bariesun-spray-do-opalania-dla-dzieci-spf-50-water-resistant-very-high-protection-spray-200ml","status":"publish","type":"product","link":"https:\/\/wegeblw.pl\/index.php\/produkt\/uriage-bariesun-spray-do-opalania-dla-dzieci-spf-50-water-resistant-very-high-protection-spray-200ml\/","title":{"rendered":"Uriage Bariesun spray do opalania dla dzieci SPF 50+ (Water Resistant Very High Protection Spray) 200ml"},"content":{"rendered":"<p>NOW Foods MCT Oil Pure Olej MCT (473 ml) MCT Oil Pure marki NOW\u00ae jest bezzapachowym olejem zawieraj\u0105cym tr\u00f3jglicerydy o \u015bredniej d\u0142ugo\u015bci \u0142a\u0144cucha (MCT) \u2013 t\u0142uszcze naturalnie wyst\u0119puj\u0105ce w olejach z orzecha kokosowego i oleju palmowym. S\u0105 \u0142atwiej i szybciej trawione ni\u017c inne rodzaje t\u0142uszcz\u00f3w. S\u0105 one wch\u0142aniane bezpo\u015brednio do naczy\u0144 krwiono\u015bnych w\u0105troby i w ca\u0142o\u015bci przez w\u0105trob\u0119 metabolizowane. Zaczynaj\u0105 rozk\u0142ada\u0107 si\u0119 ju\u017c w jamie ustnej w wyniku dzia\u0142ania enzym\u00f3w, a ich ca\u0142kowity rozk\u0142ad jest szybki i nie wymaga du\u017cego nak\u0142adu energetycznego. Liczne badania sugeruj\u0105, \u017ce zast\u0105pienie innych t\u0142uszczy przez MCT Oil wspomaga zdrow\u0105 diet\u0119 i wspomaga w utrzymaniu zdrowej wagi i kompozycji cia\u0142a.MCT Oil marki NOW\u00ae pochodzi z oleju z orzecha kokosowego\/palmy, kt\u00f3ry jest pozyskiwany w spos\u00f3b zr\u00f3wnowa\u017cony w celu ochrony naszej planety i zachowania naturalnych siedlisk dzikich zwierz\u0105t. Sk\u0142adniki: Olej MCT (tr\u00f3jglicerydy kwas\u00f3w t\u0142uszczowych \u015brednio\u0142a\u0144cuchowych) (z oleju kokosowego\/oleju z ziaren palmowych) (bez GMO). Olej MCT zawiera naturalnie wyst\u0119puj\u0105ce kwasy t\u0142uszczowe: kwas kaprylowy (C8: 0) i kwas kaprynowy (C10: 0). W procesie produkcji nie u\u017cyto alergen\u00f3w i sk\u0142adnik\u00f3w: dro\u017cd\u017cy, pszenicy, glutenu, soi, kukurydzy, mleka, jajek, ryb, skorupiak\u00f3w. Wyprodukowano w zak\u0142adzie stosuj\u0105cym zasady dobrej praktyki wytwarzania (GMP), w kt\u00f3rym przetwarza si\u0119 sk\u0142adniki innych preparat\u00f3w zawieraj\u0105ce te alergeny. Zawarto\u015b\u0107 sk\u0142adnik\u00f3w fizjologicznie czynnych w dziennej porcji: Zalecana do spo\u017cycia dzienna porcja: 1 \u0142y\u017cka sto\u0142owa (15 ml) %RWS Olej MCT (tr\u00f3jglicerydy o \u015brednim \u0142a\u0144cuchu) (z oleju kokosowego\/oleju z ziaren palmowych) 14 g Spos\u00f3b u\u017cycia: Dobrze wstrz\u0105sn\u0105\u0107 przed u\u017cyciem. Spo\u017cywa\u0107 1 \u0142y\u017ck\u0119 sto\u0142ow\u0105 (15 ml) dziennie. Nie nale\u017cy przekracza\u0107 porcji zalecanej do spo\u017cycia w ci\u0105gu dnia. Suplementy diety nie mog\u0105 by\u0107 stosowane jako substytut zr\u00f3\u017cnicowanej diety. Utrzymanie prawid\u0142owego stanu zdrowia wymaga zr\u00f3wnowa\u017conego od\u017cywiania si\u0119 i prowadzenia zdrowego trybu \u017cycia. Przechowywanie: Po otwarciu przechowywa\u0107 w temperaturze pokojowej, w suchym i ch\u0142odnym miejscu, w spos\u00f3b niedost\u0119pny dla ma\u0142ych dzieci. Ostrze\u017cenie: Produkt przeznaczony dla os\u00f3b doros\u0142ych. Spo\u017cywanie produktu jest niewskazane w okresie ci\u0105\u017cy i karmienia. Osoby mieszkaj\u0105ce na terenach o du\u017cej zawarto\u015bci selenu w glebie powinny skonsultowa\u0107 si\u0119 z lekarzem przed stosowaniem tego preparatu. Uwaga: Umieszczony wewn\u0105trz pakiecik s\u0142u\u017cy utrzymaniu \u015bwie\u017co\u015bci produktu i jest niejadalny. Nale\u017cy go przechowywa\u0107 w s\u0142oiczku. W produkcie mog\u0105 wyst\u0105pi\u0107 naturalne r\u00f3\u017cnice koloru. Informacje o producencie: Firma NOW produkuje naturalne, zdrowe produkty \u017cywno\u015bciowe oraz suplementy diety od roku 1968, a jako\u015b\u0107 oraz bezpiecze\u0144stwo produkt\u00f3w zawsze stanowi\u0142y dla firmy najwy\u017cszy priorytet. Misj\u0105 naszej firmy jest nadanie naszym produktom i us\u0142ugom warto\u015bci, kt\u00f3re umo\u017cliwi\u0105 ludziom zdrowsze \u017cycie. Nieustannie wype\u0142niamy t\u0119 misj\u0119 produkuj\u0105c bezpieczne, naturalne produkty pierwszorz\u0119dnej jako\u015bci, kt\u00f3re stanowi\u0105 uzupe\u0142nienia ka\u017cdego zdrowego stylu \u017cycia.<\/p>\n<p>Zdrowa \u017cywno\u015b\u0107<\/p>\n<p>\u017cywno\u015b\u0107 dla dzieci, zeolith, makaron kukurydziany kcal, ziemi okrzemkowa, ziele ostrozenia, szampon do w\u0142os\u00f3w onlybio, chleb niskobia\u0142kowy przepis<\/p>\n<p>yyyyy<\/p>\n","protected":false},"excerpt":{"rendered":"<p>NOW Foods MCT Oil Pure Olej MCT (473 ml) MCT Oil Pure marki NOW\u00ae jest bezzapachowym olejem zawieraj\u0105cym tr\u00f3jglicerydy o&hellip;<\/p>\n","protected":false},"featured_media":7481,"comment_status":"closed","ping_status":"open","template":"","meta":[],"product_cat":[123],"product_tag":[876,715,692,732,695],"class_list":["post-7480","product","type-product","status-publish","has-post-thumbnail","hentry","product_cat-kosmetyki-dla-dzieci-i-niemowlat","product_tag-herbaty-bio","product_tag-jak-oczyscic-krewetki","product_tag-jelito-drazliwe","product_tag-produkty-bez-laktozy","product_tag-zupa-krem-pomidorowa"],"_links":{"self":[{"href":"https:\/\/wegeblw.pl\/index.php\/wp-json\/wp\/v2\/product\/7480","targetHints":{"allow":["GET"]}}],"collection":[{"href":"https:\/\/wegeblw.pl\/index.php\/wp-json\/wp\/v2\/product"}],"about":[{"href":"https:\/\/wegeblw.pl\/index.php\/wp-json\/wp\/v2\/types\/product"}],"replies":[{"embeddable":true,"href":"https:\/\/wegeblw.pl\/index.php\/wp-json\/wp\/v2\/comments?post=7480"}],"wp:featuredmedia":[{"embeddable":true,"href":"https:\/\/wegeblw.pl\/index.php\/wp-json\/wp\/v2\/media\/7481"}],"wp:attachment":[{"href":"https:\/\/wegeblw.pl\/index.php\/wp-json\/wp\/v2\/media?parent=7480"}],"wp:term":[{"taxonomy":"product_cat","embeddable":true,"href":"https:\/\/wegeblw.pl\/index.php\/wp-json\/wp\/v2\/product_cat?post=7480"},{"taxonomy":"product_tag","embeddable":true,"href":"https:\/\/wegeblw.pl\/index.php\/wp-json\/wp\/v2\/product_tag?post=7480"}],"curies":[{"name":"wp","href":"https:\/\/api.w.org\/{rel}","templated":true}]}}