{"id":7532,"date":"2021-02-20T10:53:33","date_gmt":"2021-02-20T09:53:33","guid":{"rendered":"https:\/\/wegeblw.pl\/index.php\/produkt\/natura-wita-ziola-dla-zimnych-stop-i-dloni-100g\/"},"modified":"2026-04-08T23:19:29","modified_gmt":"2026-04-08T21:19:29","slug":"natura-wita-ziola-dla-zimnych-stop-i-dloni-100g","status":"publish","type":"product","link":"https:\/\/wegeblw.pl\/index.php\/produkt\/natura-wita-ziola-dla-zimnych-stop-i-dloni-100g\/","title":{"rendered":"Natura Wita Zio\u0142a Dla Zimnych St\u00f3p i D\u0142oni 100g"},"content":{"rendered":"<p>SVR Topialyse Baume Protect +  regeneruj\u0105cy balsam do sk\u00f3ry suchej i atopowej<\/p>\n<p>Kosmetyki dla dzieci i niemowl\u0105t<\/p>\n<p>ciasteczka kokosowe, kulki miodowe, zapalenie pecherza leczenie, jogurt sojowy, bu\u0142ki bezglutenowe<\/p>\n<p><a href=\"https:\/\/kamieniarski.net\/lawki\/\">https:\/\/kamieniarski.net\/lawki\/<\/a><\/p>\n","protected":false},"excerpt":{"rendered":"<p>SVR Topialyse Baume Protect + regeneruj\u0105cy balsam do sk\u00f3ry suchej i atopowej Kosmetyki dla dzieci i niemowl\u0105t ciasteczka kokosowe, kulki&hellip;<\/p>\n","protected":false},"featured_media":7533,"comment_status":"closed","ping_status":"open","template":"","meta":[],"product_cat":[41],"product_tag":[756,641,727,630],"class_list":["post-7532","product","type-product","status-publish","has-post-thumbnail","hentry","product_cat-ziola-i-herbaty-lecznicze","product_tag-sklep-ekologiczny-warszawa","product_tag-smieci-w-oceanach","product_tag-sok-plus","product_tag-vege-slodycze"],"_links":{"self":[{"href":"https:\/\/wegeblw.pl\/index.php\/wp-json\/wp\/v2\/product\/7532","targetHints":{"allow":["GET"]}}],"collection":[{"href":"https:\/\/wegeblw.pl\/index.php\/wp-json\/wp\/v2\/product"}],"about":[{"href":"https:\/\/wegeblw.pl\/index.php\/wp-json\/wp\/v2\/types\/product"}],"replies":[{"embeddable":true,"href":"https:\/\/wegeblw.pl\/index.php\/wp-json\/wp\/v2\/comments?post=7532"}],"wp:featuredmedia":[{"embeddable":true,"href":"https:\/\/wegeblw.pl\/index.php\/wp-json\/wp\/v2\/media\/7533"}],"wp:attachment":[{"href":"https:\/\/wegeblw.pl\/index.php\/wp-json\/wp\/v2\/media?parent=7532"}],"wp:term":[{"taxonomy":"product_cat","embeddable":true,"href":"https:\/\/wegeblw.pl\/index.php\/wp-json\/wp\/v2\/product_cat?post=7532"},{"taxonomy":"product_tag","embeddable":true,"href":"https:\/\/wegeblw.pl\/index.php\/wp-json\/wp\/v2\/product_tag?post=7532"}],"curies":[{"name":"wp","href":"https:\/\/api.w.org\/{rel}","templated":true}]}}