{"id":7614,"date":"2025-06-22T12:22:45","date_gmt":"2025-06-22T10:22:45","guid":{"rendered":"https:\/\/wegeblw.pl\/?post_type=product&#038;p=7614"},"modified":"2026-04-07T01:17:39","modified_gmt":"2026-04-06T23:17:39","slug":"tolpa-dermo-face-hydrativ-hialuronowy-krem-maska-nawilzajacy-40-ml","status":"publish","type":"product","link":"https:\/\/wegeblw.pl\/index.php\/produkt\/tolpa-dermo-face-hydrativ-hialuronowy-krem-maska-nawilzajacy-40-ml\/","title":{"rendered":"to\u0142pa. Dermo face hydrativ. hialuronowy krem-maska nawil\u017caj\u0105cy, 40 ml"},"content":{"rendered":"<p>Zestaw Sesderma Azelac krem 50ml + C-Vit AX serum liposomowe 30ml<\/p>\n<p>Zestaw zosta\u0142 dobrany tak, aby dzia\u0142a\u0107 na wszystkich obszarach piel\u0119gnacji przeciwstarzeniowej oraz roz\u015bwietlaj\u0105cej i depigmentacyjnej. Dwa innowacyjne produkty, o odmiennych formu\u0142ach, kt\u00f3re wzajemnie si\u0119 przenikaj\u0105 i uzupe\u0142niaj\u0105 dla odm\u0142odzenia i ujednolicenia Twojej cery.Formu\u0142a obu produkt\u00f3w zosta\u0142a oparta o zupe\u0142nie r\u00f3\u017cne sk\u0142adniki aktywne, dzia\u0142aj\u0105ce na Twoj\u0105 korzy\u015b\u0107 w walce z przebarwieniami. Serum, b\u0119d\u0105ce silnie skoncentrowanym produktem, powsta\u0142o na bazie kwasu askorbionowego- stabilnej formy witaminy C, natomiast formu\u0142a kremu zosta\u0142a opatentowana na podstawie kwasu azelainowego. Oba produkty przynosz\u0105 bardzo dobre efekty w kuracji depigmentacyjnej, jednak stosowanie serum i kremu jednocze\u015bnie, przynosz\u0105 efekty spektakularne.                            <\/p>\n<p>            Korzy\u015bci wynikaj\u0105ce ze stosowania zestawu:<\/p>\n<p>skuteczne i d\u0142ugotrwa\u0142e rozja\u015bnienie przebarwie\u0144,roz\u015bwietlenie cery,stymulacja syntezy kolagenu,dzia\u0142anie przeciwstarzeniowe,antyoksydacja,roz\u015bwietlenie i blask.                            <\/p>\n<p>            Dla kogo?<\/p>\n<p>Dla os\u00f3b borykaj\u0105cych si\u0119 z problemem przebarwie\u0144, a tak\u017ce w kuracji przeciwstarzeniowej.                            <\/p>\n<p>            Jak stosowa\u0107?<\/p>\n<p>Serum nale\u017cy stosowa\u0107 na noc. Po oczyszczeniu i stonizowaniu sk\u00f3ry- na\u0142o\u017cy\u0107 niewielk\u0105 ilo\u015b\u0107 na twarz i delikatnie wklepa\u0107. \u017bel natomiast, nale\u017cy stosowa\u0107 na dzie\u0144 i na noc. Mo\u017cliwe jest stosowanie pod makija\u017c, jednak nale\u017cy pami\u0119ta\u0107, \u017ce na dzie\u0144 wskazane jest stosowanie produktu z wysokim filtrem, aby zapobiega\u0107 nawrotom przebarwie\u0144. Na noc, \u017cel stosowa\u0107 po wch\u0142oni\u0119ciu serum.<\/p>\n<p>Dermokosmetyki<\/p>\n<p>smoothie ze szpinakiem i jab\u0142kiem, natumi mleko owsiane, kakao keto, makaron ry\u017cowy spaghetti, napoje aloesowe, zdrowe s\u0142odycze sklep<\/p>\n<p>yyyyy<\/p>\n","protected":false},"excerpt":{"rendered":"<p>Zestaw Sesderma Azelac krem 50ml + C-Vit AX serum liposomowe 30ml Zestaw zosta\u0142 dobrany tak, aby dzia\u0142a\u0107 na wszystkich obszarach&hellip;<\/p>\n","protected":false},"featured_media":7615,"comment_status":"closed","ping_status":"open","template":"","meta":[],"product_cat":[36],"product_tag":[778,883,659,725],"class_list":["post-7614","product","type-product","status-publish","has-post-thumbnail","hentry","product_cat-dermokosmetyki","product_tag-burak","product_tag-ekologiczne-warzywa","product_tag-jajka-marynowane-po-koreansku","product_tag-pasta-sezamowa-do-czego"],"_links":{"self":[{"href":"https:\/\/wegeblw.pl\/index.php\/wp-json\/wp\/v2\/product\/7614","targetHints":{"allow":["GET"]}}],"collection":[{"href":"https:\/\/wegeblw.pl\/index.php\/wp-json\/wp\/v2\/product"}],"about":[{"href":"https:\/\/wegeblw.pl\/index.php\/wp-json\/wp\/v2\/types\/product"}],"replies":[{"embeddable":true,"href":"https:\/\/wegeblw.pl\/index.php\/wp-json\/wp\/v2\/comments?post=7614"}],"wp:featuredmedia":[{"embeddable":true,"href":"https:\/\/wegeblw.pl\/index.php\/wp-json\/wp\/v2\/media\/7615"}],"wp:attachment":[{"href":"https:\/\/wegeblw.pl\/index.php\/wp-json\/wp\/v2\/media?parent=7614"}],"wp:term":[{"taxonomy":"product_cat","embeddable":true,"href":"https:\/\/wegeblw.pl\/index.php\/wp-json\/wp\/v2\/product_cat?post=7614"},{"taxonomy":"product_tag","embeddable":true,"href":"https:\/\/wegeblw.pl\/index.php\/wp-json\/wp\/v2\/product_tag?post=7614"}],"curies":[{"name":"wp","href":"https:\/\/api.w.org\/{rel}","templated":true}]}}