{"id":7704,"date":"2016-10-14T19:07:13","date_gmt":"2016-10-14T17:07:13","guid":{"rendered":"https:\/\/wegeblw.pl\/index.php\/produkt\/yves-saint-laurent-la-nuit-de-l-homme-woda-toaletowa-100ml\/"},"modified":"2026-04-09T02:02:44","modified_gmt":"2026-04-09T00:02:44","slug":"yves-saint-laurent-la-nuit-de-l-homme-woda-toaletowa-100ml","status":"publish","type":"product","link":"https:\/\/wegeblw.pl\/index.php\/produkt\/yves-saint-laurent-la-nuit-de-l-homme-woda-toaletowa-100ml\/","title":{"rendered":"Yves Saint Laurent La Nuit De L Homme Woda toaletowa 100ml"},"content":{"rendered":"<p>Ibuprofenum, 400 mgLek przeciwb\u00f3lowy, przeciwzapalny, przeciwgor\u0105czkowy.Objawowe leczenie:- \u0142agodnego i umiarkowanego b\u00f3lu, np. b\u00f3lu g\u0142owy, b\u00f3lu miesi\u0105czkowego, b\u00f3lu z\u0119ba- gor\u0105czki i b\u00f3lu zwi\u0105zanego z przezi\u0119bieniem.OTC &#8211; Lek wydawany bez recepty.<\/p>\n<p>Przeciwb\u00f3lowe<\/p>\n<p>bu\u0142ki z sezamem, jagly ekspandowane, w\u0119giel aktywny w proszku, olejek eteryczny na b\u00f3l g\u0142owy, astaksantyna apteka, bia\u0142a sza\u0142wia w\u0142a\u015bciwo\u015bci, erytrotyl<\/p>\n<p><a href=\"https:\/\/wszywka-poznan.pl\/detoks-alkoholowy-poznan.html\">https:\/\/wszywka-poznan.pl\/detoks-alkoholowy-poznan.html<\/a><\/p>\n","protected":false},"excerpt":{"rendered":"<p>Ibuprofenum, 400 mgLek przeciwb\u00f3lowy, przeciwzapalny, przeciwgor\u0105czkowy.Objawowe leczenie:- \u0142agodnego i umiarkowanego b\u00f3lu, np. b\u00f3lu g\u0142owy, b\u00f3lu miesi\u0105czkowego, b\u00f3lu z\u0119ba- gor\u0105czki i&hellip;<\/p>\n","protected":false},"featured_media":7705,"comment_status":"closed","ping_status":"open","template":"","meta":[],"product_cat":[78],"product_tag":[650,775,875,760,696],"class_list":["post-7704","product","type-product","status-publish","has-post-thumbnail","hentry","product_cat-perfumy-i-wody-meskie","product_tag-biala-kielbasa","product_tag-kwasna-smietana","product_tag-miechunka-suszona","product_tag-skyr-bez-laktozy","product_tag-vitapol-majonez-domowy"],"_links":{"self":[{"href":"https:\/\/wegeblw.pl\/index.php\/wp-json\/wp\/v2\/product\/7704","targetHints":{"allow":["GET"]}}],"collection":[{"href":"https:\/\/wegeblw.pl\/index.php\/wp-json\/wp\/v2\/product"}],"about":[{"href":"https:\/\/wegeblw.pl\/index.php\/wp-json\/wp\/v2\/types\/product"}],"replies":[{"embeddable":true,"href":"https:\/\/wegeblw.pl\/index.php\/wp-json\/wp\/v2\/comments?post=7704"}],"wp:featuredmedia":[{"embeddable":true,"href":"https:\/\/wegeblw.pl\/index.php\/wp-json\/wp\/v2\/media\/7705"}],"wp:attachment":[{"href":"https:\/\/wegeblw.pl\/index.php\/wp-json\/wp\/v2\/media?parent=7704"}],"wp:term":[{"taxonomy":"product_cat","embeddable":true,"href":"https:\/\/wegeblw.pl\/index.php\/wp-json\/wp\/v2\/product_cat?post=7704"},{"taxonomy":"product_tag","embeddable":true,"href":"https:\/\/wegeblw.pl\/index.php\/wp-json\/wp\/v2\/product_tag?post=7704"}],"curies":[{"name":"wp","href":"https:\/\/api.w.org\/{rel}","templated":true}]}}