{"id":7714,"date":"2022-09-28T04:04:51","date_gmt":"2022-09-28T02:04:51","guid":{"rendered":"https:\/\/wegeblw.pl\/index.php\/produkt\/tolpa-relift-45-lliftingujacy-krem-rozswietlajacy-dzien-spf15-40-ml\/"},"modified":"2026-04-08T07:56:41","modified_gmt":"2026-04-08T05:56:41","slug":"tolpa-relift-45-lliftingujacy-krem-rozswietlajacy-dzien-spf15-40-ml","status":"publish","type":"product","link":"https:\/\/wegeblw.pl\/index.php\/produkt\/tolpa-relift-45-lliftingujacy-krem-rozswietlajacy-dzien-spf15-40-ml\/","title":{"rendered":"to\u0142pa. relift 45+, lliftinguj\u0105cy krem roz\u015bwietlaj\u0105cy, DZIE\u0143, SPF15 40 ml"},"content":{"rendered":"<p>FoodForce Erytrytol naturalny s\u0142odzik 500gErytrytol jest cz\u0119sto stosowany jako zamiennik bia\u0142ego cukru w codziennej diecie. Perfekcyjnie nadaje si\u0119 do s\u0142odzenia napoi, wypiek\u00f3w, oraz wyrob\u00f3w cukierniczych. Pozyskiwany jest podczas fermentacji owoc\u00f3w.Stosowanie: Tak samo jak tradycyjny cukier. Nie nale\u017cy podawa\u0107 dzieciom poni\u017cej 3 roku \u017cycia.Sk\u0142ad:Warto\u015bci od\u017cywcze: w 100 gWarto\u015bci energetyczne 0 kJ \/ 0 kcalT\u0142uszcze 0 gw tym kwasy t\u0142uszczowe nasycone 0 gW\u0119glowodany 100 gw tym cukry 0 gBia\u0142ko 0 gB\u0142onnik 0 gS\u00f3l 0 gWyprodukowano w Polsce dla:FoodForce.plal. Gen. J. Hallera 140\/1980-416 Gda\u0144sk<\/p>\n<p>Cukier i s\u0142odziki<\/p>\n<p>kurkuma piperyna, pieczywo chrupkie bezglutenowe, mi\u00f3d manuka z lidla, b\u0142onnik dzia\u0142anie, wonny olejek z lawendy, pieczywo chrupkie \u017cytnie, kielki soi, quiz kosmetyki, bio spa szczecin, polskie ekologiczne \u015brodki czysto\u015bci, proszek zasadowy langsteiner opinie, b\u0142yskawiczne, ksylitol produkcja, t\u0119pa strona no\u017ca<\/p>\n<p><a href=\"https:\/\/www.polroll.pl\/rolety-zewnetrzne\">https:\/\/www.polroll.pl\/rolety-zewnetrzne<\/a><\/p>\n","protected":false},"excerpt":{"rendered":"<p>FoodForce Erytrytol naturalny s\u0142odzik 500gErytrytol jest cz\u0119sto stosowany jako zamiennik bia\u0142ego cukru w codziennej diecie. Perfekcyjnie nadaje si\u0119 do s\u0142odzenia&hellip;<\/p>\n","protected":false},"featured_media":7715,"comment_status":"closed","ping_status":"open","template":"","meta":[],"product_cat":[36],"product_tag":[780,657,744,860],"class_list":["post-7714","product","type-product","status-publish","has-post-thumbnail","hentry","product_cat-dermokosmetyki","product_tag-b12","product_tag-filet-z-indyka","product_tag-haagen-dazs","product_tag-syrop-klonowy-cena"],"_links":{"self":[{"href":"https:\/\/wegeblw.pl\/index.php\/wp-json\/wp\/v2\/product\/7714","targetHints":{"allow":["GET"]}}],"collection":[{"href":"https:\/\/wegeblw.pl\/index.php\/wp-json\/wp\/v2\/product"}],"about":[{"href":"https:\/\/wegeblw.pl\/index.php\/wp-json\/wp\/v2\/types\/product"}],"replies":[{"embeddable":true,"href":"https:\/\/wegeblw.pl\/index.php\/wp-json\/wp\/v2\/comments?post=7714"}],"wp:featuredmedia":[{"embeddable":true,"href":"https:\/\/wegeblw.pl\/index.php\/wp-json\/wp\/v2\/media\/7715"}],"wp:attachment":[{"href":"https:\/\/wegeblw.pl\/index.php\/wp-json\/wp\/v2\/media?parent=7714"}],"wp:term":[{"taxonomy":"product_cat","embeddable":true,"href":"https:\/\/wegeblw.pl\/index.php\/wp-json\/wp\/v2\/product_cat?post=7714"},{"taxonomy":"product_tag","embeddable":true,"href":"https:\/\/wegeblw.pl\/index.php\/wp-json\/wp\/v2\/product_tag?post=7714"}],"curies":[{"name":"wp","href":"https:\/\/api.w.org\/{rel}","templated":true}]}}