{"id":7793,"date":"2022-03-06T00:36:22","date_gmt":"2022-03-05T23:36:22","guid":{"rendered":"https:\/\/wegeblw.pl\/index.php\/produkt\/giardino-dei-sensi-giardino-dei-sensikrem-do-twarzy-nawilzajacy75ml\/"},"modified":"2026-04-08T14:27:01","modified_gmt":"2026-04-08T12:27:01","slug":"giardino-dei-sensi-giardino-dei-sensikrem-do-twarzy-nawilzajacy75ml","status":"publish","type":"product","link":"https:\/\/wegeblw.pl\/index.php\/produkt\/giardino-dei-sensi-giardino-dei-sensikrem-do-twarzy-nawilzajacy75ml\/","title":{"rendered":"Giardino Dei Sensi Giardino Dei Sensikrem Do Twarzy Nawil\u017caj\u0105cy75Ml"},"content":{"rendered":"<p>KO01 HMS &#8211; to obrotowy twister magnetyczny. Produkt doskonale sprawdzi si\u0119 jako przyrz\u0105d do \u0107wicze\u0144 fitness w warunkach domowych.<\/p>\n<p>Twistery<\/p>\n<p>pierogi bezglutenowe z m\u0105ki sch\u00e4r, \u015bmietanka krem\u00f3wka, extra virgin, jogurt cena, siarka do k\u0105pieli w domu gdzie kupi\u0107<\/p>\n<p>yyyyy<\/p>\n","protected":false},"excerpt":{"rendered":"<p>KO01 HMS &#8211; to obrotowy twister magnetyczny. Produkt doskonale sprawdzi si\u0119 jako przyrz\u0105d do \u0107wicze\u0144 fitness w warunkach domowych. Twistery&hellip;<\/p>\n","protected":false},"featured_media":7794,"comment_status":"closed","ping_status":"open","template":"","meta":[],"product_cat":[39],"product_tag":[656,833,879,795],"class_list":["post-7793","product","type-product","status-publish","has-post-thumbnail","hentry","product_cat-kremy-do-twarzy","product_tag-ekologiczne-mieso","product_tag-maka-orkiszowa","product_tag-makaron-konjak","product_tag-wino-bez-siarczanow"],"_links":{"self":[{"href":"https:\/\/wegeblw.pl\/index.php\/wp-json\/wp\/v2\/product\/7793","targetHints":{"allow":["GET"]}}],"collection":[{"href":"https:\/\/wegeblw.pl\/index.php\/wp-json\/wp\/v2\/product"}],"about":[{"href":"https:\/\/wegeblw.pl\/index.php\/wp-json\/wp\/v2\/types\/product"}],"replies":[{"embeddable":true,"href":"https:\/\/wegeblw.pl\/index.php\/wp-json\/wp\/v2\/comments?post=7793"}],"wp:featuredmedia":[{"embeddable":true,"href":"https:\/\/wegeblw.pl\/index.php\/wp-json\/wp\/v2\/media\/7794"}],"wp:attachment":[{"href":"https:\/\/wegeblw.pl\/index.php\/wp-json\/wp\/v2\/media?parent=7793"}],"wp:term":[{"taxonomy":"product_cat","embeddable":true,"href":"https:\/\/wegeblw.pl\/index.php\/wp-json\/wp\/v2\/product_cat?post=7793"},{"taxonomy":"product_tag","embeddable":true,"href":"https:\/\/wegeblw.pl\/index.php\/wp-json\/wp\/v2\/product_tag?post=7793"}],"curies":[{"name":"wp","href":"https:\/\/api.w.org\/{rel}","templated":true}]}}