{"id":7809,"date":"2014-10-21T23:48:25","date_gmt":"2014-10-21T21:48:25","guid":{"rendered":"https:\/\/wegeblw.pl\/index.php\/produkt\/boiron-actaea-racemosa-5ch-granulki-4-g\/"},"modified":"2026-04-08T17:48:24","modified_gmt":"2026-04-08T15:48:24","slug":"boiron-actaea-racemosa-5ch-granulki-4-g","status":"publish","type":"product","link":"https:\/\/wegeblw.pl\/index.php\/produkt\/boiron-actaea-racemosa-5ch-granulki-4-g\/","title":{"rendered":"BOIRON Actaea racemosa 5CH granulki 4 g"},"content":{"rendered":"<p>Charakteristika:P\u00fazdro &#8211; oce\u013eVodotesnos\u0165 &#8211; 3 ATMRemienok &#8211; ko\u017eaSklo &#8211; miner\u00e1lneRozmery &#8211; 26&#215;9 mmTvar p\u00fazdra &#8211; okr\u00fahlyFarba cifern\u00edku &#8211; vi\u010f foto\u0160t\u00fdl &#8211; elegantn\u00e9Stav &#8211; nov\u00fd<\/p>\n<p>Zegarki<\/p>\n<p>kleik ryzowy, ranking sklep\u00f3w ze zdrow\u0105 \u017cywno\u015bci\u0105, cukier z agawy, lukrecja herbapol, vegaup, herbatki dla niemowl\u0105t od 2 miesiaca, p\u0142atki, orzesznice, cha\u0142wa baton, mleko 1,5<\/p>\n<p>yyyyy<\/p>\n","protected":false},"excerpt":{"rendered":"<p>Charakteristika:P\u00fazdro &#8211; oce\u013eVodotesnos\u0165 &#8211; 3 ATMRemienok &#8211; ko\u017eaSklo &#8211; miner\u00e1lneRozmery &#8211; 26&#215;9 mmTvar p\u00fazdra &#8211; okr\u00fahlyFarba cifern\u00edku &#8211; vi\u010f foto\u0160t\u00fdl&hellip;<\/p>\n","protected":false},"featured_media":7810,"comment_status":"closed","ping_status":"open","template":"","meta":[],"product_cat":[101],"product_tag":[751,834,727],"class_list":["post-7809","product","type-product","status-publish","has-post-thumbnail","hentry","product_cat-homeopatia","product_tag-24-organic","product_tag-biosaurus","product_tag-sok-plus"],"_links":{"self":[{"href":"https:\/\/wegeblw.pl\/index.php\/wp-json\/wp\/v2\/product\/7809","targetHints":{"allow":["GET"]}}],"collection":[{"href":"https:\/\/wegeblw.pl\/index.php\/wp-json\/wp\/v2\/product"}],"about":[{"href":"https:\/\/wegeblw.pl\/index.php\/wp-json\/wp\/v2\/types\/product"}],"replies":[{"embeddable":true,"href":"https:\/\/wegeblw.pl\/index.php\/wp-json\/wp\/v2\/comments?post=7809"}],"wp:featuredmedia":[{"embeddable":true,"href":"https:\/\/wegeblw.pl\/index.php\/wp-json\/wp\/v2\/media\/7810"}],"wp:attachment":[{"href":"https:\/\/wegeblw.pl\/index.php\/wp-json\/wp\/v2\/media?parent=7809"}],"wp:term":[{"taxonomy":"product_cat","embeddable":true,"href":"https:\/\/wegeblw.pl\/index.php\/wp-json\/wp\/v2\/product_cat?post=7809"},{"taxonomy":"product_tag","embeddable":true,"href":"https:\/\/wegeblw.pl\/index.php\/wp-json\/wp\/v2\/product_tag?post=7809"}],"curies":[{"name":"wp","href":"https:\/\/api.w.org\/{rel}","templated":true}]}}