{"id":8074,"date":"2015-12-22T21:49:48","date_gmt":"2015-12-22T20:49:48","guid":{"rendered":"https:\/\/wegeblw.pl\/index.php\/produkt\/swiffer-zestaw-1-uchwyt-4-miotelki\/"},"modified":"2026-04-08T04:48:45","modified_gmt":"2026-04-08T02:48:45","slug":"swiffer-zestaw-1-uchwyt-4-miotelki","status":"publish","type":"product","link":"https:\/\/wegeblw.pl\/index.php\/produkt\/swiffer-zestaw-1-uchwyt-4-miotelki\/","title":{"rendered":"Swiffer Zestaw 1 Uchwyt + 4 Miote\u0142ki"},"content":{"rendered":"<p>W\u0142a\u015bciwo\u015bci HAYA LABS Lecithin 1,200mg 100caps:Wspomaga aktywno\u015b\u0107 m\u00f3zguChroni jelita i \u017co\u0142\u0105dek przed toksynami i silnymi lekamiWspiera zdrow\u0105 prac\u0119 w\u0105trobyPromuje zdrowy poziom cholesteroluPoprawia kondycj\u0119 fizyczn\u0105 podczas intensywnych trening\u00f3wLecithin 1,200mg 100 kapsu\u0142ek od Haya Labs \u2013 naturalne \u017ar\u00f3d\u0142o Lecytyny pochodz\u0105cej z Soi!HAYA LABS Lecithin 1,200mg zawiera substancje odpowiedzialne za dobry stan b\u0142on kom\u00f3rkowych. W przypadku niedoboru lecytyny b\u0142ona kom\u00f3rkowa mo\u017ce stwardnie\u0107 i blokowa\u0107 przep\u0142yw sk\u0142adnik\u00f3w od\u017cywczych oraz uwalnianie sk\u0142adnik\u00f3w odpadowych. W takim przypadku kom\u00f3rki przedwcze\u015bnie si\u0119 starzej\u0105. Sk\u0142adniki lecytyny s\u0105 cz\u0119\u015bci\u0105 jeszcze innych funkcji kom\u00f3rkowych. Substancja znajduje si\u0119 w \u017c\u00f3\u0142tkach jaj, nasionach soi i orzechach.Z biochemicznego punktu widzenia lecytyna jest substancj\u0105 lipidow\u0105 nale\u017c\u0105c\u0105 do grupy zwanej fosfolipidami, kt\u00f3ra jest niezb\u0119dnym sk\u0142adnikiem wszystkich \u017cywych kom\u00f3rek. Lecytyna zosta\u0142a po raz pierwszy wyizolowana w 1850 roku przez francuskiego naukowca Mauricea Gobleya, kt\u00f3ry nazwa\u0142 j\u0105 \u201elekithos\u201d &#8211; greckie okre\u015blenie \u017c\u00f3\u0142tka jaja. A\u017c do pierwszego przetworzenia soi \u017c\u00f3\u0142tko jaja by\u0142o najcz\u0119stszym \u017ar\u00f3d\u0142em lecytyny. Ze wzgl\u0119du na wysoki poziom lecytyny, \u017c\u00f3\u0142tko jaja jest nadal u\u017cywane do produkcji emulsji, takich jak majonez.Z fizjologicznego punktu widzenia lecytyna jest integraln\u0105 cz\u0119\u015bci\u0105 wszystkich narz\u0105d\u00f3w i gruczo\u0142\u00f3w. Na przyk\u0142ad m\u00f3zg sk\u0142ada si\u0119 w 25% z fosfolipid\u00f3w. Istotne narz\u0105dy i uk\u0142ady cia\u0142a, takie jak w\u0105troba, uk\u0142ad rozrodczy, a tak\u017ce mi\u0119\u015bnie r\u00f3wnie\u017c zawieraj\u0105 du\u017ce ilo\u015bci fosfolipid\u00f3w. Fosfolipidy s\u0105 r\u00f3wnie\u017c g\u0142\u00f3wnymi elementami konstrukcyjnymi wszystkich b\u0142on kom\u00f3rkowych. Funkcje b\u0142ony obejmuj\u0105 przenoszenie sk\u0142adnik\u00f3w od\u017cywczych i odpad\u00f3w, regulacj\u0119 ci\u015bnienia wewn\u0119trznego kom\u00f3rki oraz wymian\u0119 \u017celaza.Spos\u00f3b u\u017cycia Lecithin 1,200mg Haya Labs 100 kapsu\u0142ek:Przyjmowa\u0107 1 porcj\u0119 (1 kapsu\u0142ka) 1-2 raz dziennie z posi\u0142kiem.UWAGA!!! Nie nale\u017cy przekracza\u0107 zalecanej dziennej porcji do spo\u017cycia. Produkt nie mo\u017ce by\u0107 stosowany przez osoby uczulone na kt\u00f3rykolwiek z jego sk\u0142adnik\u00f3w. Przechowywa\u0107 w miejscu niedost\u0119pnym dla ma\u0142ych dzieci. Przechowywa\u0107 w miejscu suchym w temperaturze pokojowej w szczelnie zamkni\u0119tych opakowaniach.Sk\u0142adniki Lecithin 1,200mg Haya Labs 100 kapsu\u0142ek:Wielko\u015b\u0107 opakowania: 100 kapsu\u0142ekWielko\u015b\u0107 porcji: 1 kapsu\u0142kiIlo\u015b\u0107 porcji w opakowaniu: 100pozosta\u0142e sk\u0142adniki: woda, \u017celatynaZawarto\u015b\u0107W porcji 1 kapsu\u0142ka%RWSWarto\u015b\u0107 energetyczna20 kcal*T\u0142uszcz2 g*Lecytyna (z Soi) w tym:1 200 mg*Fosfatydylocholina230 mg*Fosfatydyloinozytol110 mg*Fosfatydyloetanoloamina80 mg*<\/p>\n<p>Uk\u0142ad nerwowy i pami\u0119\u0107<\/p>\n<p>siemie lniane w\u0142osy, guma do zucia, dieta lekkostrawna, kule do k\u0105pieli diy, syta panna lomza, li\u015b\u0107 prawo\u015blazu, bio oleje, z\u0142oto koloidalne apteka, co to krach<\/p>\n<p><a href=\"https:\/\/www.gastromania.cz\/cisnicke-zastery-mini\">gastromania.cz\/cisnicke-zastery-mini<\/a><\/p>\n","protected":false},"excerpt":{"rendered":"<p>W\u0142a\u015bciwo\u015bci HAYA LABS Lecithin 1,200mg 100caps:Wspomaga aktywno\u015b\u0107 m\u00f3zguChroni jelita i \u017co\u0142\u0105dek przed toksynami i silnymi lekamiWspiera zdrow\u0105 prac\u0119 w\u0105trobyPromuje zdrowy&hellip;<\/p>\n","protected":false},"featured_media":8075,"comment_status":"closed","ping_status":"open","template":"","meta":[],"product_cat":[535],"product_tag":[661,698,833],"class_list":["post-8074","product","type-product","status-publish","has-post-thumbnail","hentry","product_cat-pozostale-akcesoria-do-sprzatania","product_tag-jak-ugotowac-komose-ryzowa","product_tag-kurczak-ekologiczny","product_tag-maka-orkiszowa"],"_links":{"self":[{"href":"https:\/\/wegeblw.pl\/index.php\/wp-json\/wp\/v2\/product\/8074","targetHints":{"allow":["GET"]}}],"collection":[{"href":"https:\/\/wegeblw.pl\/index.php\/wp-json\/wp\/v2\/product"}],"about":[{"href":"https:\/\/wegeblw.pl\/index.php\/wp-json\/wp\/v2\/types\/product"}],"replies":[{"embeddable":true,"href":"https:\/\/wegeblw.pl\/index.php\/wp-json\/wp\/v2\/comments?post=8074"}],"wp:featuredmedia":[{"embeddable":true,"href":"https:\/\/wegeblw.pl\/index.php\/wp-json\/wp\/v2\/media\/8075"}],"wp:attachment":[{"href":"https:\/\/wegeblw.pl\/index.php\/wp-json\/wp\/v2\/media?parent=8074"}],"wp:term":[{"taxonomy":"product_cat","embeddable":true,"href":"https:\/\/wegeblw.pl\/index.php\/wp-json\/wp\/v2\/product_cat?post=8074"},{"taxonomy":"product_tag","embeddable":true,"href":"https:\/\/wegeblw.pl\/index.php\/wp-json\/wp\/v2\/product_tag?post=8074"}],"curies":[{"name":"wp","href":"https:\/\/api.w.org\/{rel}","templated":true}]}}