{"id":8170,"date":"2015-02-20T08:05:03","date_gmt":"2015-02-20T07:05:03","guid":{"rendered":"https:\/\/wegeblw.pl\/index.php\/produkt\/reishi-90-kapsulek-hepatica\/"},"modified":"2026-04-07T06:20:23","modified_gmt":"2026-04-07T04:20:23","slug":"reishi-90-kapsulek-hepatica","status":"publish","type":"product","link":"https:\/\/wegeblw.pl\/index.php\/produkt\/reishi-90-kapsulek-hepatica\/","title":{"rendered":"Reishi 90 Kapsu\u0142ek Hepatica"},"content":{"rendered":"<p>Zestaw 9 baton\u00f3w Milk Choco Hazelnut<\/p>\n<p>Zdrowa \u017cywno\u015b\u0107<\/p>\n<p>olejek na porost w\u0142os\u00f3w, swieza kurkuma, pojemnik 100 ml, erytrytol do ciasta<\/p>\n<p>yyyyy<\/p>\n","protected":false},"excerpt":{"rendered":"<p>Zestaw 9 baton\u00f3w Milk Choco Hazelnut Zdrowa \u017cywno\u015b\u0107 olejek na porost w\u0142os\u00f3w, swieza kurkuma, pojemnik 100 ml, erytrytol do ciasta&hellip;<\/p>\n","protected":false},"featured_media":8171,"comment_status":"closed","ping_status":"open","template":"","meta":[],"product_cat":[23],"product_tag":[763,835,815,686,680],"class_list":["post-8170","product","type-product","status-publish","has-post-thumbnail","hentry","product_cat-uklad-nerwowy-i-pamiec","product_tag-jak-spozywac-kurkume-leczniczo","product_tag-kurkuma-dzialanie","product_tag-margaryny-bez-oleju-palmowego","product_tag-sekacz-skad","product_tag-smietana-kwasna"],"_links":{"self":[{"href":"https:\/\/wegeblw.pl\/index.php\/wp-json\/wp\/v2\/product\/8170","targetHints":{"allow":["GET"]}}],"collection":[{"href":"https:\/\/wegeblw.pl\/index.php\/wp-json\/wp\/v2\/product"}],"about":[{"href":"https:\/\/wegeblw.pl\/index.php\/wp-json\/wp\/v2\/types\/product"}],"replies":[{"embeddable":true,"href":"https:\/\/wegeblw.pl\/index.php\/wp-json\/wp\/v2\/comments?post=8170"}],"wp:featuredmedia":[{"embeddable":true,"href":"https:\/\/wegeblw.pl\/index.php\/wp-json\/wp\/v2\/media\/8171"}],"wp:attachment":[{"href":"https:\/\/wegeblw.pl\/index.php\/wp-json\/wp\/v2\/media?parent=8170"}],"wp:term":[{"taxonomy":"product_cat","embeddable":true,"href":"https:\/\/wegeblw.pl\/index.php\/wp-json\/wp\/v2\/product_cat?post=8170"},{"taxonomy":"product_tag","embeddable":true,"href":"https:\/\/wegeblw.pl\/index.php\/wp-json\/wp\/v2\/product_tag?post=8170"}],"curies":[{"name":"wp","href":"https:\/\/api.w.org\/{rel}","templated":true}]}}