{"id":819,"date":"2013-02-25T13:57:33","date_gmt":"2013-02-25T12:57:33","guid":{"rendered":"https:\/\/wegeblw.pl\/index.php\/produkt\/delfinek-zwirek-silikonowy-15kg\/"},"modified":"2026-04-28T05:16:16","modified_gmt":"2026-04-28T03:16:16","slug":"delfinek-zwirek-silikonowy-15kg","status":"publish","type":"product","link":"https:\/\/wegeblw.pl\/index.php\/produkt\/delfinek-zwirek-silikonowy-15kg\/","title":{"rendered":"Delfinek \u017bwirek Silikonowy 15Kg"},"content":{"rendered":"<p>Oprawy Okularowe Burberry<\/p>\n<p>Okulary oprawki i szk\u0142a<\/p>\n<p>szare myd\u0142o, seler naciowy, plaskorka, algi do jedzenia, miodowa galaretka z zielona herbata my cafe, soda i ocet co powstaje, drzewo smoczej krwi, r\u00f3\u017cnica siarczan magnezu jednowodny a siedmiowodny, maca czerwona, vit c 1000 mg, witamina d3+k2mk7, nalesniki na sniadanie, koper w\u0142oski herbata, falafele z czym podawa\u0107, skyr co to jest, cynamon ro\u015blina, bio \u017cywno\u015b\u0107, m\u0105ka i woda ksi\u0105\u017cka<\/p>\n<p>yyyyy<\/p>\n","protected":false},"excerpt":{"rendered":"<p>Oprawy Okularowe Burberry Okulary oprawki i szk\u0142a szare myd\u0142o, seler naciowy, plaskorka, algi do jedzenia, miodowa galaretka z zielona herbata&hellip;<\/p>\n","protected":false},"featured_media":820,"comment_status":"closed","ping_status":"open","template":"","meta":[],"product_cat":[89],"product_tag":[762,737,698,785],"class_list":["post-819","product","type-product","status-publish","has-post-thumbnail","hentry","product_cat-zwirki-i-piaski-dla-kotow","product_tag-cynamon-cejlonski","product_tag-jablka-jonaprince","product_tag-kurczak-ekologiczny","product_tag-riyal-green"],"_links":{"self":[{"href":"https:\/\/wegeblw.pl\/index.php\/wp-json\/wp\/v2\/product\/819","targetHints":{"allow":["GET"]}}],"collection":[{"href":"https:\/\/wegeblw.pl\/index.php\/wp-json\/wp\/v2\/product"}],"about":[{"href":"https:\/\/wegeblw.pl\/index.php\/wp-json\/wp\/v2\/types\/product"}],"replies":[{"embeddable":true,"href":"https:\/\/wegeblw.pl\/index.php\/wp-json\/wp\/v2\/comments?post=819"}],"wp:featuredmedia":[{"embeddable":true,"href":"https:\/\/wegeblw.pl\/index.php\/wp-json\/wp\/v2\/media\/820"}],"wp:attachment":[{"href":"https:\/\/wegeblw.pl\/index.php\/wp-json\/wp\/v2\/media?parent=819"}],"wp:term":[{"taxonomy":"product_cat","embeddable":true,"href":"https:\/\/wegeblw.pl\/index.php\/wp-json\/wp\/v2\/product_cat?post=819"},{"taxonomy":"product_tag","embeddable":true,"href":"https:\/\/wegeblw.pl\/index.php\/wp-json\/wp\/v2\/product_tag?post=819"}],"curies":[{"name":"wp","href":"https:\/\/api.w.org\/{rel}","templated":true}]}}