{"id":8204,"date":"2023-12-10T02:45:32","date_gmt":"2023-12-10T01:45:32","guid":{"rendered":"https:\/\/wegeblw.pl\/?post_type=product&#038;p=8204"},"modified":"2026-04-08T20:56:13","modified_gmt":"2026-04-08T18:56:13","slug":"betteryou-magnesium-gel-zel-magnezowy-150-ml","status":"publish","type":"product","link":"https:\/\/wegeblw.pl\/index.php\/produkt\/betteryou-magnesium-gel-zel-magnezowy-150-ml\/","title":{"rendered":"Betteryou Magnesium Gel &#8211; \u017bel Magnezowy 150 Ml"},"content":{"rendered":"<p>COSTA COFFEE Signature Blend Medium kawa mielona 200gBracia Costa podj\u0119li a\u017c 112 pr\u00f3b, by uzyska\u0107 perfekcyjny smak Signature Blend \u2013 i uwierzcie nam, by\u0142o warto.\u00a0Wolno palona w celu uzyskania \u0142agodnego smaku i bogatego, orzechowego aromatu. Idealna do codziennej konsumpcji. W po\u0142\u0105czeniu z mlekiem przypomina ma\u015blane ciasteczka.W formie espresso oraz innych kaw czarnych charakteryzuje si\u0119 nutami karmelu i orzech\u00f3w.Sk\u0142ad: Autorska mieszanka arabiki oraz robustyStopie\u0144 palenia: \u015aredniProfil smakowy: Aksamitna, orzechowaMoc: 8\/12Opakowanie: 200 gTyp: Kawa mielona<\/p>\n<p>Kawa<\/p>\n<p>ochraniacz na materac 90&#215;200, semulina, wege mielone, ks. dolindo, polska r\u00f3\u017ca sklep, gotowanie czarnego ry\u017cu, pasztet z ciecierzycy przepis, jajka przepi\u00f3rcze w\u0142a\u015bciwo\u015bci, krem ch\u0142odz\u0105cy, keto suplementy, syrop z agawy zamiennik, sklep z \u017cywno\u015bci\u0105 ekologiczn\u0105<\/p>\n<p>yyyyy<\/p>\n","protected":false},"excerpt":{"rendered":"<p>COSTA COFFEE Signature Blend Medium kawa mielona 200gBracia Costa podj\u0119li a\u017c 112 pr\u00f3b, by uzyska\u0107 perfekcyjny smak Signature Blend \u2013&hellip;<\/p>\n","protected":false},"featured_media":8205,"comment_status":"closed","ping_status":"open","template":"","meta":[],"product_cat":[18],"product_tag":[816,819,806,732,695],"class_list":["post-8204","product","type-product","status-publish","has-post-thumbnail","hentry","product_cat-mineraly-i-witaminy","product_tag-bigos-z-soczewica","product_tag-kosze-prezentowe","product_tag-mieso-ekologiczne","product_tag-produkty-bez-laktozy","product_tag-zupa-krem-pomidorowa"],"_links":{"self":[{"href":"https:\/\/wegeblw.pl\/index.php\/wp-json\/wp\/v2\/product\/8204","targetHints":{"allow":["GET"]}}],"collection":[{"href":"https:\/\/wegeblw.pl\/index.php\/wp-json\/wp\/v2\/product"}],"about":[{"href":"https:\/\/wegeblw.pl\/index.php\/wp-json\/wp\/v2\/types\/product"}],"replies":[{"embeddable":true,"href":"https:\/\/wegeblw.pl\/index.php\/wp-json\/wp\/v2\/comments?post=8204"}],"wp:featuredmedia":[{"embeddable":true,"href":"https:\/\/wegeblw.pl\/index.php\/wp-json\/wp\/v2\/media\/8205"}],"wp:attachment":[{"href":"https:\/\/wegeblw.pl\/index.php\/wp-json\/wp\/v2\/media?parent=8204"}],"wp:term":[{"taxonomy":"product_cat","embeddable":true,"href":"https:\/\/wegeblw.pl\/index.php\/wp-json\/wp\/v2\/product_cat?post=8204"},{"taxonomy":"product_tag","embeddable":true,"href":"https:\/\/wegeblw.pl\/index.php\/wp-json\/wp\/v2\/product_tag?post=8204"}],"curies":[{"name":"wp","href":"https:\/\/api.w.org\/{rel}","templated":true}]}}