{"id":8236,"date":"2021-08-07T04:03:49","date_gmt":"2021-08-07T02:03:49","guid":{"rendered":"https:\/\/wegeblw.pl\/index.php\/produkt\/coloplast-biatain-alginate-ag-10x10cm-opatrunek-alginianowy\/"},"modified":"2026-04-07T03:01:03","modified_gmt":"2026-04-07T01:01:03","slug":"coloplast-biatain-alginate-ag-10x10cm-opatrunek-alginianowy","status":"publish","type":"product","link":"https:\/\/wegeblw.pl\/index.php\/produkt\/coloplast-biatain-alginate-ag-10x10cm-opatrunek-alginianowy\/","title":{"rendered":"Coloplast Biatain Alginate Ag &#8211; 10X10Cm Opatrunek Alginianowy"},"content":{"rendered":"<p>Zestaw 9 baton\u00f3w Milk Choco Hazelnut<\/p>\n<p>Zdrowa \u017cywno\u015b\u0107<\/p>\n<p>olejek na porost w\u0142os\u00f3w, swieza kurkuma, pojemnik 100 ml, erytrytol do ciasta<\/p>\n<p>yyyyy<\/p>\n","protected":false},"excerpt":{"rendered":"<p>Zestaw 9 baton\u00f3w Milk Choco Hazelnut Zdrowa \u017cywno\u015b\u0107 olejek na porost w\u0142os\u00f3w, swieza kurkuma, pojemnik 100 ml, erytrytol do ciasta&hellip;<\/p>\n","protected":false},"featured_media":8237,"comment_status":"closed","ping_status":"open","template":"","meta":[],"product_cat":[103],"product_tag":[863,747,661,829,859],"class_list":["post-8236","product","type-product","status-publish","has-post-thumbnail","hentry","product_cat-apteczki-i-materialy-opatrunkowe","product_tag-antidotum","product_tag-guma-guar-co-to","product_tag-jak-ugotowac-komose-ryzowa","product_tag-marchew-ekologiczna","product_tag-pasta-sezamowa"],"_links":{"self":[{"href":"https:\/\/wegeblw.pl\/index.php\/wp-json\/wp\/v2\/product\/8236","targetHints":{"allow":["GET"]}}],"collection":[{"href":"https:\/\/wegeblw.pl\/index.php\/wp-json\/wp\/v2\/product"}],"about":[{"href":"https:\/\/wegeblw.pl\/index.php\/wp-json\/wp\/v2\/types\/product"}],"replies":[{"embeddable":true,"href":"https:\/\/wegeblw.pl\/index.php\/wp-json\/wp\/v2\/comments?post=8236"}],"wp:featuredmedia":[{"embeddable":true,"href":"https:\/\/wegeblw.pl\/index.php\/wp-json\/wp\/v2\/media\/8237"}],"wp:attachment":[{"href":"https:\/\/wegeblw.pl\/index.php\/wp-json\/wp\/v2\/media?parent=8236"}],"wp:term":[{"taxonomy":"product_cat","embeddable":true,"href":"https:\/\/wegeblw.pl\/index.php\/wp-json\/wp\/v2\/product_cat?post=8236"},{"taxonomy":"product_tag","embeddable":true,"href":"https:\/\/wegeblw.pl\/index.php\/wp-json\/wp\/v2\/product_tag?post=8236"}],"curies":[{"name":"wp","href":"https:\/\/api.w.org\/{rel}","templated":true}]}}