{"id":8444,"date":"2025-07-03T06:33:06","date_gmt":"2025-07-03T04:33:06","guid":{"rendered":"https:\/\/wegeblw.pl\/?post_type=product&#038;p=8444"},"modified":"2026-04-08T03:45:45","modified_gmt":"2026-04-08T01:45:45","slug":"odzywka-bialkowa-sfd-nutrition-dzikie-bialko-3000g","status":"publish","type":"product","link":"https:\/\/wegeblw.pl\/index.php\/produkt\/odzywka-bialkowa-sfd-nutrition-dzikie-bialko-3000g\/","title":{"rendered":"Od\u017cywka bia\u0142kowa Sfd Nutrition Dzikie Bia\u0142ko 3000g"},"content":{"rendered":"<p>ETUI FUTERA\u0141 NA DZIECI\u0118CEOKULARY SC-10A<\/p>\n<p>Akcesoria do okular\u00f3w<\/p>\n<p>l theanina, sheik bananowy, chleb na proszku do pieczenia, b 50, ketchup premium, m\u0105ka razowa cena, galart, chleb orkiszowy na zakwasie<\/p>\n<p>yyyyy<\/p>\n","protected":false},"excerpt":{"rendered":"<p>ETUI FUTERA\u0141 NA DZIECI\u0118CEOKULARY SC-10A Akcesoria do okular\u00f3w l theanina, sheik bananowy, chleb na proszku do pieczenia, b 50, ketchup&hellip;<\/p>\n","protected":false},"featured_media":8445,"comment_status":"closed","ping_status":"open","template":"","meta":[],"product_cat":[107],"product_tag":[744,721,724,801],"class_list":["post-8444","product","type-product","status-publish","has-post-thumbnail","hentry","product_cat-odzywki-bialkowe","product_tag-haagen-dazs","product_tag-naturli-margaryna","product_tag-siarczyny-w-winie","product_tag-warzywa-ekologiczne"],"_links":{"self":[{"href":"https:\/\/wegeblw.pl\/index.php\/wp-json\/wp\/v2\/product\/8444","targetHints":{"allow":["GET"]}}],"collection":[{"href":"https:\/\/wegeblw.pl\/index.php\/wp-json\/wp\/v2\/product"}],"about":[{"href":"https:\/\/wegeblw.pl\/index.php\/wp-json\/wp\/v2\/types\/product"}],"replies":[{"embeddable":true,"href":"https:\/\/wegeblw.pl\/index.php\/wp-json\/wp\/v2\/comments?post=8444"}],"wp:featuredmedia":[{"embeddable":true,"href":"https:\/\/wegeblw.pl\/index.php\/wp-json\/wp\/v2\/media\/8445"}],"wp:attachment":[{"href":"https:\/\/wegeblw.pl\/index.php\/wp-json\/wp\/v2\/media?parent=8444"}],"wp:term":[{"taxonomy":"product_cat","embeddable":true,"href":"https:\/\/wegeblw.pl\/index.php\/wp-json\/wp\/v2\/product_cat?post=8444"},{"taxonomy":"product_tag","embeddable":true,"href":"https:\/\/wegeblw.pl\/index.php\/wp-json\/wp\/v2\/product_tag?post=8444"}],"curies":[{"name":"wp","href":"https:\/\/api.w.org\/{rel}","templated":true}]}}