{"id":8448,"date":"2013-05-25T02:27:56","date_gmt":"2013-05-25T00:27:56","guid":{"rendered":"https:\/\/wegeblw.pl\/index.php\/produkt\/odzywka-bialkowa-olimp-whey-protein-complex-100-500g100g\/"},"modified":"2026-04-08T11:08:05","modified_gmt":"2026-04-08T09:08:05","slug":"odzywka-bialkowa-olimp-whey-protein-complex-100-500g100g","status":"publish","type":"product","link":"https:\/\/wegeblw.pl\/index.php\/produkt\/odzywka-bialkowa-olimp-whey-protein-complex-100-500g100g\/","title":{"rendered":"Od\u017cywka bia\u0142kowa Olimp Whey Protein Complex 100% 500g+100g"},"content":{"rendered":"<p>ETUI FUTERA\u0141 NA DZIECI\u0118CEOKULARY SC-10A<\/p>\n<p>Akcesoria do okular\u00f3w<\/p>\n<p>l theanina, sheik bananowy, chleb na proszku do pieczenia, b 50, ketchup premium, m\u0105ka razowa cena, galart, chleb orkiszowy na zakwasie<\/p>\n<p>yyyyy<\/p>\n","protected":false},"excerpt":{"rendered":"<p>ETUI FUTERA\u0141 NA DZIECI\u0118CEOKULARY SC-10A Akcesoria do okular\u00f3w l theanina, sheik bananowy, chleb na proszku do pieczenia, b 50, ketchup&hellip;<\/p>\n","protected":false},"featured_media":8449,"comment_status":"closed","ping_status":"open","template":"","meta":[],"product_cat":[107],"product_tag":[625,631,738],"class_list":["post-8448","product","type-product","status-publish","has-post-thumbnail","hentry","product_cat-odzywki-bialkowe","product_tag-granat-jak-jesc","product_tag-isola-bio","product_tag-mieso-bio"],"_links":{"self":[{"href":"https:\/\/wegeblw.pl\/index.php\/wp-json\/wp\/v2\/product\/8448","targetHints":{"allow":["GET"]}}],"collection":[{"href":"https:\/\/wegeblw.pl\/index.php\/wp-json\/wp\/v2\/product"}],"about":[{"href":"https:\/\/wegeblw.pl\/index.php\/wp-json\/wp\/v2\/types\/product"}],"replies":[{"embeddable":true,"href":"https:\/\/wegeblw.pl\/index.php\/wp-json\/wp\/v2\/comments?post=8448"}],"wp:featuredmedia":[{"embeddable":true,"href":"https:\/\/wegeblw.pl\/index.php\/wp-json\/wp\/v2\/media\/8449"}],"wp:attachment":[{"href":"https:\/\/wegeblw.pl\/index.php\/wp-json\/wp\/v2\/media?parent=8448"}],"wp:term":[{"taxonomy":"product_cat","embeddable":true,"href":"https:\/\/wegeblw.pl\/index.php\/wp-json\/wp\/v2\/product_cat?post=8448"},{"taxonomy":"product_tag","embeddable":true,"href":"https:\/\/wegeblw.pl\/index.php\/wp-json\/wp\/v2\/product_tag?post=8448"}],"curies":[{"name":"wp","href":"https:\/\/api.w.org\/{rel}","templated":true}]}}