{"id":8778,"date":"2020-11-26T23:34:27","date_gmt":"2020-11-26T22:34:27","guid":{"rendered":"https:\/\/wegeblw.pl\/index.php\/produkt\/promoitalia-peeling-pq-age-evolution-1x3ml\/"},"modified":"2026-04-07T01:10:45","modified_gmt":"2026-04-06T23:10:45","slug":"promoitalia-peeling-pq-age-evolution-1x3ml","status":"publish","type":"product","link":"https:\/\/wegeblw.pl\/index.php\/produkt\/promoitalia-peeling-pq-age-evolution-1x3ml\/","title":{"rendered":"Promoitalia Peeling Pq Age Evolution 1X3Ml"},"content":{"rendered":"<p>Podk\u0142ad maskuje niedoskona\u0142o\u015bci i przebarwienia, zapewniaj\u0105c krycie i trwa\u0142o\u015b\u0107 do 12h. Specjalne cz\u0105steczki delikatnie matuj\u0105, a odm\u0142adzaj\u0105ca witamina E chroni i nawil\u017ca, gwarantuj\u0105c efekt \u015bwie\u017cej i wyg\u0142adzonej sk\u00f3ry. Sk\u00f3ra ma wyr\u00f3wnany koloryt, a makija\u017c wygl\u0105da naturalnie.Testowano dermatologicznie.<\/p>\n<p>Podk\u0142ady do twarzy<\/p>\n<p>cukierki sza\u0142wiowe, sojowy, silver flash, orzechy dla cukrzyka, zalewa do peklowania baraniny, gold vit d3 4000, w\u0142a\u015bciwo\u015bci buraka czerwonego, do czego ocet jab\u0142kowy, kolorowe proszki, enzymy trawienne now, makaron muszelki, colombia medellin, s\u0142odycze keto, baton, najwiekszy pomidor, alcalia woda opinie, pasiekasadowskich, kukurydza do pra\u017cenia, bezwonny, doety<\/p>\n<p>yyyyy<\/p>\n","protected":false},"excerpt":{"rendered":"<p>Podk\u0142ad maskuje niedoskona\u0142o\u015bci i przebarwienia, zapewniaj\u0105c krycie i trwa\u0142o\u015b\u0107 do 12h. Specjalne cz\u0105steczki delikatnie matuj\u0105, a odm\u0142adzaj\u0105ca witamina E chroni&hellip;<\/p>\n","protected":false},"featured_media":8779,"comment_status":"closed","ping_status":"open","template":"","meta":[],"product_cat":[74],"product_tag":[794,656,737,716,765,755,665],"class_list":["post-8778","product","type-product","status-publish","has-post-thumbnail","hentry","product_cat-sprzet-do-salonow-fryzjerskich-i-kosmetycznych","product_tag-awokado-hass","product_tag-ekologiczne-mieso","product_tag-jablka-jonaprince","product_tag-leckers","product_tag-makaron-bez-kalorii","product_tag-olej-ryzowy-do-smazenia","product_tag-weganskie-mieso"],"_links":{"self":[{"href":"https:\/\/wegeblw.pl\/index.php\/wp-json\/wp\/v2\/product\/8778","targetHints":{"allow":["GET"]}}],"collection":[{"href":"https:\/\/wegeblw.pl\/index.php\/wp-json\/wp\/v2\/product"}],"about":[{"href":"https:\/\/wegeblw.pl\/index.php\/wp-json\/wp\/v2\/types\/product"}],"replies":[{"embeddable":true,"href":"https:\/\/wegeblw.pl\/index.php\/wp-json\/wp\/v2\/comments?post=8778"}],"wp:featuredmedia":[{"embeddable":true,"href":"https:\/\/wegeblw.pl\/index.php\/wp-json\/wp\/v2\/media\/8779"}],"wp:attachment":[{"href":"https:\/\/wegeblw.pl\/index.php\/wp-json\/wp\/v2\/media?parent=8778"}],"wp:term":[{"taxonomy":"product_cat","embeddable":true,"href":"https:\/\/wegeblw.pl\/index.php\/wp-json\/wp\/v2\/product_cat?post=8778"},{"taxonomy":"product_tag","embeddable":true,"href":"https:\/\/wegeblw.pl\/index.php\/wp-json\/wp\/v2\/product_tag?post=8778"}],"curies":[{"name":"wp","href":"https:\/\/api.w.org\/{rel}","templated":true}]}}