{"id":8874,"date":"2012-11-26T15:25:40","date_gmt":"2012-11-26T14:25:40","guid":{"rendered":"https:\/\/wegeblw.pl\/index.php\/produkt\/be-healthy-vivisana-witac-sana-z-czarnej-porzeczki-60kaps\/"},"modified":"2026-04-08T08:02:57","modified_gmt":"2026-04-08T06:02:57","slug":"be-healthy-vivisana-witac-sana-z-czarnej-porzeczki-60kaps","status":"publish","type":"product","link":"https:\/\/wegeblw.pl\/index.php\/produkt\/be-healthy-vivisana-witac-sana-z-czarnej-porzeczki-60kaps\/","title":{"rendered":"Be Healthy Vivisana Witac Sana Z Czarnej Porzeczki 60Kaps."},"content":{"rendered":"<p>BishEffect Biszofit Po\u0142tawski Venovasin 75ml<\/p>\n<p>Preparaty medycyny naturalnej<\/p>\n<p>luteina forte, ga\u0142ka muszkata\u0142owa, olejek z drzewa herbacianego 100, wege mas\u0142o<\/p>\n<p>yyyyy<\/p>\n","protected":false},"excerpt":{"rendered":"<p>BishEffect Biszofit Po\u0142tawski Venovasin 75ml Preparaty medycyny naturalnej luteina forte, ga\u0142ka muszkata\u0142owa, olejek z drzewa herbacianego 100, wege mas\u0142o yyyyy<\/p>\n","protected":false},"featured_media":8875,"comment_status":"closed","ping_status":"open","template":"","meta":[],"product_cat":[18],"product_tag":[658,654,702,831,878],"class_list":["post-8874","product","type-product","status-publish","has-post-thumbnail","hentry","product_cat-mineraly-i-witaminy","product_tag-beyond-meat-polska","product_tag-plastik-w-oceanach","product_tag-przepis-na-sekacz","product_tag-rozgryzanie-pestek-granatu","product_tag-tahini-do-czego"],"_links":{"self":[{"href":"https:\/\/wegeblw.pl\/index.php\/wp-json\/wp\/v2\/product\/8874","targetHints":{"allow":["GET"]}}],"collection":[{"href":"https:\/\/wegeblw.pl\/index.php\/wp-json\/wp\/v2\/product"}],"about":[{"href":"https:\/\/wegeblw.pl\/index.php\/wp-json\/wp\/v2\/types\/product"}],"replies":[{"embeddable":true,"href":"https:\/\/wegeblw.pl\/index.php\/wp-json\/wp\/v2\/comments?post=8874"}],"wp:featuredmedia":[{"embeddable":true,"href":"https:\/\/wegeblw.pl\/index.php\/wp-json\/wp\/v2\/media\/8875"}],"wp:attachment":[{"href":"https:\/\/wegeblw.pl\/index.php\/wp-json\/wp\/v2\/media?parent=8874"}],"wp:term":[{"taxonomy":"product_cat","embeddable":true,"href":"https:\/\/wegeblw.pl\/index.php\/wp-json\/wp\/v2\/product_cat?post=8874"},{"taxonomy":"product_tag","embeddable":true,"href":"https:\/\/wegeblw.pl\/index.php\/wp-json\/wp\/v2\/product_tag?post=8874"}],"curies":[{"name":"wp","href":"https:\/\/api.w.org\/{rel}","templated":true}]}}