{"id":8912,"date":"2014-03-08T11:32:13","date_gmt":"2014-03-08T10:32:13","guid":{"rendered":"https:\/\/wegeblw.pl\/index.php\/produkt\/aliness-acai-berry-250g\/"},"modified":"2026-04-21T04:27:39","modified_gmt":"2026-04-21T02:27:39","slug":"aliness-acai-berry-250g","status":"publish","type":"product","link":"https:\/\/wegeblw.pl\/index.php\/produkt\/aliness-acai-berry-250g\/","title":{"rendered":"Aliness Acai Berry 250G"},"content":{"rendered":"<p>O Marc JacobsNasz wyb\u00f3r okular\u00f3w Marc Jacobs zaspokoi wszelkie gusta. Niezale\u017cnie od tego, czy lubisz prostok\u0105tne, okr\u0105g\u0142e lub oprawki &#8222;kocie oko&#8221;. Projekty Marca Jacoba zawsze s\u0105 osza\u0142amiaj\u0105ce i szykowne O tych okularach Oprawki kwadratowe doskonale sprawdz\u0105 si\u0119 w przypadku os\u00f3b o diamentowych, owalnych i okr\u0105g\u0142ych twarzach.Te okulary s\u0105 wyposa\u017cone w elastyczne zawiasy zausznik\u00f3w, co jest doskona\u0142ym elementem dla tych, kt\u00f3rzy cz\u0119sto zdejmuj\u0105 okulary!Oprawki havana s\u0105 niesamowicie nowoczesne, a tak\u017ce pasuj\u0105 do wi\u0119kszo\u015bci stroj\u00f3w, fryzur i kolor\u00f3w oczu.Br\u0105zowe oprawki \u015bwietnie sprawdz\u0105 si\u0119 w przypadku ciemnych w\u0142os\u00f3w. Br\u0105z jest na og\u00f3\u0142 klasycznym wyborem na co dzie\u0144.Materia\u0142em jest lekkie i wytrzyma\u0142e tworzywo sztuczne.Oprawki posiadaj\u0105 eleganckie, l\u015bni\u0105ce wyko\u0144czenie. Chcesz sprawdzi\u0107, czy te okulary s\u0105 dla Ciebie idealne? Przyjrzyj si\u0119 bli\u017cej dzi\u0119ki naszemu wirtualnemu narz\u0119dziu do przymierzania!<\/p>\n<p>Okulary oprawki i szk\u0142a<\/p>\n<p>przepisy wegetaria\u0144skie na obiad, naturalny p\u0142yn do mycia naczy\u0144, food emperor sklep, szalwia w tabletkach, krupczatka m\u0105ka, balsam krzemowy limba<\/p>\n<p>yyyyy<\/p>\n","protected":false},"excerpt":{"rendered":"<p>O Marc JacobsNasz wyb\u00f3r okular\u00f3w Marc Jacobs zaspokoi wszelkie gusta. Niezale\u017cnie od tego, czy lubisz prostok\u0105tne, okr\u0105g\u0142e lub oprawki &#8222;kocie&hellip;<\/p>\n","protected":false},"featured_media":8913,"comment_status":"closed","ping_status":"open","template":"","meta":[],"product_cat":[81],"product_tag":[811,824,755,809,728,842],"class_list":["post-8912","product","type-product","status-publish","has-post-thumbnail","hentry","product_cat-uklad-krazenia-i-serce","product_tag-jajka-ekologiczne","product_tag-miso-pasta","product_tag-olej-ryzowy-do-smazenia","product_tag-produkty-bez-cukru","product_tag-roslinne-mieso","product_tag-weganskie-slodycze"],"_links":{"self":[{"href":"https:\/\/wegeblw.pl\/index.php\/wp-json\/wp\/v2\/product\/8912","targetHints":{"allow":["GET"]}}],"collection":[{"href":"https:\/\/wegeblw.pl\/index.php\/wp-json\/wp\/v2\/product"}],"about":[{"href":"https:\/\/wegeblw.pl\/index.php\/wp-json\/wp\/v2\/types\/product"}],"replies":[{"embeddable":true,"href":"https:\/\/wegeblw.pl\/index.php\/wp-json\/wp\/v2\/comments?post=8912"}],"wp:featuredmedia":[{"embeddable":true,"href":"https:\/\/wegeblw.pl\/index.php\/wp-json\/wp\/v2\/media\/8913"}],"wp:attachment":[{"href":"https:\/\/wegeblw.pl\/index.php\/wp-json\/wp\/v2\/media?parent=8912"}],"wp:term":[{"taxonomy":"product_cat","embeddable":true,"href":"https:\/\/wegeblw.pl\/index.php\/wp-json\/wp\/v2\/product_cat?post=8912"},{"taxonomy":"product_tag","embeddable":true,"href":"https:\/\/wegeblw.pl\/index.php\/wp-json\/wp\/v2\/product_tag?post=8912"}],"curies":[{"name":"wp","href":"https:\/\/api.w.org\/{rel}","templated":true}]}}