{"id":8960,"date":"2023-08-14T09:09:48","date_gmt":"2023-08-14T07:09:48","guid":{"rendered":"https:\/\/wegeblw.pl\/?post_type=product&#038;p=8960"},"modified":"2026-04-07T02:52:36","modified_gmt":"2026-04-07T00:52:36","slug":"a-z-granat-495ml","status":"publish","type":"product","link":"https:\/\/wegeblw.pl\/index.php\/produkt\/a-z-granat-495ml\/","title":{"rendered":"A-Z Granat 495ml"},"content":{"rendered":"<p>[picture_919734 alt=&#8221;ekstrakt z zielonej herbaty virdi tea extract&#8221; width=&#8221;780&#8243; height=&#8221;350&#8243;]Zielona herbata w medycynie azjatyckiej uznawana jest za cudowny nap\u00f3j, uzupe\u0142niaj\u0105cy witaminy w ca\u0142ym organizmie ludzkim. Dodaje energii, usuwa zm\u0119czenie, u\u0142atwia trawienie i sprzyja akumulowaniu w organizmie witamin.Zielona herbata to doskona\u0142y \u015brodek profilaktyczny, kt\u00f3rego codzienne stosowanie wp\u0142ywa na przemian\u0119 materii, \u0142agodzi stres i aktywuje naturalne mechanizmy obronne organizmu.Ekstrakt z zielonej herbaty Viridi Tea Extract jest suplementem diety.Viridi Tea Extract na bazie wodnego roztworu to dodatek \u017cywieniowy, kt\u00f3ry wp\u0142ywa na uk\u0142ad immunologiczny nara\u017cony na dzia\u0142anie zanieczyszcze\u0144, stresu oraz toksyn. Jest to preparat bezkofeinowy i nie posiada dzia\u0142a\u0144 pobudzaj\u0105cych.Dawkowanie: 2 x dziennie przyjmowa\u0107 1 kapsu\u0142k\u0119 popijaj\u0105c 240 ml p\u0142ynuEkstrakt z zielonej herbaty sk\u0142ad 1 kapsu\u0142ki:Ekstrakt z zielonej herbaty (50% Polifenole) 300,0 mg (150,0 mg)sproszkowana zielona herbata 150mg\u017belatyna 96,0 mgMagnez 20,0 mgOpakowanie: 60kapsu\u0142ekInformacje wa\u017cne przed zastosowaniem Viridi Tea Extract.Ci\u0105\u017ca i karmienie piersi\u0105: stosowanie preparatu nale\u017cy skonsultowa\u0107 z lekarzem. Suplement diety nie powinien s\u0142u\u017cy\u0107 jako substytut zbilansowanej i urozmaiconej diety. Nie przekracza\u0107 sugerowanego dawkowania. Prowadzenie pojazd\u00f3w i obs\u0142uga maszyn: Nie zaobserwowano wp\u0142ywu na zdolno\u015b\u0107 prowadzenia pojazd\u00f3w mechanicznych, odczuwania senno\u015bci oraz sprawno\u015bci psychofizycznej.Przechowywa\u0107 w temperaturze pokojowej w miejscu niedost\u0119pnym dla ma\u0142ych dzieci. Nie przegrzewa\u0107 i nie zamra\u017ca\u0107. Chroni\u0107 przed nadmiernym nas\u0142onecznieniem. Nie nale\u017cy przechowywa\u0107 produktu obok produkt\u00f3w chemicznych. Nie nale\u017cy stosowa\u0107 po up\u0142ywie terminu wa\u017cno\u015bci podanego na etykiecie produktu. Suplement\u00f3w nie nale\u017cy wyrzuca\u0107 do kanalizacji ani domowych pojemnik\u00f3w na odpadki. Takie post\u0119powanie pomo\u017ce chroni\u0107 \u015brodowisko.<\/p>\n<p>Uk\u0142ad nerwowy i pami\u0119\u0107<\/p>\n<p>ciasto z bia\u0142ym makiem, tom kha zupa, kawa ziarnista bezkofeinowa, cynk w proszku, beaute marrakech woda r\u00f3\u017cana, nadtlenek wodoru woda utleniona, dynia pieczenie, makaron muszelki, babka dla cukrzyka, pieprzysz, zielone li\u015bcie do jedzenia, platki zytnie, p\u0142atki bez cukru, chauwa<\/p>\n<p>yyyyy<\/p>\n","protected":false},"excerpt":{"rendered":"<p>[picture_919734 alt=&#8221;ekstrakt z zielonej herbaty virdi tea extract&#8221; width=&#8221;780&#8243; height=&#8221;350&#8243;]Zielona herbata w medycynie azjatyckiej uznawana jest za cudowny nap\u00f3j, uzupe\u0142niaj\u0105cy&hellip;<\/p>\n","protected":false},"featured_media":8961,"comment_status":"closed","ping_status":"open","template":"","meta":[],"product_cat":[81],"product_tag":[840,645,698,759,775,785,807],"class_list":["post-8960","product","type-product","status-publish","has-post-thumbnail","hentry","product_cat-uklad-krazenia-i-serce","product_tag-collagen-gold","product_tag-fioletowe-bataty","product_tag-kurczak-ekologiczny","product_tag-kurkuma","product_tag-kwasna-smietana","product_tag-riyal-green","product_tag-siemie-lniane-na-co-pomaga"],"_links":{"self":[{"href":"https:\/\/wegeblw.pl\/index.php\/wp-json\/wp\/v2\/product\/8960","targetHints":{"allow":["GET"]}}],"collection":[{"href":"https:\/\/wegeblw.pl\/index.php\/wp-json\/wp\/v2\/product"}],"about":[{"href":"https:\/\/wegeblw.pl\/index.php\/wp-json\/wp\/v2\/types\/product"}],"replies":[{"embeddable":true,"href":"https:\/\/wegeblw.pl\/index.php\/wp-json\/wp\/v2\/comments?post=8960"}],"wp:featuredmedia":[{"embeddable":true,"href":"https:\/\/wegeblw.pl\/index.php\/wp-json\/wp\/v2\/media\/8961"}],"wp:attachment":[{"href":"https:\/\/wegeblw.pl\/index.php\/wp-json\/wp\/v2\/media?parent=8960"}],"wp:term":[{"taxonomy":"product_cat","embeddable":true,"href":"https:\/\/wegeblw.pl\/index.php\/wp-json\/wp\/v2\/product_cat?post=8960"},{"taxonomy":"product_tag","embeddable":true,"href":"https:\/\/wegeblw.pl\/index.php\/wp-json\/wp\/v2\/product_tag?post=8960"}],"curies":[{"name":"wp","href":"https:\/\/api.w.org\/{rel}","templated":true}]}}