{"id":9321,"date":"2016-10-18T11:52:50","date_gmt":"2016-10-18T09:52:50","guid":{"rendered":"https:\/\/wegeblw.pl\/index.php\/produkt\/nuxe-reve-de-miel-ultrakomfortowy-balsam-do-ciala-400-ml\/"},"modified":"2026-04-09T07:24:00","modified_gmt":"2026-04-09T05:24:00","slug":"nuxe-reve-de-miel-ultrakomfortowy-balsam-do-ciala-400-ml","status":"publish","type":"product","link":"https:\/\/wegeblw.pl\/index.php\/produkt\/nuxe-reve-de-miel-ultrakomfortowy-balsam-do-ciala-400-ml\/","title":{"rendered":"NUXE Reve de Miel Ultrakomfortowy balsam do cia\u0142a 400 ml"},"content":{"rendered":"<p>Zdrowa \u017cywno\u015b\u0107<\/p>\n<p>r\u00f3\u017cd\u017cki smaku, prosty sklad, kurkuma ile dziennie, erytrol dla cukrzyka, rumianek przeciwwskazania, eco torba, maka jaglana gluten, czy sa\u0142ata lodowa jest zdrowa, ser parmezan<\/p>\n<p>yyyyy<\/p>\n","protected":false},"excerpt":{"rendered":"<p>Zdrowa \u017cywno\u015b\u0107 r\u00f3\u017cd\u017cki smaku, prosty sklad, kurkuma ile dziennie, erytrol dla cukrzyka, rumianek przeciwwskazania, eco torba, maka jaglana gluten, czy&hellip;<\/p>\n","protected":false},"featured_media":9322,"comment_status":"closed","ping_status":"open","template":"","meta":[],"product_cat":[36],"product_tag":[656,685,756],"class_list":["post-9321","product","type-product","status-publish","has-post-thumbnail","hentry","product_cat-dermokosmetyki","product_tag-ekologiczne-mieso","product_tag-sekacz-skad-pochodzi","product_tag-sklep-ekologiczny-warszawa"],"_links":{"self":[{"href":"https:\/\/wegeblw.pl\/index.php\/wp-json\/wp\/v2\/product\/9321","targetHints":{"allow":["GET"]}}],"collection":[{"href":"https:\/\/wegeblw.pl\/index.php\/wp-json\/wp\/v2\/product"}],"about":[{"href":"https:\/\/wegeblw.pl\/index.php\/wp-json\/wp\/v2\/types\/product"}],"replies":[{"embeddable":true,"href":"https:\/\/wegeblw.pl\/index.php\/wp-json\/wp\/v2\/comments?post=9321"}],"wp:featuredmedia":[{"embeddable":true,"href":"https:\/\/wegeblw.pl\/index.php\/wp-json\/wp\/v2\/media\/9322"}],"wp:attachment":[{"href":"https:\/\/wegeblw.pl\/index.php\/wp-json\/wp\/v2\/media?parent=9321"}],"wp:term":[{"taxonomy":"product_cat","embeddable":true,"href":"https:\/\/wegeblw.pl\/index.php\/wp-json\/wp\/v2\/product_cat?post=9321"},{"taxonomy":"product_tag","embeddable":true,"href":"https:\/\/wegeblw.pl\/index.php\/wp-json\/wp\/v2\/product_tag?post=9321"}],"curies":[{"name":"wp","href":"https:\/\/api.w.org\/{rel}","templated":true}]}}