{"id":9397,"date":"2023-12-28T22:34:44","date_gmt":"2023-12-28T21:34:44","guid":{"rendered":"https:\/\/wegeblw.pl\/?post_type=product&#038;p=9397"},"modified":"2026-04-07T19:59:36","modified_gmt":"2026-04-07T17:59:36","slug":"lampa-latarnia-naftowa-olejowa-miedziana-olej-w-zestawie","status":"publish","type":"product","link":"https:\/\/wegeblw.pl\/index.php\/produkt\/lampa-latarnia-naftowa-olejowa-miedziana-olej-w-zestawie\/","title":{"rendered":"LAMPA LATARNIA NAFTOWA OLEJOWA MIEDZIANA OLEJ W ZESTAWIE"},"content":{"rendered":"<p>Uriage Hygi\u00e8ne Cleansing Cream oczyszczaj\u0105cy krem od\u017cywczy do cia\u0142a i twarzy 200 ml. Uriage Hygi\u00e8ne Cleansing Cream najlepsza cena. Uriage kup teraz.<\/p>\n<p>Dermokosmetyki<\/p>\n<p>skyr a jogurt, gdzie kupi\u0107 aloes, rdestowiec ostroko\u0144czysty w\u0142a\u015bciwo\u015bci, rdestowiec japo\u0144ski nalewka przepis, co to jest maca, maka pszenna, olej z czarnuszki t\u0142oczony na zimno w\u0142a\u015bciwo\u015bci, kawa z topinamburu z mniszkiem, czarna kropka, cieciorki, syrop klonowy auchan, makaron bez kalorii, olej kokosowy bio, w spi\u017carni jest 5 puszek, 4us suplementy<\/p>\n<p>yyyyy<\/p>\n","protected":false},"excerpt":{"rendered":"<p>Uriage Hygi\u00e8ne Cleansing Cream oczyszczaj\u0105cy krem od\u017cywczy do cia\u0142a i twarzy 200 ml. Uriage Hygi\u00e8ne Cleansing Cream najlepsza cena. Uriage&hellip;<\/p>\n","protected":false},"featured_media":9398,"comment_status":"closed","ping_status":"open","template":"","meta":[],"product_cat":[578],"product_tag":[843,771,717,707,795],"class_list":["post-9397","product","type-product","status-publish","has-post-thumbnail","hentry","product_cat-oswietlenie-zewnetrzne-i-ogrodowe","product_tag-jak-gotowac-komose-ryzowa","product_tag-jak-jesc-granat","product_tag-odzywka-onlybio","product_tag-wege-mieso","product_tag-wino-bez-siarczanow"],"_links":{"self":[{"href":"https:\/\/wegeblw.pl\/index.php\/wp-json\/wp\/v2\/product\/9397","targetHints":{"allow":["GET"]}}],"collection":[{"href":"https:\/\/wegeblw.pl\/index.php\/wp-json\/wp\/v2\/product"}],"about":[{"href":"https:\/\/wegeblw.pl\/index.php\/wp-json\/wp\/v2\/types\/product"}],"replies":[{"embeddable":true,"href":"https:\/\/wegeblw.pl\/index.php\/wp-json\/wp\/v2\/comments?post=9397"}],"wp:featuredmedia":[{"embeddable":true,"href":"https:\/\/wegeblw.pl\/index.php\/wp-json\/wp\/v2\/media\/9398"}],"wp:attachment":[{"href":"https:\/\/wegeblw.pl\/index.php\/wp-json\/wp\/v2\/media?parent=9397"}],"wp:term":[{"taxonomy":"product_cat","embeddable":true,"href":"https:\/\/wegeblw.pl\/index.php\/wp-json\/wp\/v2\/product_cat?post=9397"},{"taxonomy":"product_tag","embeddable":true,"href":"https:\/\/wegeblw.pl\/index.php\/wp-json\/wp\/v2\/product_tag?post=9397"}],"curies":[{"name":"wp","href":"https:\/\/api.w.org\/{rel}","templated":true}]}}