{"id":9457,"date":"2014-07-11T04:03:39","date_gmt":"2014-07-11T02:03:39","guid":{"rendered":"https:\/\/wegeblw.pl\/index.php\/produkt\/noson-udrazniajacy-spray-do-nosa-dla-dzieci-z-aloesem-i-mieta-hipertoniczny-120ml\/"},"modified":"2026-04-08T08:12:06","modified_gmt":"2026-04-08T06:12:06","slug":"noson-udrazniajacy-spray-do-nosa-dla-dzieci-z-aloesem-i-mieta-hipertoniczny-120ml","status":"publish","type":"product","link":"https:\/\/wegeblw.pl\/index.php\/produkt\/noson-udrazniajacy-spray-do-nosa-dla-dzieci-z-aloesem-i-mieta-hipertoniczny-120ml\/","title":{"rendered":"Noson Udra\u017cniaj\u0105cy Spray Do Nosa Dla Dzieci Z Aloesem I Mi\u0119t\u0105 Hipertoniczny 120Ml"},"content":{"rendered":"<p>Herbatka Na Zaparcia Babka Jajowata P\u0142esznik<\/p>\n<p>Herbata<\/p>\n<p>majonez mango, a\u0142un dezodorant opinie, oliwa z oliwek extra vergine, najlepsze proszki do prania, yerba mate w ci\u0105\u017cy, ser bez laktozy, bu\u0142ka pszenno \u017cytnia, przyprawa podlaska, karob w proszku<\/p>\n<p>yyyyy<\/p>\n","protected":false},"excerpt":{"rendered":"<p>Herbatka Na Zaparcia Babka Jajowata P\u0142esznik Herbata majonez mango, a\u0142un dezodorant opinie, oliwa z oliwek extra vergine, najlepsze proszki do&hellip;<\/p>\n","protected":false},"featured_media":9458,"comment_status":"closed","ping_status":"open","template":"","meta":[],"product_cat":[333],"product_tag":[877,876,869,775,804],"class_list":["post-9457","product","type-product","status-publish","has-post-thumbnail","hentry","product_cat-dzieci-i-niemowleta","product_tag-bita-smietana-bez-laktozy","product_tag-herbaty-bio","product_tag-kurkuma-w-proszku-jak-stosowac","product_tag-kwasna-smietana","product_tag-quinoa-jak-gotowac"],"_links":{"self":[{"href":"https:\/\/wegeblw.pl\/index.php\/wp-json\/wp\/v2\/product\/9457","targetHints":{"allow":["GET"]}}],"collection":[{"href":"https:\/\/wegeblw.pl\/index.php\/wp-json\/wp\/v2\/product"}],"about":[{"href":"https:\/\/wegeblw.pl\/index.php\/wp-json\/wp\/v2\/types\/product"}],"replies":[{"embeddable":true,"href":"https:\/\/wegeblw.pl\/index.php\/wp-json\/wp\/v2\/comments?post=9457"}],"wp:featuredmedia":[{"embeddable":true,"href":"https:\/\/wegeblw.pl\/index.php\/wp-json\/wp\/v2\/media\/9458"}],"wp:attachment":[{"href":"https:\/\/wegeblw.pl\/index.php\/wp-json\/wp\/v2\/media?parent=9457"}],"wp:term":[{"taxonomy":"product_cat","embeddable":true,"href":"https:\/\/wegeblw.pl\/index.php\/wp-json\/wp\/v2\/product_cat?post=9457"},{"taxonomy":"product_tag","embeddable":true,"href":"https:\/\/wegeblw.pl\/index.php\/wp-json\/wp\/v2\/product_tag?post=9457"}],"curies":[{"name":"wp","href":"https:\/\/api.w.org\/{rel}","templated":true}]}}