{"id":9478,"date":"2024-04-29T21:38:15","date_gmt":"2024-04-29T19:38:15","guid":{"rendered":"https:\/\/wegeblw.pl\/?post_type=product&#038;p=9478"},"modified":"2026-04-07T01:10:25","modified_gmt":"2026-04-06T23:10:25","slug":"bebilon-profutura-duo-biotik-2-mleko-nastepne-po-6-miesiacu-800-g","status":"publish","type":"product","link":"https:\/\/wegeblw.pl\/index.php\/produkt\/bebilon-profutura-duo-biotik-2-mleko-nastepne-po-6-miesiacu-800-g\/","title":{"rendered":"Bebilon Profutura Duo Biotik 2 mleko nast\u0119pne po 6 miesi\u0105cu 800 g"},"content":{"rendered":"<p>LIPOSLIMMERLIPOSLIMMER to produkt przeznaczony dla os\u00f3b doros\u0142ych, dbaj\u0105cych o utrzymanie prawid\u0142owej wagi.Dzia\u0142anie:LIPOSLIMMER to preparat, kt\u00f3rego sk\u0142adniki wspomagaj\u0105 spalanie t\u0142uszcz\u00f3w i utrzymanie w\u0142a\u015bciwej wagi:Nasiona koli b\u0142yszcz\u0105cej wspomagaj\u0105 metabolizm t\u0142uszcz\u00f3w, wspieraj\u0105c ich szybsze i intensywne spalaniePieprz kaje\u0144ski dzi\u0119ki zawarto\u015bci kapsaicyny wspomaga redukcj\u0119 masy cia\u0142a, przyczyniaj\u0105c si\u0119 do zwi\u0119kszenia tempa przemiany materii oraz hamowania apetytuOstrokrzew paragwajski (Yerba Mate) wykazuje w\u0142a\u015bciwo\u015bci przeciwutleniaj\u0105ce, przyczynia si\u0119 do rozk\u0142adu lipid\u00f3w oraz utrzymania prawid\u0142owej masy cia\u0142aTamaryndowiec malabarski (Garcinia cambogia) wspiera metabolizm t\u0142uszcz\u00f3w oraz powstrzymuje proces przekszta\u0142cania cukr\u00f3w w t\u0142uszcze, a dodatkowo pomaga ograniczy\u0107 apetytWyci\u0105g z li\u015bci zielonej herbaty wspiera oczyszczanie organizmu z toksyn oraz chroni przed szkodliwym dzia\u0142aniem wolnych rodnik\u00f3w.                            <\/p>\n<p>Sk\u0142ad:                            <\/p>\n<p>Sk\u0142adniki: substancja wype\u0142niaj\u0105ca: celuloza mikrokrystaliczna, ekstrakt z nasion koli b\u0142yszcz\u0105cej, ekstrakt z li\u015bci zielonej herbaty, ekstrakt z owoc\u00f3w pieprzu kaje\u0144skiego, ekstrakt z li\u015bci ostrokrzewu paragwajskiego, ekstrakt ze sk\u00f3rek owoc\u00f3w tamaryndowca malabarskiego, substancja wype\u0142niaj\u0105ca: poliwinylopirolidon, sk\u0142adniki otoczki (substancja glazuruj\u0105ca: hydroksypropylometyloceluloza, barwnik: dwutlenek tytanu, stabilizator: glikol polietylenowy, substancja wype\u0142niaj\u0105ca: celuloza, substancja przeciwzbrylaj\u0105ca: talk, emulgator: monooleinian polioksyetylenosorbitolu), substancja stabilizuj\u0105ca: s\u00f3l sodowa karboksymetylocelulozy, substancje przeciwzbrylaj\u0105ce: sole magnezowe kwas\u00f3w t\u0142uszczowych, dwutlenek krzemu.                            <\/p>\n<p>Dawkowanie:Zalecane spo\u017cycie: 1 tabletka 2 razy dziennie, popijaj\u0105c wod\u0105, najlepiej w trakcie lub bezpo\u015brednio po posi\u0142ku. Nie zaleca si\u0119 stosowania preparatu u dzieci, kobiet w ci\u0105\u017cy i karmi\u0105cych piersi\u0105. Nie nale\u017cy przekracza\u0107 zalecanej porcji do spo\u017cycia w ci\u0105gu dnia.Producent:Noris Pharma AG, Gutenbergstrasse 1, CH-8002 Z\u00fcrich, Switzerland<\/p>\n<p>Suplementy na odchudzanie<\/p>\n<p>owoce egzotyczne spis, kie\u0142kuje, suszonych, kamie\u0144 winny co to, suplement bio slim, twojcelto kod rabatowy, kukurydza czy zdrowa, drzewo nerkowca w polsce, babka p\u0142esznik uprawa, sw\u0119dz\u0105ca wysypka na ciele, eko s\u0142odycze, taragui vitality, bor\u00f3wki dzem, nawadnianie os\u00f3b starszych, baton wielkanocny, ziemia.okrzemkowa, magiczne smaki rzesz\u00f3w, 100 gram ryzu, monini glaze, mir lek, produkty ubogie w b\u0142onnik<\/p>\n<p>yyyyy<\/p>\n","protected":false},"excerpt":{"rendered":"<p>LIPOSLIMMERLIPOSLIMMER to produkt przeznaczony dla os\u00f3b doros\u0142ych, dbaj\u0105cych o utrzymanie prawid\u0142owej wagi.Dzia\u0142anie:LIPOSLIMMER to preparat, kt\u00f3rego sk\u0142adniki wspomagaj\u0105 spalanie t\u0142uszcz\u00f3w i&hellip;<\/p>\n","protected":false},"featured_media":9479,"comment_status":"closed","ping_status":"open","template":"","meta":[],"product_cat":[479],"product_tag":[752,827,878],"class_list":["post-9478","product","type-product","status-publish","has-post-thumbnail","hentry","product_cat-mleka-nastepne","product_tag-mleko-bez-laktozy","product_tag-naturli","product_tag-tahini-do-czego"],"_links":{"self":[{"href":"https:\/\/wegeblw.pl\/index.php\/wp-json\/wp\/v2\/product\/9478","targetHints":{"allow":["GET"]}}],"collection":[{"href":"https:\/\/wegeblw.pl\/index.php\/wp-json\/wp\/v2\/product"}],"about":[{"href":"https:\/\/wegeblw.pl\/index.php\/wp-json\/wp\/v2\/types\/product"}],"replies":[{"embeddable":true,"href":"https:\/\/wegeblw.pl\/index.php\/wp-json\/wp\/v2\/comments?post=9478"}],"wp:featuredmedia":[{"embeddable":true,"href":"https:\/\/wegeblw.pl\/index.php\/wp-json\/wp\/v2\/media\/9479"}],"wp:attachment":[{"href":"https:\/\/wegeblw.pl\/index.php\/wp-json\/wp\/v2\/media?parent=9478"}],"wp:term":[{"taxonomy":"product_cat","embeddable":true,"href":"https:\/\/wegeblw.pl\/index.php\/wp-json\/wp\/v2\/product_cat?post=9478"},{"taxonomy":"product_tag","embeddable":true,"href":"https:\/\/wegeblw.pl\/index.php\/wp-json\/wp\/v2\/product_tag?post=9478"}],"curies":[{"name":"wp","href":"https:\/\/api.w.org\/{rel}","templated":true}]}}