{"id":9496,"date":"2020-02-13T10:56:13","date_gmt":"2020-02-13T09:56:13","guid":{"rendered":"https:\/\/wegeblw.pl\/index.php\/produkt\/herbanordpol-klasyczna-yerba-mate-despelada-ostrokrzew-paragwajski-500g\/"},"modified":"2026-04-09T02:02:26","modified_gmt":"2026-04-09T00:02:26","slug":"herbanordpol-klasyczna-yerba-mate-despelada-ostrokrzew-paragwajski-500g","status":"publish","type":"product","link":"https:\/\/wegeblw.pl\/index.php\/produkt\/herbanordpol-klasyczna-yerba-mate-despelada-ostrokrzew-paragwajski-500g\/","title":{"rendered":"Herbanordpol Klasyczna Yerba Mate Despelada Ostrokrzew Paragwajski 500g"},"content":{"rendered":"<p>KO01 HMS &#8211; to obrotowy twister magnetyczny. Produkt doskonale sprawdzi si\u0119 jako przyrz\u0105d do \u0107wicze\u0144 fitness w warunkach domowych.<\/p>\n<p>Twistery<\/p>\n<p>pierogi bezglutenowe z m\u0105ki sch\u00e4r, \u015bmietanka krem\u00f3wka, extra virgin, jogurt cena, siarka do k\u0105pieli w domu gdzie kupi\u0107<\/p>\n<p>yyyyy<\/p>\n","protected":false},"excerpt":{"rendered":"<p>KO01 HMS &#8211; to obrotowy twister magnetyczny. Produkt doskonale sprawdzi si\u0119 jako przyrz\u0105d do \u0107wicze\u0144 fitness w warunkach domowych. Twistery&hellip;<\/p>\n","protected":false},"featured_media":9497,"comment_status":"closed","ping_status":"open","template":"","meta":[],"product_cat":[87],"product_tag":[861,657,800,728,668],"class_list":["post-9496","product","type-product","status-publish","has-post-thumbnail","hentry","product_cat-herbata","product_tag-czym-zastapic-jogurt-naturalny","product_tag-filet-z-indyka","product_tag-isolabio","product_tag-roslinne-mieso","product_tag-wolowina-ekologiczna"],"_links":{"self":[{"href":"https:\/\/wegeblw.pl\/index.php\/wp-json\/wp\/v2\/product\/9496","targetHints":{"allow":["GET"]}}],"collection":[{"href":"https:\/\/wegeblw.pl\/index.php\/wp-json\/wp\/v2\/product"}],"about":[{"href":"https:\/\/wegeblw.pl\/index.php\/wp-json\/wp\/v2\/types\/product"}],"replies":[{"embeddable":true,"href":"https:\/\/wegeblw.pl\/index.php\/wp-json\/wp\/v2\/comments?post=9496"}],"wp:featuredmedia":[{"embeddable":true,"href":"https:\/\/wegeblw.pl\/index.php\/wp-json\/wp\/v2\/media\/9497"}],"wp:attachment":[{"href":"https:\/\/wegeblw.pl\/index.php\/wp-json\/wp\/v2\/media?parent=9496"}],"wp:term":[{"taxonomy":"product_cat","embeddable":true,"href":"https:\/\/wegeblw.pl\/index.php\/wp-json\/wp\/v2\/product_cat?post=9496"},{"taxonomy":"product_tag","embeddable":true,"href":"https:\/\/wegeblw.pl\/index.php\/wp-json\/wp\/v2\/product_tag?post=9496"}],"curies":[{"name":"wp","href":"https:\/\/api.w.org\/{rel}","templated":true}]}}