{"id":9516,"date":"2015-02-26T22:03:41","date_gmt":"2015-02-26T21:03:41","guid":{"rendered":"https:\/\/wegeblw.pl\/index.php\/produkt\/herbata-relaks-dr-max-suplement-diety-20-saszetek\/"},"modified":"2026-04-07T08:15:21","modified_gmt":"2026-04-07T06:15:21","slug":"herbata-relaks-dr-max-suplement-diety-20-saszetek","status":"publish","type":"product","link":"https:\/\/wegeblw.pl\/index.php\/produkt\/herbata-relaks-dr-max-suplement-diety-20-saszetek\/","title":{"rendered":"Herbata Relaks Dr.Max, suplement diety, 20 saszetek"},"content":{"rendered":"<p>URGO surgifix Majtki siateczkowe to wygodne, rozci\u0105gliwe, bezpieczne majtki, kt\u00f3re nie utrudniaj\u0105 ruch\u00f3w. S\u0105 przy tym przewiewne &#8211; pozwalaj\u0105 sk\u00f3rze i ranie oddycha\u0107. Majtki nie podra\u017cniaj\u0105, dzieki czemu idealnie nadaja si\u0119 dla delikatnej i wra\u017cliwej sk\u00f3ry. Majtki to produkt wielokrotnego u\u017cytku &#8211; nadaj\u0105 si\u0119 do prania w pralce.<\/p>\n<p>Pozosta\u0142e artyku\u0142y medyczne i rehabilitacyjne<\/p>\n<p>krem ze sluzu slimaka, babalscy m\u0105ka, proso kasza jaglana, liofilizowana truskawka, slonina, argentum 200 srebro koloidalne, m\u0105ka \u017cytnia razowa a pe\u0142noziarnista, kimchi warszawa sklep, konopie \u0142uskane, \u017ar\u00f3d\u0142o kwasu foliowego, mk7 co to jest, tabela \u0142adunek glikemiczny, wakame wodorosty, jagody goji zatrucie, paprykowe chipsy<\/p>\n<p>yyyyy<\/p>\n","protected":false},"excerpt":{"rendered":"<p>URGO surgifix Majtki siateczkowe to wygodne, rozci\u0105gliwe, bezpieczne majtki, kt\u00f3re nie utrudniaj\u0105 ruch\u00f3w. S\u0105 przy tym przewiewne &#8211; pozwalaj\u0105 sk\u00f3rze&hellip;<\/p>\n","protected":false},"featured_media":9517,"comment_status":"closed","ping_status":"open","template":"","meta":[],"product_cat":[29],"product_tag":[627,787,848,717,803],"class_list":["post-9516","product","type-product","status-publish","has-post-thumbnail","hentry","product_cat-pozostale-suplementy","product_tag-agnieszka-cegielska-blog","product_tag-beyond-meet","product_tag-granat-z-pestki","product_tag-odzywka-onlybio","product_tag-rodzaje-orzechow"],"_links":{"self":[{"href":"https:\/\/wegeblw.pl\/index.php\/wp-json\/wp\/v2\/product\/9516","targetHints":{"allow":["GET"]}}],"collection":[{"href":"https:\/\/wegeblw.pl\/index.php\/wp-json\/wp\/v2\/product"}],"about":[{"href":"https:\/\/wegeblw.pl\/index.php\/wp-json\/wp\/v2\/types\/product"}],"replies":[{"embeddable":true,"href":"https:\/\/wegeblw.pl\/index.php\/wp-json\/wp\/v2\/comments?post=9516"}],"wp:featuredmedia":[{"embeddable":true,"href":"https:\/\/wegeblw.pl\/index.php\/wp-json\/wp\/v2\/media\/9517"}],"wp:attachment":[{"href":"https:\/\/wegeblw.pl\/index.php\/wp-json\/wp\/v2\/media?parent=9516"}],"wp:term":[{"taxonomy":"product_cat","embeddable":true,"href":"https:\/\/wegeblw.pl\/index.php\/wp-json\/wp\/v2\/product_cat?post=9516"},{"taxonomy":"product_tag","embeddable":true,"href":"https:\/\/wegeblw.pl\/index.php\/wp-json\/wp\/v2\/product_tag?post=9516"}],"curies":[{"name":"wp","href":"https:\/\/api.w.org\/{rel}","templated":true}]}}