{"id":9542,"date":"2014-12-10T20:05:34","date_gmt":"2014-12-10T19:05:34","guid":{"rendered":"https:\/\/wegeblw.pl\/index.php\/produkt\/ekspres-bosch-tka3a031\/"},"modified":"2026-04-07T01:12:07","modified_gmt":"2026-04-06T23:12:07","slug":"ekspres-bosch-tka3a031","status":"publish","type":"product","link":"https:\/\/wegeblw.pl\/index.php\/produkt\/ekspres-bosch-tka3a031\/","title":{"rendered":"Ekspres Bosch TKA3A031"},"content":{"rendered":"<p>Thorne Iso-Phos Izolat Fosfatydyloseryny 60Vkaps<\/p>\n<p>Uk\u0142ad nerwowy i pami\u0119\u0107<\/p>\n<p>schab w plastrach, nerkowiec orzech, olej z pestek dyni t\u0142oczony na zimno, tu\u0144czyk po angielsku, acai jagody, piwo bezalkoholowe a zdrowie, any\u017c w ci\u0105\u017cy, m\u0105ka z semoliny<\/p>\n<p>yyyyy<\/p>\n","protected":false},"excerpt":{"rendered":"<p>Thorne Iso-Phos Izolat Fosfatydyloseryny 60Vkaps Uk\u0142ad nerwowy i pami\u0119\u0107 schab w plastrach, nerkowiec orzech, olej z pestek dyni t\u0142oczony na&hellip;<\/p>\n","protected":false},"featured_media":9543,"comment_status":"closed","ping_status":"open","template":"","meta":[],"product_cat":[593],"product_tag":[650,840,710,815],"class_list":["post-9542","product","type-product","status-publish","has-post-thumbnail","hentry","product_cat-ekspresy-przelewowe","product_tag-biala-kielbasa","product_tag-collagen-gold","product_tag-linda-mccartney-burger","product_tag-margaryny-bez-oleju-palmowego"],"_links":{"self":[{"href":"https:\/\/wegeblw.pl\/index.php\/wp-json\/wp\/v2\/product\/9542","targetHints":{"allow":["GET"]}}],"collection":[{"href":"https:\/\/wegeblw.pl\/index.php\/wp-json\/wp\/v2\/product"}],"about":[{"href":"https:\/\/wegeblw.pl\/index.php\/wp-json\/wp\/v2\/types\/product"}],"replies":[{"embeddable":true,"href":"https:\/\/wegeblw.pl\/index.php\/wp-json\/wp\/v2\/comments?post=9542"}],"wp:featuredmedia":[{"embeddable":true,"href":"https:\/\/wegeblw.pl\/index.php\/wp-json\/wp\/v2\/media\/9543"}],"wp:attachment":[{"href":"https:\/\/wegeblw.pl\/index.php\/wp-json\/wp\/v2\/media?parent=9542"}],"wp:term":[{"taxonomy":"product_cat","embeddable":true,"href":"https:\/\/wegeblw.pl\/index.php\/wp-json\/wp\/v2\/product_cat?post=9542"},{"taxonomy":"product_tag","embeddable":true,"href":"https:\/\/wegeblw.pl\/index.php\/wp-json\/wp\/v2\/product_tag?post=9542"}],"curies":[{"name":"wp","href":"https:\/\/api.w.org\/{rel}","templated":true}]}}